487
CXUS55 KLBF 301200
CF6IML
PRELIMINARY LOCAL CLIMATOLOGICAL DATA (WS FORM: F-6)

                                          STATION:   IMPERIAL
                                          MONTH:     AUGUST
                                          YEAR:      2016
                                          LATITUDE:   40 31 N
                                          LONGITUDE: 101 37 W

  TEMPERATURE IN F:       :PCPN:    SNOW:  WIND      :SUNSHINE: SKY     :PK WND
================================================================================
1   2   3   4   5  6A  6B    7    8   9   10  11  12  13   14  15   16   17  18
                                     12Z  AVG MX 2MIN
DY MAX MIN AVG DEP HDD CDD  WTR  SNW DPTH SPD SPD DIR MIN PSBL S-S WX    SPD DR
================================================================================

 1  95  63  79   3   0  14 0.00    M    M  4.6 13  50   M    M   0        16  50
 2  91  69  80   4   0  15 0.00    M    M  9.0 16  80   M    M   2 12     20  80
 3  96  68  82   6   0  17 0.00    M    M  8.3 16 220   M    M   2 12     23 290
 4  84  64  74  -2   0   9 0.00    M    M 13.7 30  20   M    M   1        44  30
 5  76  63  70  -6   0   5    T    M    M  5.8 16  60   M    M   9        20  60
 6  71  63  67  -9   0   2 0.02    M    M  9.7 17 150   M    M  10 18     21 130
 7  69  63  66 -10   0   1 0.01    M    M 11.3 18 130   M    M  10 12     22 130
 8  85  64  75  -1   0  10 0.00    M    M 12.0 20  60   M    M   5 1      26 190
 9  98  68  83   8   0  18 0.00    M    M 10.4 21 160   M    M   3 1      27 140
10  97  69  83   8   0  18    T    M    M 10.7 31 270   M    M   0        41 270
11  93  62  78   3   0  13 0.01    M    M  9.4 31 340   M    M   1 3      41 330
12  85  60  73  -2   0   8 0.00    M    M  9.6 18 330   M    M   0 8      22 330
13  90  56  73  -2   0   8 0.00    M    M  7.3 24 120   M    M   0        29 120
14  88  55  72  -2   0   7 0.00    M    M  8.7 21 160   M    M   0        26 160
15  95  53  74   0   0   9 0.22    M    M  9.3 25 360   M    M   0 3      31 360
16  91  57  74   0   0   9 0.00    M    M  7.6 16 330   M    M   0        19 320
17  94  60  77   3   0  12 0.00    M    M  6.9 17 140   M    M   0 38     22 130
18  95  58  77   3   0  12 0.07    M    M 11.0 23  20   M    M   1 13     37  10
19  77  53  65  -9   0   0 0.01    M    M 13.6 32 360   M    M   8        41 360
20  76  49  63 -10   2   0 0.00    M    M  8.5 17 340   M    M   0        24 330
21  90  45  68  -5   0   3 0.00    M    M 10.6 23 190   M    M   0        31 170
22  91  63  77   4   0  12 0.00    M    M 16.1 29 190   M    M   0 3      38 180
23  93  59  76   4   0  11 0.00    M    M 11.0 23 160   M    M   0 3      30 160
24  79  56  68  -4   0   3 0.00    M    M  7.6 16  70   M    M   1        21  70
25  79  51  65  -7   0   0 0.00    M    M  6.9 16 130   M    M   0        20 130
26  72  50  61 -11   4   0 0.59    M    M  6.7 20 100   M    M   5 123    26  90
27  83  49  66  -6   0   1 0.00    M    M  7.1 17 160   M    M   3 12     23 150
28  87  58  73   2   0   8 0.00    M    M  9.1 22 150   M    M   0 18     27 140
29  80  61  71   0   0   6    T    M    M  7.8 14 180   M    M   2        19 130
================================================================================
SM 2500 1709         6 231  0.93    M    270.3          M       63
================================================================================
AV 86.2 58.9                               9.3 FASTST   M    M   2    MAX(MPH)
                                 MISC ---->  # 32 360                 44    M
================================================================================
NOTES:
# LAST OF SEVERAL OCCURRENCES

COLUMN 17 PEAK WIND IN M.P.H.

PRELIMINARY LOCAL CLIMATOLOGICAL DATA (WS FORM: F-6) , PAGE 2

                                          STATION:  IMPERIAL
                                          MONTH:    AUGUST
                                          YEAR:     2016
                                          LATITUDE:   40 31 N
                                          LONGITUDE: 101 37 W

[TEMPERATURE DATA]      [PRECIPITATION DATA]       SYMBOLS USED IN COLUMN 16

AVERAGE MONTHLY: 72.6   TOTAL FOR MONTH:   0.93    1 = FOG OR MIST
DPTR FM NORMAL:  -1.5   DPTR FM NORMAL:   -1.49    2 = FOG REDUCING VISIBILITY
HIGHEST:    98 ON  9    GRTST 24HR  0.59 ON 25-26      TO 1/4 MILE OR LESS
LOWEST:     45 ON 21                               3 = THUNDER
                        SNOW, ICE PELLETS, HAIL    4 = ICE PELLETS
                        TOTAL MONTH:    M          5 = HAIL
                        GRTST 24HR    M  ON   M    6 = FREEZING RAIN OR DRIZZLE
                        GRTST DEPTH:  M  ON   M    7 = DUSTSTORM OR SANDSTORM:
                                                       VSBY 1/2 MILE OR LESS
                                                   8 = SMOKE OR HAZE
[NO. OF DAYS WITH]      [WEATHER - DAYS WITH]      9 = BLOWING SNOW
                                                   X = TORNADO
MAX 32 OR BELOW:   0    0.01 INCH OR MORE:   7
MAX 90 OR ABOVE:  14    0.10 INCH OR MORE:   2
MIN 32 OR BELOW:   0    0.50 INCH OR MORE:   1
MIN  0 OR BELOW:   0    1.00 INCH OR MORE:   0

[HDD (BASE 65) ]
TOTAL THIS MO.     6    CLEAR  (SCALE 0-3)  23
DPTR FM NORMAL     3    PTCLDY (SCALE 4-7)   3
TOTAL FM JUL 1     7    CLOUDY (SCALE 8-10)  3
DPTR FM NORMAL     2

[CDD (BASE 65) ]
TOTAL THIS MO.   231
DPTR FM NORMAL   -38    [PRESSURE DATA]
TOTAL FM JAN 1   906    HIGHEST SLP M ON M
DPTR FM NORMAL    53    LOWEST  SLP 29.71 ON M

[REMARKS]
