000
CXUS54 KFWD 280730
CF6INJ
PRELIMINARY LOCAL CLIMATOLOGICAL DATA (WS FORM: F-6)

                                          STATION:   HILLSBORO
                                          MONTH:     JUNE
                                          YEAR:      2017
                                          LATITUDE:   32  0 N
                                          LONGITUDE:  97  6 W

  TEMPERATURE IN F:       :PCPN:    SNOW:  WIND      :SUNSHINE: SKY     :PK WND
================================================================================
1   2   3   4   5  6A  6B    7    8   9   10  11  12  13   14  15   16   17  18
                                     12Z  AVG MX 2MIN
DY MAX MIN AVG DEP HDD CDD  WTR  SNW DPTH SPD SPD DIR MIN PSBL S-S WX    SPD DR
================================================================================

 1  88  69  79   2   0  14 0.00  0.0    0  5.9 13  60   M    M   4         M  M
 2  90  68  79   2   0  14 0.00  0.0    0  9.4 17 350   M    M   6 13     23 350
 3  79  66  73  -5   0   8 0.16  0.0    0  5.5 24 280   M    M   5 3      32 280
 4  84  68  76  -2   0  11 0.22  0.0    0  2.3  8 180   M    M   4 13      M  M
 5  72  70  71  -7   0   6 0.06  0.0    0  2.6  5 340   M    M   5 1       M  M
 6  90  66  78   0   0  13 0.00  0.0    0  7.5 17 360   M    M   3 1      25  20
 7  88  64  76  -2   0  11 0.00  0.0    M  6.0  9 360   M    M   2         M  M
 8  86  70  78   0   0  13 0.00  0.0    0  5.7  9  90   M    M   4         M  M
 9  81  77  79   0   0  14 0.00  0.0    M 11.1 12 110   M    M   2         M  M
10  88  75  82   3   0  17 0.00  0.0    M 12.0 15 150   M    M   2        22 150
11  90  75  83   4   0  18 0.00  0.0    M 11.4 15 140   M    M   3        23 160
12  91  79  85   6   0  20 0.00  0.0    M 12.3 16 130   M    M   4        21 140
13  92  75  84   5   0  19 0.00  0.0    0 12.5 17 160   M    M   5        24 170
14  92  76  84   4   0  19 0.00  0.0    0 13.6 18 160   M    M   6        23 170
15  94  75  85   5   0  20 0.00  0.0    0 10.6 15 170   M    M   3        22 190
16  95  75  85   5   0  20 0.00  0.0    0 11.4 16 150   M    M   2        22 150
17  94  75  85   5   0  20 0.00  0.0    0 13.4 21 150   M    M   1        27 150
18  95  77  86   6   0  21 0.00  0.0    0 12.6 18 170   M    M   4        28 170
19  86  71  79  -1   0  14 0.92  0.0    0  5.4  9 170   M    M   5 3       M  M
20  91  74  83   3   0  18 0.00  0.0    0  6.2  9  40   M    M   3 1       M  M
21  89  70  80  -1   0  15 0.00  0.0    0  7.6 13  80   M    M   1        17  80
22  87  73  80  -1   0  15 0.00  0.0    0  5.9  9 330   M    M   5         M  M
23  97  76  87   6   0  22 0.00  0.0    0  7.5 13 200   M    M   1        17 170
24  83  70  77  -4   0  12 0.49  0.0    0  8.2 21  10   M    M   6 3      32  10
25  84  71  78  -3   0  13 0.00  0.0    0  7.6 13  70   M    M   5        17  70
26  87  72  80  -1   0  15 0.00  0.0    0  5.8  9  60   M    M   6         M  M
27  91  70  81   0   0  16 0.00  0.0    0  4.9  9 130   M    M   3         M  M
================================================================================
SM 2384 1947         0 418  1.85     0.0 224.9          M      100
================================================================================
AV 88.3 72.1                               8.3 FASTST   M    M   4    MAX(MPH)
                                 MISC ---->    24   M                 32    M
================================================================================
NOTES:
# LAST OF SEVERAL OCCURRENCES

COLUMN 17 PEAK WIND IN M.P.H.

PRELIMINARY LOCAL CLIMATOLOGICAL DATA (WS FORM: F-6) , PAGE 2

                                          STATION:  HILLSBORO
                                          MONTH:    JUNE
                                          YEAR:     2017
                                          LATITUDE:   32  0 N
                                          LONGITUDE:  97  6 W

[TEMPERATURE DATA]      [PRECIPITATION DATA]       SYMBOLS USED IN COLUMN 16

AVERAGE MONTHLY: 80.2   TOTAL FOR MONTH:   1.85    1 = FOG OR MIST
DPTR FM NORMAL:   0.8   DPTR FM NORMAL:   -2.21    2 = FOG REDUCING VISIBILITY
HIGHEST:    97 ON 23    GRTST 24HR  0.92 ON 19-19      TO 1/4 MILE OR LESS
LOWEST:     64 ON  7                               3 = THUNDER
                        SNOW, ICE PELLETS, HAIL    4 = ICE PELLETS
                        TOTAL MONTH:   0.0 INCH    5 = HAIL
                        GRTST 24HR     0.0         6 = FREEZING RAIN OR DRIZZLE
                        GRTST DEPTH:   0           7 = DUSTSTORM OR SANDSTORM:
                                                       VSBY 1/2 MILE OR LESS
                                                   8 = SMOKE OR HAZE
[NO. OF DAYS WITH]      [WEATHER - DAYS WITH]      9 = BLOWING SNOW
                                                   X = TORNADO
MAX 32 OR BELOW:   0    0.01 INCH OR MORE:   5
MAX 90 OR ABOVE:  13    0.10 INCH OR MORE:   4
MIN 32 OR BELOW:   0    0.50 INCH OR MORE:   1
MIN  0 OR BELOW:   0    1.00 INCH OR MORE:   0

[HDD (BASE 65) ]
TOTAL THIS MO.     0    CLEAR  (SCALE 0-3)  11
DPTR FM NORMAL     0    PTCLDY (SCALE 4-7)  16
TOTAL FM JUL 1  1361    CLOUDY (SCALE 8-10)  0
DPTR FM NORMAL  -853

[CDD (BASE 65) ]
TOTAL THIS MO.   418
DPTR FM NORMAL    28    [PRESSURE DATA]
TOTAL FM JAN 1   948    HIGHEST SLP M ON M
DPTR FM NORMAL   162    LOWEST  SLP M ON M

[REMARKS]
