000
CXUS55 KPSR 281005
CF6IPL
PRELIMINARY LOCAL CLIMATOLOGICAL DATA (WS FORM: F-6)

                                          STATION:   IMPERIAL CA
                                          MONTH:     MARCH
                                          YEAR:      2017
                                          LATITUDE:   32 50 N
                                          LONGITUDE: 115 35 W

  TEMPERATURE IN F:       :PCPN:    SNOW:  WIND      :SUNSHINE: SKY     :PK WND
================================================================================
1   2   3   4   5  6A  6B    7    8   9   10  11  12  13   14  15   16   17  18
                                     12Z  AVG MX 2MIN
DY MAX MIN AVG DEP HDD CDD  WTR  SNW DPTH SPD SPD DIR MIN PSBL S-S WX    SPD DR
================================================================================

 1  74  43  59  -3   6   0 0.00  0.0    0  6.9 12  40   M    M   0        17 350
 2  77  42  60  -2   5   0 0.00  0.0    0  7.6 14  40   M    M   0        20  40
 3  81  46  64   2   1   0 0.00  0.0    0  5.0 12 340   M    M   0        13 320
 4  81  50  66   3   0   1 0.00  0.0    0  6.0 15 130   M    M   0        17 130
 5  70  53  62  -1   3   0 0.00  0.0    0 15.4 35 260   M    M   0        43 260
 6  68  44  56  -7   9   0 0.00  0.0    0  4.7 14 270   M    M   0        26 280
 7  75  42  59  -4   6   0 0.00  0.0    0  4.7 10  10   M    M   0        14 350
 8  83  47  65   2   0   0 0.00  0.0    0  4.6  8 330   M    M   0         M  M
 9  89  52  71   7   0   6 0.00  0.0    0  3.7  8 290   M    M   0         M  M
10  92  53  73   9   0   8 0.00  0.0    0  3.4  7  70   M    M   0         M  M
11  93  57  75  11   0  10 0.00  0.0    0  3.8  9 340   M    M   0        12 330
12  95  58  77  13   0  12 0.00  0.0    0  4.3  9 320   M    M   0        14  50
13  95  58  77  13   0  12 0.00  0.0    0  4.3  9 320   M    M   0        14  50
14  97  59  78  14   0  13 0.00  0.0    M  3.1  9 260   M    M   0        11 290
15  96  65  81  17   0  16 0.00  0.0    0  4.3  7 250   M    M   0         M  M
16  95  62  79  14   0  14 0.00  0.0    0  3.9  9 300   M    M   0        17  70
17  96  61  79  14   0  14 0.00  0.0    0  3.2 13 120   M    M   0        18 140
18  94  58  76  11   0  11 0.00  0.0    0  3.9 13 270   M    M   0        13 110
19  96  62  79  14   0  14 0.00  0.0    0  4.1 13 130   M    M   0        15 330
20  94  68  81  16   0  16 0.00  0.0    0  9.4 29 270   M    M   0 8      37 270
21  87  63  75  10   0  10 0.00  0.0    0 13.0 30 260   M    M   0        38 260
22  78  57  68   2   0   3    T  0.0    0 15.6 30 250   M    M   2        37 250
23  78  54  66   0   0   1 0.00  0.0    0 13.7 24 250   M    M   0        32 250
24  83  49  66   0   0   1 0.00  0.0    0  5.6 14 110   M    M   0        16 120
25  82  58  70   4   0   5 0.00  0.0    0 12.0 25 280   M    M   0        33 280
26  84  53  69   3   0   4 0.00  0.0    0  6.9 16 280   M    M   0        20 260
27  82  59  71   5   0   6 0.00  0.0    0 13.7 30 280   M    M   0        40 280
================================================================================
SM 2315 1473        30 177    T      0.0 186.8          M        2
================================================================================
AV 85.7 54.6                               6.9 FASTST   M    M   0    MAX(MPH)
                                 MISC ---->  # 35 260               # 43  260
================================================================================
NOTES:
# LAST OF SEVERAL OCCURRENCES

COLUMN 17 PEAK WIND IN M.P.H.

PRELIMINARY LOCAL CLIMATOLOGICAL DATA (WS FORM: F-6) , PAGE 2

                                          STATION:  IMPERIAL CA
                                          MONTH:    MARCH
                                          YEAR:     2017
                                          LATITUDE:   32 50 N
                                          LONGITUDE: 115 35 W

[TEMPERATURE DATA]      [PRECIPITATION DATA]       SYMBOLS USED IN COLUMN 16

AVERAGE MONTHLY: 70.2   TOTAL FOR MONTH:      T    1 = FOG OR MIST
DPTR FM NORMAL:   5.9   DPTR FM NORMAL:   -0.34    2 = FOG REDUCING VISIBILITY
HIGHEST:    97 ON 14    GRTST 24HR    T  ON 22-22      TO 1/4 MILE OR LESS
LOWEST:     42 ON  7, 2                            3 = THUNDER
                        SNOW, ICE PELLETS, HAIL    4 = ICE PELLETS
                        TOTAL MONTH:   0.0 INCH    5 = HAIL
                        GRTST 24HR     0.0         6 = FREEZING RAIN OR DRIZZLE
                        GRTST DEPTH:   0           7 = DUSTSTORM OR SANDSTORM:
                                                       VSBY 1/2 MILE OR LESS
                                                   8 = SMOKE OR HAZE
[NO. OF DAYS WITH]      [WEATHER - DAYS WITH]      9 = BLOWING SNOW
                                                   X = TORNADO
MAX 32 OR BELOW:   0    0.01 INCH OR MORE:   0
MAX 90 OR ABOVE:  11    0.10 INCH OR MORE:   0
MIN 32 OR BELOW:   0    0.50 INCH OR MORE:   0
MIN  0 OR BELOW:   0    1.00 INCH OR MORE:   0

[HDD (BASE 65) ]
TOTAL THIS MO.    30    CLEAR  (SCALE 0-3)  27
DPTR FM NORMAL   -45    PTCLDY (SCALE 4-7)   0
TOTAL FM JUL 1   731    CLOUDY (SCALE 8-10)  0
DPTR FM NORMAL  -276

[CDD (BASE 65) ]
TOTAL THIS MO.   177
DPTR FM NORMAL   121    [PRESSURE DATA]
TOTAL FM JAN 1   193    HIGHEST SLP M ON M
DPTR FM NORMAL   129    LOWEST  SLP 29.65 ON 27

[REMARKS]
