234
CXUS55 KEAX 310736
CF6IRK
PRELIMINARY LOCAL CLIMATOLOGICAL DATA (WS FORM: F-6)

                                          STATION:   KIRKSVILLE MO
                                          MONTH:     AUGUST
                                          YEAR:      2016
                                          LATITUDE:   40  5 N
                                          LONGITUDE:  92 33 W

  TEMPERATURE IN F:       :PCPN:    SNOW:  WIND      :SUNSHINE: SKY     :PK WND
================================================================================
1   2   3   4   5  6A  6B    7    8   9   10  11  12  13   14  15   16   17  18
                                     12Z  AVG MX 2MIN
DY MAX MIN AVG DEP HDD CDD  WTR  SNW DPTH SPD SPD DIR MIN PSBL S-S WX    SPD DR
================================================================================

 1  80  69  75  -1   0  10 0.10    M    M  6.6 14 150   M    M   5 13     21 180
 2  86  69  78   2   0  13 0.52    M    M  6.8 22 170   M    M   7 13     29 140
 3  89  68  79   3   0  14 0.00    M    M  5.2 12 100   M    M   2 1      14 110
 4  96  71  84   9   0  19 0.11    M    M  8.8 26 320   M    M   0 13     38 310
 5  83  65  74  -1   0   9 0.78    M    M  6.3 26 300   M    M   4 13     36 290
 6  82  62  72  -3   0   7 0.00    M    M  6.5 17 230   M    M   1        20 220
 7  80  61  71  -4   0   6 0.00    M    M  5.5 15  80   M    M   6        21 100
 8  82  69  76   1   0  11 0.00    M    M  5.8 13 100   M    M   8        18 140
 9  90  70  80   5   0  15 0.04    M    M  3.8 12 140   M    M   6 1      14 150
10  92  70  81   6   0  16 0.01    M    M  6.0 17 180   M    M   3 13     22 180
11  95  73  84   9   0  19 0.00    M    M  8.7 17 170   M    M   2 1      23 170
12  84  72  78   3   0  13 0.74    M    M  6.4 20 330   M    M   7 13     25 320
13  85  65  75   0   0  10 0.00    M    M  6.4 16 350   M    M   1 1      22 350
14  87  63  75   1   0  10 0.00    M    M  3.5 14 120   M    M   3 1      17 130
15  80  64  72  -2   0   7 0.00    M    M  5.1 15  30   M    M   1 12     20  20
16  87  61  74   0   0   9 0.00    M    M  4.6 13 140   M    M   3 12     15 180
17  89  64  77   3   0  12 0.03    M    M  6.4 16 190   M    M   2 13     21 180
18  90  71  81   7   0  16 0.00    M    M  7.3 17 180   M    M   0        21 190
19  86  67  77   3   0  12 0.71    M    M  7.0 18 310   M    M   4 138    25 310
20  77  60  69  -4   0   4 0.03    M    M  8.6 20 310   M    M   6 13     26 300
21  79  54  67  -6   0   2 0.00    M    M  5.9 15 300   M    M   0        22 330
22  82  54  68  -5   0   3 0.00    M    M  7.5 17 160   M    M   0        22 170
23  81  57  69  -4   0   4    T    M    M 10.1 20 170   M    M   5        24 160
24  86  70  78   6   0  13 0.71    M    M  8.0 24 190   M    M   5 13     30 170
25  78  67  73   1   0   8 0.68    M    M  5.4 14  30   M    M   8 1      18  40
26  77  67  72   0   0   7 1.26    M    M  6.3 14  80   M    M   9 138    24 110
27  87  64  76   4   0  11 0.06    M    M  4.2 13 210   M    M   2 13     19 190
28  89  67  78   7   0  13 0.00    M    M  4.2 16 110   M    M   1 123    21 120
29  89  68  79   8   0  14 0.00    M    M  4.4 15 100   M    M   4 123    19  90
30  84  69  77   6   0  12 1.36    M    M  4.8 16 100   M    M   3 138    19  90
================================================================================
SM 2552 1971         0 319  7.14    M    186.1          M      108
================================================================================
AV 85.1 65.7                               6.2 FASTST   M    M   4    MAX(MPH)
                                 MISC ---->  # 26 320               # 38  310
================================================================================
NOTES:
# LAST OF SEVERAL OCCURRENCES

COLUMN 17 PEAK WIND IN M.P.H.

PRELIMINARY LOCAL CLIMATOLOGICAL DATA (WS FORM: F-6) , PAGE 2

                                          STATION:  KIRKSVILLE MO
                                          MONTH:    AUGUST
                                          YEAR:     2016
                                          LATITUDE:   40  5 N
                                          LONGITUDE:  92 33 W

[TEMPERATURE DATA]      [PRECIPITATION DATA]       SYMBOLS USED IN COLUMN 16

AVERAGE MONTHLY: 75.4   TOTAL FOR MONTH:   7.14    1 = FOG OR MIST
DPTR FM NORMAL:   1.5   DPTR FM NORMAL:    3.49    2 = FOG REDUCING VISIBILITY
HIGHEST:    96 ON  4    GRTST 24HR  1.36 ON 30-30      TO 1/4 MILE OR LESS
LOWEST:     54 ON 22,21                            3 = THUNDER
                        SNOW, ICE PELLETS, HAIL    4 = ICE PELLETS
                        TOTAL MONTH:    M          5 = HAIL
                        GRTST 24HR    M  ON   M    6 = FREEZING RAIN OR DRIZZLE
                        GRTST DEPTH:  M  ON   M    7 = DUSTSTORM OR SANDSTORM:
                                                       VSBY 1/2 MILE OR LESS
                                                   8 = SMOKE OR HAZE
[NO. OF DAYS WITH]      [WEATHER - DAYS WITH]      9 = BLOWING SNOW
                                                   X = TORNADO
MAX 32 OR BELOW:   0    0.01 INCH OR MORE:  15
MAX 90 OR ABOVE:   5    0.10 INCH OR MORE:  10
MIN 32 OR BELOW:   0    0.50 INCH OR MORE:   8
MIN  0 OR BELOW:   0    1.00 INCH OR MORE:   2

[HDD (BASE 65) ]
TOTAL THIS MO.     0    CLEAR  (SCALE 0-3)  15
DPTR FM NORMAL    -1    PTCLDY (SCALE 4-7)  14
TOTAL FM JUL 1     6    CLOUDY (SCALE 8-10)  1
DPTR FM NORMAL     4

[CDD (BASE 65) ]
TOTAL THIS MO.   319
DPTR FM NORMAL    50    [PRESSURE DATA]
TOTAL FM JAN 1  1073    HIGHEST SLP  0.00 ON M
DPTR FM NORMAL   237    LOWEST  SLP  0.00 ON M

[REMARKS]
