000
CXUS55 KEAX 010736
CF6IRK
PRELIMINARY LOCAL CLIMATOLOGICAL DATA (WS FORM: F-6)

                                          STATION:   KIRKSVILLE MO
                                          MONTH:     JULY
                                          YEAR:      2015
                                          LATITUDE:   40  5 N
                                          LONGITUDE:  92 33 W

  TEMPERATURE IN F:       :PCPN:    SNOW:  WIND      :SUNSHINE: SKY     :PK WND
================================================================================
1   2   3   4   5  6A  6B    7    8   9   10  11  12  13   14  15   16   17  18
                                     12Z  AVG MX 2MIN
DY MAX MIN AVG DEP HDD CDD  WTR  SNW DPTH SPD SPD DIR MIN PSBL S-S WX    SPD DR
================================================================================

 1  82  67  75   1   0  10 0.19    M    M  5.5 15  40   M    M   8 138    21  60
 2  73  63  68  -6   0   3    T    M    M  7.6 14  50   M    M   6 18     17  50
 3  79  58  69  -5   0   4 0.00    M    M  4.5 12  30   M    M   2 1      15  30
 4  82  55  69  -5   0   4 0.00    M    M  2.7  8 180   M    M   0 1      12 150
 5  86  61  74   0   0   9 0.00    M    M  8.1 15 160   M    M   0 18     18 160
 6  89  68  79   5   0  14 0.80    M    M  8.8 20  10   M    M   3 13     24  10
 7  74  62  68  -6   0   3 0.10    M    M  9.8 20  20   M    M   5 18     25 360
 8  64  56  60 -15   5   0 0.25    M    M  8.4 17  70   M    M  10 18     30 360
 9  78  55  67  -8   0   2 0.00    M    M  3.3  8 310   M    M   4 128    14  50
10  79  57  68  -7   0   3 0.00    M    M  4.9 14 140   M    M   2 1      16 130
11  89  71  80   5   0  15 0.31    M    M  8.0 18 210   M    M   6 13     24 230
12  92  70  81   6   0  16 0.00    M    M  8.8 16 160   M    M   1        20 150
13  93  72  83   8   0  18 0.09    M    M  7.1 24 280   M    M   0 13     31 260
14  93  69  81   6   0  16 0.00    M    M  7.5 15 310   M    M   0        20 280
15  85  69  77   2   0  12    T    M    M  7.6 17 100   M    M   3        20 100
16  91  72  82   7   0  17 0.43    M    M 10.3 35 160   M    M   5 13     56 170
17  94  76  85  10   0  20 0.00    M    M  8.1 14 200   M    M   0        19 220
18  88  71  80   5   0  15 0.21    M    M  6.8 23 260   M    M   3 13     34 270
19  81  69  75   0   0  10 2.32    M    M  5.7 15 280   M    M   6 13     25  30
20  86  69  78   3   0  13 0.10    M    M  6.2 15 300   M    M   3 1      22 260
21  80  61  71  -5   0   6 0.00    M    M  5.8 10  30   M    M   1 8      15  20
22  82  60  71  -5   0   6 0.00    M    M  5.3 13 150   M    M   2 1      14 150
23  84  64  74  -2   0   9 0.00    M    M  5.5 13 120   M    M   1 1      16 140
24  88  65  77   1   0  12 0.04    M    M  7.5 31  50   M    M   2 138    42  40
25  89  72  81   5   0  16 0.21    M    M  5.8 18 300   M    M   2 13     26 250
26  90  71  81   5   0  16 1.18    M    M  6.4 21 290   M    M   2 13     29 280
27  90  72  81   5   0  16 0.33    M    M  7.1 32 100   M    M   4 123    44 100
28  93  71  82   6   0  17 0.00    M    M  8.0 22 360   M    M   2        29 350
29  84  64  74  -2   0   9 0.29    M    M  7.4 21 320   M    M   2 13     30 320
30  87  61  74  -2   0   9 0.00    M    M  6.4 12 250   M    M   0        16 280
31  88  65  77   1   0  12 0.00    M    M  4.8 12 270   M    M   2        15 300
================================================================================
SM 2633 2036         5 332  6.85    M    209.7          M       87
================================================================================
AV 84.9 65.7                               6.8 FASTST   M    M   3    MAX(MPH)
                                 MISC ---->  # 35 160               # 56  170
================================================================================
NOTES:
# LAST OF SEVERAL OCCURRENCES

COLUMN 17 PEAK WIND IN M.P.H.

PRELIMINARY LOCAL CLIMATOLOGICAL DATA (WS FORM: F-6) , PAGE 2

                                          STATION:  KIRKSVILLE MO
                                          MONTH:    JULY
                                          YEAR:     2015
                                          LATITUDE:   40  5 N
                                          LONGITUDE:  92 33 W

[TEMPERATURE DATA]      [PRECIPITATION DATA]       SYMBOLS USED IN COLUMN 16

AVERAGE MONTHLY: 75.3   TOTAL FOR MONTH:   6.85    1 = FOG OR MIST
DPTR FM NORMAL:   0.2   DPTR FM NORMAL:    2.19    2 = FOG REDUCING VISIBILITY
HIGHEST:    94 ON 17    GRTST 24HR  2.41 ON 18-19      TO 1/4 MILE OR LESS
LOWEST:     55 ON  9, 4                            3 = THUNDER
                        SNOW, ICE PELLETS, HAIL    4 = ICE PELLETS
                        TOTAL MONTH:    M          5 = HAIL
                        GRTST 24HR    M  ON   M    6 = FREEZING RAIN OR DRIZZLE
                        GRTST DEPTH:  M  ON   M    7 = DUSTSTORM OR SANDSTORM:
                                                       VSBY 1/2 MILE OR LESS
                                                   8 = SMOKE OR HAZE
[NO. OF DAYS WITH]      [WEATHER - DAYS WITH]      9 = BLOWING SNOW
                                                   X = TORNADO
MAX 32 OR BELOW:   0    0.01 INCH OR MORE:  15
MAX 90 OR ABOVE:   8    0.10 INCH OR MORE:  13
MIN 32 OR BELOW:   0    0.50 INCH OR MORE:   3
MIN  0 OR BELOW:   0    1.00 INCH OR MORE:   2

[HDD (BASE 65) ]
TOTAL THIS MO.     5    CLEAR  (SCALE 0-3)  21
DPTR FM NORMAL     4    PTCLDY (SCALE 4-7)   8
TOTAL FM JUL 1     5    CLOUDY (SCALE 8-10)  2
DPTR FM NORMAL     4

[CDD (BASE 65) ]
TOTAL THIS MO.   332
DPTR FM NORMAL    19    [PRESSURE DATA]
TOTAL FM JAN 1   642    HIGHEST SLP  0.00 ON M
DPTR FM NORMAL    75    LOWEST  SLP  0.00 ON M

[REMARKS]
#FINAL-07-15#
