000
CXUS53 KBIS 290728
CF6ISN
PRELIMINARY LOCAL CLIMATOLOGICAL DATA (WS FORM: F-6)

                                          STATION:   WILLISTON ND
                                          MONTH:     DECEMBER
                                          YEAR:      2014
                                          LATITUDE:   48 10 N
                                          LONGITUDE: 103 38 W

  TEMPERATURE IN F:       :PCPN:    SNOW:  WIND      :SUNSHINE: SKY     :PK WND
================================================================================
1   2   3   4   5  6A  6B    7    8   9   10  11  12  13   14  15   16   17  18
                                     12Z  AVG MX 2MIN
DY MAX MIN AVG DEP HDD CDD  WTR  SNW DPTH SPD SPD DIR MIN PSBL S-S WX    SPD DR
================================================================================

 1  22 -20   1 -18  64   0 0.00    M    M  5.0 16 180   M    M   0        21 170
 2  20  -6   7 -11  58   0 0.00    M    M  7.6 17 280   M    M   3        23 270
 3  24  -3  11  -7  54   0 0.00    M    M  3.1 13 270   M    M   0        16 270
 4  23  -7   8 -10  57   0 0.00    M    M  1.5  7  20   M    M   0         9  50
 5  20  -5   8  -9  57   0 0.00    M    M  3.7 13  10   M    M   6 18     17 360
 6  34  18  26   9  39   0 0.00    M    M  4.3 13 170   M    M   3        15 170
 7  38  17  28  12  37   0 0.01    M    M  9.7 26 310   M    M   4 18     32 300
 8  27   8  18   2  47   0 0.00    M    M  8.2 25 330   M    M   8 18     30 330
 9  40  16  28  12  37   0 0.00    M    M  5.0 13 150   M    M   2        17 150
10  44  20  32  17  33   0 0.00    M    M  4.2 13 260   M    M   0 1      14 270
11  47  21  34  19  31   0 0.00    M    M  2.7 10 190   M    M   0 1      14 190
12  44  21  33  19  32   0 0.00    M    M  2.0  8 190   M    M   0 1      10 200
13  46  28  37  23  28   0 0.00    M    M  3.1 14 360   M    M   0        17 360
14  34  27  31  17  34   0    T    M    M 15.0 23 350   M    M   9 16     28 350
15  28  24  26  12  39   0    T    M    M 13.6 25 350   M    M   9 18     31 340
16  23  21  22   9  43   0    T    M    M  5.9 12 170   M    M  10        15 180
17  22  17  20   7  45   0    T    M    M  9.9 15 160   M    M  10 8      20 180
18  29  20  25  12  40   0 0.00    M    M  5.5 10 220   M    M  10 1      12 160
19  27  14  21   8  44   0 0.00    M    M  1.8  8 360   M    M  10 12      9 360
20  42  10  26  14  39   0    T    M    M  3.4 13 240   M    M   5 12     17 240
21  37  11  24  12  41   0 0.00    M    M  1.1  7 170   M    M   6         9 160
22  34  25  30  18  35   0 0.01    M    M 14.7 23 330   M    M  10 1      28 330
23  32  15  24  12  41   0 0.01    M    M  8.0 18 340   M    M   8 1      23 340
24  38  16  27  15  38   0    T    M    M  4.4 15 270   M    M   5 12     19 270
25  28  16  22  10  43   0 0.00    M    M 10.5 22 320   M    M   9        26 330
26  21  12  17   6  48   0    T    M    M  4.0 13 310   M    M  10 1      16 310
27  26   8  17   6  48   0    T    M    0  6.9 17 260   M    M   8 1      21 260
28  17  -6   6  -5  59   0    T    M    M 10.4 20  20   M    M  10        23  30
================================================================================
SM  867  338      1211   0  0.03    M    175.2          M      155
================================================================================
AV 31.0 12.1                               6.3 FASTST   M    M   6    MAX(MPH)
                                 MISC ---->  # 26 310               # 32  300
================================================================================
NOTES:
# LAST OF SEVERAL OCCURRENCES

COLUMN 17 PEAK WIND IN M.P.H.

PRELIMINARY LOCAL CLIMATOLOGICAL DATA (WS FORM: F-6) , PAGE 2

                                          STATION:  WILLISTON ND
                                          MONTH:    DECEMBER
                                          YEAR:     2014
                                          LATITUDE:   48 10 N
                                          LONGITUDE: 103 38 W

[TEMPERATURE DATA]      [PRECIPITATION DATA]       SYMBOLS USED IN COLUMN 16

AVERAGE MONTHLY: 21.5   TOTAL FOR MONTH:   0.03    1 = FOG OR MIST
DPTR FM NORMAL:   7.3   DPTR FM NORMAL:   -0.53    2 = FOG REDUCING VISIBILITY
HIGHEST:    47 ON 11    GRTST 24HR  0.01 ON 23-23      TO 1/4 MILE OR LESS
LOWEST:    -20 ON  1                               3 = THUNDER
                        SNOW, ICE PELLETS, HAIL    4 = ICE PELLETS
                        TOTAL MONTH:    M          5 = HAIL
                        GRTST 24HR    M  ON   M    6 = FREEZING RAIN OR DRIZZLE
                        GRTST DEPTH:   0           7 = DUSTSTORM OR SANDSTORM:
                                                       VSBY 1/2 MILE OR LESS
                                                   8 = SMOKE OR HAZE
[NO. OF DAYS WITH]      [WEATHER - DAYS WITH]      9 = BLOWING SNOW
                                                   X = TORNADO
MAX 32 OR BELOW:  16    0.01 INCH OR MORE:   3
MAX 90 OR ABOVE:   0    0.10 INCH OR MORE:   0
MIN 32 OR BELOW:  28    0.50 INCH OR MORE:   0
MIN  0 OR BELOW:   6    1.00 INCH OR MORE:   0

[HDD (BASE 65) ]
TOTAL THIS MO.  1211    CLEAR  (SCALE 0-3)  10
DPTR FM NORMAL  -212    PTCLDY (SCALE 4-7)   7
TOTAL FM JUL 1  3404    CLOUDY (SCALE 8-10) 11
DPTR FM NORMAL  -181

[CDD (BASE 65) ]
TOTAL THIS MO.     0
DPTR FM NORMAL     0    [PRESSURE DATA]
TOTAL FM JAN 1   425    HIGHEST SLP M ON M
DPTR FM NORMAL   -31    LOWEST  SLP 29.48 ON 22

[REMARKS]
