000
CXUS53 KBIS 170734
CF6ISN
PRELIMINARY LOCAL CLIMATOLOGICAL DATA (WS FORM: F-6)

                                          STATION:   WILLISTON ND
                                          MONTH:     JANUARY
                                          YEAR:      2017
                                          LATITUDE:   48 10 N
                                          LONGITUDE: 103 38 W

  TEMPERATURE IN F:       :PCPN:    SNOW:  WIND      :SUNSHINE: SKY     :PK WND
================================================================================
1   2   3   4   5  6A  6B    7    8   9   10  11  12  13   14  15   16   17  18
                                     12Z  AVG MX 2MIN
DY MAX MIN AVG DEP HDD CDD  WTR  SNW DPTH SPD SPD DIR MIN PSBL S-S WX    SPD DR
================================================================================

 1  21   9  15   4  50   0 0.06    M    M 12.0 18  20   M    M   9 18     22  20
 2   9  -4   3  -8  62   0 0.16    M    M 15.7 23 360   M    M  10 1      29 360
 3  -4 -12  -8 -18  73   0    T    M    M  9.3 17 340   M    M   4 18     20 330
 4   1 -13  -6 -16  71   0    T    M    M 11.3 18 280   M    M   9 18     22 340
 5   3 -10  -3 -13  68   0    T    M    M  9.7 18 330   M    M   9 8      21 330
 6   4 -17  -6 -16  71   0 0.02    M    M  4.4 13  10   M    M   6 18     16  10
 7  -1 -27 -14 -24  79   0 0.00    M    M  1.2  7  10   M    M   0 1       8 170
 8   6 -14  -4 -14  69   0 0.00    M    M  7.5 23 320   M    M   5 8      26 310
 9  10  -1   5  -5  60   0 0.13    M    M  8.5 18 310   M    M   9 18     22 120
10   6 -12  -3 -13  68   0 0.03    M    M 10.5 20 300   M    M   6 18     23 290
11  -3 -18 -10 -20  75   0 0.00    M    M 11.2 28 220   M    M   0 8      32 220
12   3 -24 -10 -20  75   0    T    M    M  7.4 26 260   M    M   1 189    33 270
13   7 -22  -7 -17  72   0 0.00    M    M  4.9 15 230   M    M   0        17 230
14  12 -13   0 -10  65   0 0.00    M    M  4.4  9 200   M    M   0        11 220
15  19  -5   7  -4  58   0 0.00    M    M  5.5 17 240   M    M   0        19 240
16  21   3  12   1  53   0 0.00    M    M  5.3 10 210   M    M   0        12 220
================================================================================
SM  114 -180      1069   0  0.40    M    128.8          M       68
================================================================================
AV  7.1-11.2                               8.1 FASTST   M    M   4    MAX(MPH)
                                 MISC ---->  # 28 220               # 33  270
================================================================================
NOTES:
# LAST OF SEVERAL OCCURRENCES

COLUMN 17 PEAK WIND IN M.P.H.

PRELIMINARY LOCAL CLIMATOLOGICAL DATA (WS FORM: F-6) , PAGE 2

                                          STATION:  WILLISTON ND
                                          MONTH:    JANUARY
                                          YEAR:     2017
                                          LATITUDE:   48 10 N
                                          LONGITUDE: 103 38 W

[TEMPERATURE DATA]      [PRECIPITATION DATA]       SYMBOLS USED IN COLUMN 16

AVERAGE MONTHLY: -2.1   TOTAL FOR MONTH:   0.40    1 = FOG OR MIST
DPTR FM NORMAL: -12.3   DPTR FM NORMAL:    0.06    2 = FOG REDUCING VISIBILITY
HIGHEST:    21 ON 16, 1 GRTST 24HR  0.22 ON  1- 2      TO 1/4 MILE OR LESS
LOWEST:    -27 ON  7                               3 = THUNDER
                        SNOW, ICE PELLETS, HAIL    4 = ICE PELLETS
                        TOTAL MONTH:    M          5 = HAIL
                        GRTST 24HR    M  ON   M    6 = FREEZING RAIN OR DRIZZLE
                        GRTST DEPTH:  M  ON   M    7 = DUSTSTORM OR SANDSTORM:
                                                       VSBY 1/2 MILE OR LESS
                                                   8 = SMOKE OR HAZE
[NO. OF DAYS WITH]      [WEATHER - DAYS WITH]      9 = BLOWING SNOW
                                                   X = TORNADO
MAX 32 OR BELOW:  16    0.01 INCH OR MORE:   5
MAX 90 OR ABOVE:   0    0.10 INCH OR MORE:   2
MIN 32 OR BELOW:  16    0.50 INCH OR MORE:   0
MIN  0 OR BELOW:  14    1.00 INCH OR MORE:   0

[HDD (BASE 65) ]
TOTAL THIS MO.  1069    CLEAR  (SCALE 0-3)   7
DPTR FM NORMAL   195    PTCLDY (SCALE 4-7)   4
TOTAL FM JUL 1  4157    CLOUDY (SCALE 8-10)  5
DPTR FM NORMAL  -464

[CDD (BASE 65) ]
TOTAL THIS MO.     0
DPTR FM NORMAL     0    [PRESSURE DATA]
TOTAL FM JAN 1     0    HIGHEST SLP M ON M
DPTR FM NORMAL     0    LOWEST  SLP 29.80 ON  1

[REMARKS]
