000
CXUS53 KGRB 250717
CF6ISW
PRELIMINARY LOCAL CLIMATOLOGICAL DATA (WS FORM: F-6)

                                          STATION:   WISCONSIN RAPIDS ASOS
                                          MONTH:     JUNE
                                          YEAR:      2017
                                          LATITUDE:   44 22 N
                                          LONGITUDE:  89 50 W

  TEMPERATURE IN F:       :PCPN:    SNOW:  WIND      :SUNSHINE: SKY     :PK WND
================================================================================
1   2   3   4   5  6A  6B    7    8   9   10  11  12  13   14  15   16   17  18
                                     12Z  AVG MX 2MIN
DY MAX MIN AVG DEP HDD CDD  WTR  SNW DPTH SPD SPD DIR MIN PSBL S-S WX    SPD DR
================================================================================

 1  78  39  59  -2   6   0 0.00  0.0    0  3.9 16 310   M    M   0 1      22 330
 2  86  43  65   3   0   0    T    M    0  2.3 14 250   M    M   2 1      17 250
 3  90  59  75  13   0  10 0.23  0.0    0  6.9 29 310   M    M   3 123    42 280
 4  86  57  72  10   0   7 0.00  0.0    0  7.9 18 320   M    M   1 1      24 330
 5  81  50  66   3   0   1 0.00  0.0    0  8.8 17  70   M    M   2        21  70
 6  80  45  63   0   2   0 0.00  0.0    0  4.8 12  40   M    M   0        16  40
 7  82  46  64   1   1   0 0.00  0.0    0  2.5 10 270   M    M   0        15 270
 8  83  52  68   4   0   3 0.05  0.0    0  6.7 17 250   M    M   5        24 250
 9  83  58  71   7   0   6 0.00  0.0    0  5.6 14  30   M    M   2 8      19  20
10  90  61  76  12   0  11 0.00  0.0    0 14.1 28 240   M    M   0        39 210
11  88  70  79  15   0  14 0.02  0.0    0  9.4 22 210   M    M   4 3      29 200
12  86  64  75  10   0  10 1.30  0.0    0  6.1 35 320   M    M   6 13     49 330
13  84  65  75  10   0  10 0.42  0.0    0  8.9 21  90   M    M   6 13     29 100
14  87  63  75  10   0  10 0.13  0.0    0  5.8 21 250   M    M   3 123    30 240
15  87  59  73   7   0   8 0.00  0.0    0  7.0 24 320   M    M   3 12     36 280
16  83  56  70   4   0   5 0.14  0.0    0  5.1 25 300   M    M   2 13     33 300
17  84  59  72   6   0   7    T  0.0    0  5.5 17 330   M    M   4 12     23 320
18  74  57  66   0   0   1 0.36  0.0    0 10.9 25 300   M    M   8 1      36 310
19  72  54  63  -4   2   0 0.08  0.0    0  7.5 24 350   M    M   7 1      35 340
20  74  49  62  -5   3   0 0.26  0.0    0  4.8 14 340   M    M   5 1      19 250
21  78  50  64  -3   1   0 0.04  0.0    0  5.2 15 170   M    M   2 13     20 230
22  73  62  68   1   0   3 0.54  0.0    0  5.3 14 220   M    M   8 13     20 210
23  77  60  69   1   0   4    T  0.0    0  8.6 21 300   M    M   5 1      28 310
24  69  50  60  -8   5   0 0.00  0.0    0 10.6 22 270   M    M   6        32 280
================================================================================
SM 1955 1328        20 110  3.57     0.0 164.2          M       84
================================================================================
AV 81.5 55.3                               6.8 FASTST   M    M   4    MAX(MPH)
                                 MISC ---->  # 35 320               # 49  330
================================================================================
NOTES:
# LAST OF SEVERAL OCCURRENCES

COLUMN 17 PEAK WIND IN M.P.H.

PRELIMINARY LOCAL CLIMATOLOGICAL DATA (WS FORM: F-6) , PAGE 2

                                          STATION:  WISCONSIN RAPIDS ASOS
                                          MONTH:    JUNE
                                          YEAR:     2017
                                          LATITUDE:   44 22 N
                                          LONGITUDE:  89 50 W

[TEMPERATURE DATA]      [PRECIPITATION DATA]       SYMBOLS USED IN COLUMN 16

AVERAGE MONTHLY: 68.4   TOTAL FOR MONTH:   3.57    1 = FOG OR MIST
DPTR FM NORMAL:   3.6   DPTR FM NORMAL:    0.03    2 = FOG REDUCING VISIBILITY
HIGHEST:    90 ON 10, 3 GRTST 24HR  1.30 ON 12-12      TO 1/4 MILE OR LESS
LOWEST:     39 ON  1                               3 = THUNDER
                        SNOW, ICE PELLETS, HAIL    4 = ICE PELLETS
                        TOTAL MONTH:   0.0 INCH    5 = HAIL
                        GRTST 24HR     0.0         6 = FREEZING RAIN OR DRIZZLE
                        GRTST DEPTH:   0           7 = DUSTSTORM OR SANDSTORM:
                                                       VSBY 1/2 MILE OR LESS
                                                   8 = SMOKE OR HAZE
[NO. OF DAYS WITH]      [WEATHER - DAYS WITH]      9 = BLOWING SNOW
                                                   X = TORNADO
MAX 32 OR BELOW:   0    0.01 INCH OR MORE:  12
MAX 90 OR ABOVE:   2    0.10 INCH OR MORE:   8
MIN 32 OR BELOW:   0    0.50 INCH OR MORE:   2
MIN  0 OR BELOW:   0    1.00 INCH OR MORE:   1

[HDD (BASE 65) ]
TOTAL THIS MO.    20    CLEAR  (SCALE 0-3)  11
DPTR FM NORMAL   -49    PTCLDY (SCALE 4-7)  12
TOTAL FM JUL 1  6804    CLOUDY (SCALE 8-10)  1
DPTR FM NORMAL -1174

[CDD (BASE 65) ]
TOTAL THIS MO.   110
DPTR FM NORMAL    45    [PRESSURE DATA]
TOTAL FM JAN 1   117    HIGHEST SLP M ON M
DPTR FM NORMAL    30    LOWEST  SLP 29.44 ON 18

[REMARKS]
