000
CXUS53 KGRB 010628
CF6ISW
PRELIMINARY LOCAL CLIMATOLOGICAL DATA (WS FORM: F-6)

                                          STATION:   WISCONSIN RAPIDS ASOS
                                          MONTH:     SEPTEMBER
                                          YEAR:      2016
                                          LATITUDE:   44 22 N
                                          LONGITUDE:  89 50 W

  TEMPERATURE IN F:       :PCPN:    SNOW:  WIND      :SUNSHINE: SKY     :PK WND
================================================================================
1   2   3   4   5  6A  6B    7    8   9   10  11  12  13   14  15   16   17  18
                                     12Z  AVG MX 2MIN
DY MAX MIN AVG DEP HDD CDD  WTR  SNW DPTH SPD SPD DIR MIN PSBL S-S WX    SPD DR
================================================================================

 1  74  52  63  -2   2   0 0.00  0.0    0  5.5 14  70   M    M   5        21 100
 2  76  50  63  -1   2   0 0.00  0.0    0  5.0 13 180   M    M   0        20 130
 3  77  48  63  -1   2   0 0.00  0.0    0  5.6 14 220   M    M   1 1      19 220
 4  80  55  68   4   0   3 0.00  0.0    0  6.7 16 180   M    M   4        24 170
 5  84  62  73  10   0   8    T  0.0    0  8.1 18 210   M    M   1        25 210
 6  86  69  78  15   0  13 1.64  0.0    0  7.0 21 340   M    M   6 138    30 330
 7  77  63  70   7   0   5 0.43  0.0    0  4.2 16 180   M    M   9 12     22 170
 8  80  55  68   6   0   3 0.00  0.0    0  6.0 20 320   M    M   5 12     25 320
 9  69  51  60  -2   5   0 0.45  0.0    0  4.9 23 130   M    M   4 13     29 120
10  69  48  59  -2   6   0 0.26  0.0    0  5.9 23 340   M    M   6 13     30 340
11  75  44  60  -1   5   0 0.00  0.0    0  6.7 16 210   M    M   0 12     24 210
12  80  53  67   6   0   2 0.00  0.0    0  9.2 20 210   M    M   2        26 210
13  70  53  62   2   3   0 0.59  0.0    0  6.9 15 350   M    M   6 13     21  10
14  71  50  61   1   4   0 0.01  0.0    0  3.9  9  50   M    M   2        13  40
15  77  49  63   3   2   0 0.00  0.0    0  5.9 15 140   M    M   2 12     20 130
16  73  62  68   9   0   3 0.13  0.0    0  5.0 12 150   M    M   6 1      16 150
17  74  55  65   6   0   0 0.00  0.0    0  7.3 18 310   M    M   4        24 300
18  78  49  64   6   1   0 0.00  0.0    0  6.6 15 230   M    M   1 12     20 200
19  76  53  65   7   0   0 0.04  0.0    0  5.6 15 340   M    M   3 123    20 320
20  82  49  66   9   0   1 0.00  0.0    0  3.1 13 210   M    M   5 123    15 220
21  69  58  64   7   1   0 2.09  0.0    0  6.1 26 320   M    M   8 13     39 320
22  76  60  68  11   0   3 0.89  0.0    0  6.7 17 190   M    M   6 123    26 180
23  69  57  63   7   2   0 0.00  0.0    0  8.3 15  90   M    M   9        21  90
24  69  58  64   8   1   0    T  0.0    0  7.7 14 130   M    M   8        19 100
25  74  55  65  10   0   0 0.18  0.0    0  8.2 22 290   M    M   7 1      31 270
26  64  50  57   2   8   0 0.00  0.0    0 12.4 28 300   M    M   3        39 300
27  57  48  53  -1  12   0 0.14  0.0    0  9.4 20 290   M    M   9 1      26 290
28  63  49  56   2   9   0    T    M    0  7.7 17  70   M    M   7        23  50
29  74  48  61   7   4   0 0.00  0.0    0  9.2 17  30   M    M   0        22  50
30  67  51  59   6   6   0 0.00  0.0    0  8.9 17  70   M    M   7        23  80
================================================================================
SM 2210 1604        75  41  6.85     0.0 203.7          M      136
================================================================================
AV 73.7 53.5                               6.8 FASTST   M    M   5    MAX(MPH)
                                 MISC ---->  # 28 300               # 39  320
================================================================================
NOTES:
# LAST OF SEVERAL OCCURRENCES

COLUMN 17 PEAK WIND IN M.P.H.

PRELIMINARY LOCAL CLIMATOLOGICAL DATA (WS FORM: F-6) , PAGE 2

                                          STATION:  WISCONSIN RAPIDS ASOS
                                          MONTH:    SEPTEMBER
                                          YEAR:     2016
                                          LATITUDE:   44 22 N
                                          LONGITUDE:  89 50 W

[TEMPERATURE DATA]      [PRECIPITATION DATA]       SYMBOLS USED IN COLUMN 16

AVERAGE MONTHLY: 63.6   TOTAL FOR MONTH:   6.85    1 = FOG OR MIST
DPTR FM NORMAL:   4.4   DPTR FM NORMAL:    3.02    2 = FOG REDUCING VISIBILITY
HIGHEST:    86 ON  6    GRTST 24HR  2.38 ON 21-22      TO 1/4 MILE OR LESS
LOWEST:     44 ON 11                               3 = THUNDER
                        SNOW, ICE PELLETS, HAIL    4 = ICE PELLETS
                        TOTAL MONTH:   0.0 INCH    5 = HAIL
                        GRTST 24HR     0.0         6 = FREEZING RAIN OR DRIZZLE
                        GRTST DEPTH:   0           7 = DUSTSTORM OR SANDSTORM:
                                                       VSBY 1/2 MILE OR LESS
                                                   8 = SMOKE OR HAZE
[NO. OF DAYS WITH]      [WEATHER - DAYS WITH]      9 = BLOWING SNOW
                                                   X = TORNADO
MAX 32 OR BELOW:   0    0.01 INCH OR MORE:  12
MAX 90 OR ABOVE:   0    0.10 INCH OR MORE:  10
MIN 32 OR BELOW:   0    0.50 INCH OR MORE:   4
MIN  0 OR BELOW:   0    1.00 INCH OR MORE:   2

[HDD (BASE 65) ]
TOTAL THIS MO.    75    CLEAR  (SCALE 0-3)  11
DPTR FM NORMAL  -132    PTCLDY (SCALE 4-7)  14
TOTAL FM JUL 1    86    CLOUDY (SCALE 8-10)  5
DPTR FM NORMAL  -168

[CDD (BASE 65) ]
TOTAL THIS MO.    41
DPTR FM NORMAL    10    [PRESSURE DATA]
TOTAL FM JAN 1   614    HIGHEST SLP M ON M
DPTR FM NORMAL   157    LOWEST  SLP 29.65 ON 27

[REMARKS]
#FINAL-09-16#
