000
CXUS53 KGRB 010706
CF6ISW
PRELIMINARY LOCAL CLIMATOLOGICAL DATA (WS FORM: F-6)

                                          STATION:   WISCONSIN RAPIDS ASOS
                                          MONTH:     JULY
                                          YEAR:      2014
                                          LATITUDE:   44 22 N
                                          LONGITUDE:  89 50 W

  TEMPERATURE IN F:       :PCPN:    SNOW:  WIND      :SUNSHINE: SKY     :PK WND
================================================================================
1   2   3   4   5  6A  6B    7    8   9   10  11  12  13   14  15   16   17  18
                                     12Z  AVG MX 2MIN
DY MAX MIN AVG DEP HDD CDD  WTR  SNW DPTH SPD SPD DIR MIN PSBL S-S WX    SPD DR
================================================================================

 1  77  59  68  -1   0   3 0.12  0.0    0 11.5 24 280   M    M   6 18     29 290
 2  73  51  62  -8   3   0 0.05  0.0    0  9.1 17 340   M    M   6 1      21 360
 3  76  44  60 -10   5   0 0.00  0.0    0  4.5 16  20   M    M   3 18     21  30
 4  80  47  64  -6   1   0 0.00  0.0    0  3.8 14 210   M    M   0 12     19 210
 5  80  57  69  -1   0   4 0.00  0.0    0 10.7 24 200   M    M   4        30 200
 6  81  64  73   3   0   8    T  0.0    0  8.6 16 210   M    M   6 18     23 200
 7  87  61  74   4   0   9 0.43  0.0    0  8.5 22 310   M    M   3 13     30 310
 8  76  59  68  -2   0   3 0.02  0.0    0 10.2 24 280   M    M   7        32 320
 9  75  53  64  -6   1   0 0.00  0.0    0  8.2 18 320   M    M   5        24 320
10  81  48  65  -5   0   0 0.00  0.0    0  6.1 15 180   M    M   2 1      20 210
11  79  63  71   1   0   6 0.00  0.0    0  9.1 23 210   M    M   4        29 210
12  78  62  70   0   0   5 0.64  0.0    0  4.1 15  70   M    M   4 13     16  70
13  77  53  65  -6   0   0 0.00  0.0    0  7.5 17 310   M    M   3 1      23 270
14  70  49  60 -11   5   0 0.05    M    0  7.8 24 320   M    M   6 1      30 300
15  69  48  59 -12   6   0    T    M    0  9.3 18  20   M    M   6        27 320
16  74  44  59 -12   6   0 0.00  0.0    0  2.8 12  30   M    M   2 12     15  20
17  77  46  62  -9   3   0 0.00  0.0    0  4.5 13 210   M    M   1 1      17 250
18  81  54  68  -3   0   3 0.00  0.0    0  6.6 17 200   M    M   4        23 230
19  81  60  71   0   0   6 0.00  0.0    0  7.7 18 200   M    M   5        22 200
20  84  62  73   2   0   8 0.00  0.0    0  9.0 18 210   M    M   2        24 200
21  89  66  78   7   0  13    T  0.0    0  9.3 17 210   M    M   4        25 220
22  90  65  78   7   0  13    T  0.0    0 12.1 22 320   M    M   3        26 300
23  80  54  67  -4   0   2 0.00  0.0    0  5.7 15 320   M    M   1 12     22 320
24  80  51  66  -5   0   1 0.00  0.0    0  4.6 13 260   M    M   2        17 250
25  72  61  67  -4   0   2    T  0.0    0  7.2 17 180   M    M   6        22 180
26  83  64  74   3   0   9 0.25  0.0    0  6.6 30 310   M    M   4 13     40 320
27  78  56  67  -4   0   2 0.24  0.0    0   M   M   M   M    M   4 123     M  M
28  76  51  64  -6   1   0    T  0.0    0 10.2 18 320   M    M   4        26 310
29  80  52  66  -4   0   1 0.04  0.0    0  6.3 22 320   M    M   4 13     30 340
30  77  54  66  -4   0   1 0.11  0.0    0  5.8 16 310   M    M   2 1      19 300
31  82  55  69  -1   0   4    T  0.0    0  5.6 17 280   M    M   3 123    22 270
================================================================================
SM 2443 1713        31 103  1.95     0.0 223.0          M      116
================================================================================
AV 78.8 55.3                               7.4 FASTST   M    M   4    MAX(MPH)
                                 MISC ---->  # 30 310               # 40  320
================================================================================
NOTES:
# LAST OF SEVERAL OCCURRENCES

COLUMN 17 PEAK WIND IN M.P.H.

PRELIMINARY LOCAL CLIMATOLOGICAL DATA (WS FORM: F-6) , PAGE 2

                                          STATION:  WISCONSIN RAPIDS ASOS
                                          MONTH:    JULY
                                          YEAR:     2014
                                          LATITUDE:   44 22 N
                                          LONGITUDE:  89 50 W

[TEMPERATURE DATA]      [PRECIPITATION DATA]       SYMBOLS USED IN COLUMN 16

AVERAGE MONTHLY: 67.0   TOTAL FOR MONTH:   1.95    1 = FOG OR MIST
DPTR FM NORMAL:  -3.4   DPTR FM NORMAL:   -2.13    2 = FOG REDUCING VISIBILITY
HIGHEST:    90 ON 22    GRTST 24HR  0.64 ON 11-12      TO 1/4 MILE OR LESS
LOWEST:     44 ON 16, 3                            3 = THUNDER
                        SNOW, ICE PELLETS, HAIL    4 = ICE PELLETS
                        TOTAL MONTH:   0.0 INCH    5 = HAIL
                        GRTST 24HR     0.0         6 = FREEZING RAIN OR DRIZZLE
                        GRTST DEPTH:   0           7 = DUSTSTORM OR SANDSTORM:
                                                       VSBY 1/2 MILE OR LESS
                                                   8 = SMOKE OR HAZE
[NO. OF DAYS WITH]      [WEATHER - DAYS WITH]      9 = BLOWING SNOW
                                                   X = TORNADO
MAX 32 OR BELOW:   0    0.01 INCH OR MORE:  10
MAX 90 OR ABOVE:   1    0.10 INCH OR MORE:   6
MIN 32 OR BELOW:   0    0.50 INCH OR MORE:   1
MIN  0 OR BELOW:   0    1.00 INCH OR MORE:   0

[HDD (BASE 65) ]
TOTAL THIS MO.    31    CLEAR  (SCALE 0-3)  10
DPTR FM NORMAL    16    PTCLDY (SCALE 4-7)  21
TOTAL FM JUL 1    31    CLOUDY (SCALE 8-10)  0
DPTR FM NORMAL    16

[CDD (BASE 65) ]
TOTAL THIS MO.   103
DPTR FM NORMAL   -79    [PRESSURE DATA]
TOTAL FM JAN 1   281    HIGHEST SLP M ON M
DPTR FM NORMAL   -14    LOWEST  SLP 29.53 ON M

[REMARKS]
#FINAL-07-14#
