000
CXHW53 PHFO 251250
CF6ITO
PRELIMINARY LOCAL CLIMATOLOGICAL DATA (WS FORM: F-6)

                                          STATION:   HILO HI
                                          MONTH:     FEBRUARY
                                          YEAR:      2018
                                          LATITUDE:   19 43 N
                                          LONGITUDE: 155  4 W

  TEMPERATURE IN F:       :PCPN:    SNOW:  WIND      :SUNSHINE: SKY     :PK WND
================================================================================
1   2   3   4   5  6A  6B    7    8   9   10  11  12  13   14  15   16   17  18
                                     12Z  AVG MX 2MIN
DY MAX MIN AVG DEP HDD CDD  WTR  SNW DPTH SPD SPD DIR MIN PSBL S-S WX    SPD DR
================================================================================

 1  87  65  76   5   0  11    T  0.0    M  8.5 20 150   M    M   M        27 150
 2  86  72  79   8   0  14 0.00  0.0    M  8.8 18 130   M    M   M        24 100
 3  83  70  77   6   0  12    T  0.0    M  7.6 21 110   M    M   M        26 110
 4  83  69  76   5   0  11 0.00  0.0    M  6.9 21 130   M    M   M        25 120
 5  84  68  76   5   0  11 0.12  0.0    M  4.7 15  90   M    M   M 38     18 140
 6  84  66  75   4   0  10 0.13  0.0    M  6.5 21 110   M    M   M 1      27 110
 7  83  63  73   2   0   8 0.00  0.0    M  6.3 14 350   M    M   M        16 350
 8  81  64  73   2   0   8 0.01  0.0    M 12.4 31 340   M    M   M        41 340
 9  79  58  69  -2   0   4 0.00  0.0    M 17.0 29 350   M    M   M        38 350
10  79  59  69  -2   0   4 0.00  0.0    M 10.0 24 330   M    M   M 8      32 330
11  81  62  72   1   0   7    T  0.0    M  5.8 13  20   M    M   M        16  20
12  82  64  73   2   0   8 0.00  0.0    M  7.3 18 130   M    M   M 8      24 130
13  87  64  76   5   0  11    T  0.0    M  8.5 23 120   M    M   M        30 130
14  86  70  78   7   0  13 0.22  0.0    M 10.4 26 150   M    M   M        34 160
15  84  71  78   7   0  13 1.21  0.0    M 10.1 23 140   M    M   M 1      30 150
16  75  70  73   2   0   8 0.94  0.0    M  3.2  8 250   M    M   M 13     10  40
17  80  68  74   3   0   9 0.84  0.0    M  5.8 16  80   M    M   M 13     23 190
18  79  65  72   1   0   7 0.24  0.0    M  7.3 18 340   M    M   M 13     24  20
19  80  62  71   0   0   6 0.15  0.0    M  5.9 29 350   M    M   M        37 350
20  83  66  75   4   0  10 0.49  0.0    M  6.2 20 100   M    M   M 13     22 100
21  80  68  74   3   0   9 0.22  0.0    M  4.1 10 130   M    M   M 1      13 140
22  77  69  73   2   0   8 3.01  0.0    M  6.3 13 250   M    M   M 1      15 140
23  77  68  73   2   0   8 1.94  0.0    M  6.0 16 260   M    M   M 18     22 130
24  77  69  73   2   0   8 3.64  0.0    M  6.7 17 110   M    M   M 18     25 120
================================================================================
SM 1957 1590         0 218 13.16     0.0 182.3          M        M
================================================================================
AV 81.5 66.3                               7.6 FASTST   M    M -nan   MAX(MPH)
                                 MISC ---->  # 31 340               # 41  340
================================================================================
NOTES:
# LAST OF SEVERAL OCCURRENCES

COLUMN 17 PEAK WIND IN M.P.H.

PRELIMINARY LOCAL CLIMATOLOGICAL DATA (WS FORM: F-6) , PAGE 2

                                          STATION:  HILO HI
                                          MONTH:    FEBRUARY
                                          YEAR:     2018
                                          LATITUDE:   19 43 N
                                          LONGITUDE: 155  4 W

[TEMPERATURE DATA]      [PRECIPITATION DATA]       SYMBOLS USED IN COLUMN 16

AVERAGE MONTHLY: 73.9   TOTAL FOR MONTH:  13.16    1 = FOG OR MIST
DPTR FM NORMAL:   2.9   DPTR FM NORMAL:    5.11    2 = FOG REDUCING VISIBILITY
HIGHEST:    87 ON 13, 1 GRTST 24HR  3.64 ON 24-24      TO 1/4 MILE OR LESS
LOWEST:     58 ON  9                               3 = THUNDER
                        SNOW, ICE PELLETS, HAIL    4 = ICE PELLETS
                        TOTAL MONTH:   0.0 INCH    5 = HAIL
                        GRTST 24HR     0.0         6 = FREEZING RAIN OR DRIZZLE
                        GRTST DEPTH:  M  ON   M    7 = DUSTSTORM OR SANDSTORM:
                                                       VSBY 1/2 MILE OR LESS
                                                   8 = SMOKE OR HAZE
[NO. OF DAYS WITH]      [WEATHER - DAYS WITH]      9 = BLOWING SNOW
                                                   X = TORNADO
MAX 32 OR BELOW:   0    0.01 INCH OR MORE:  14
MAX 90 OR ABOVE:   0    0.10 INCH OR MORE:  13
MIN 32 OR BELOW:   0    0.50 INCH OR MORE:   6
MIN  0 OR BELOW:   0    1.00 INCH OR MORE:   4

[HDD (BASE 65) ]
TOTAL THIS MO.     0    CLEAR  (SCALE 0-3)   0
DPTR FM NORMAL     0    PTCLDY (SCALE 4-7)   0
TOTAL FM JUL 1     0    CLOUDY (SCALE 8-10)  0
DPTR FM NORMAL     0

[CDD (BASE 65) ]
TOTAL THIS MO.   218
DPTR FM NORMAL    74    [PRESSURE DATA]
TOTAL FM JAN 1   471    HIGHEST SLP M ON M
DPTR FM NORMAL   129    LOWEST  SLP 29.73 ON  6

[REMARKS]
