000
CXUS55 KEAX 230736
CF6IXD
PRELIMINARY LOCAL CLIMATOLOGICAL DATA (WS FORM: F-6)

                                          STATION:   New Century Air Center KS
                                          MONTH:     MAY
                                          YEAR:      2015
                                          LATITUDE:   38 49 N
                                          LONGITUDE:  94 54 W

  TEMPERATURE IN F:       :PCPN:    SNOW:  WIND      :SUNSHINE: SKY     :PK WND
================================================================================
1   2   3   4   5  6A  6B    7    8   9   10  11  12  13   14  15   16   17  18
                                     12Z  AVG MX 2MIN
DY MAX MIN AVG DEP HDD CDD  WTR  SNW DPTH SPD SPD DIR MIN PSBL S-S WX    SPD DR
================================================================================

 1  76  47  62   2   3   0 0.00    M    M  7.1 13 170   M    M   0        16 170
 2  76  53  65   5   0   0 0.00    M    M 10.0 18 170   M    M   5        23 180
 3  83  59  71  11   0   6    T    M    M 15.1 30 190   M    M   1 3      37 200
 4  85  61  73  12   0   8 0.07    M    M 10.7 21 180   M    M   4 13     28 180
 5  82  60  71  10   0   6 0.93    M    M  9.6 28 140   M    M   5 13     34 140
 6  75  62  69   7   0   4 0.09    M    M 17.1 30 160   M    M   8 13     38 170
 7  72  61  67   5   0   2 1.27    M    M 12.2 26 130   M    M   7 13     36 210
 8  71  61  66   4   0   1 0.26    M    M  7.3 13 360   M    M   8 1      17 190
 9  75  60  68   5   0   3 0.05    M    M 10.9 18 100   M    M   7 13     24  90
10  73  55  64   1   1   0 0.33    M    M 11.3 37 150   M    M   7 13     49 140
11  63  44  54  -9  11   0 0.00    M    M 12.5 25 280   M    M   1        33 280
12  70  43  57  -7   8   0 0.00    M    M  5.8 13 290   M    M   0        16 310
13  69  50  60  -4   5   0 0.08    M    M 11.2 22 140   M    M   4        28 130
14  76  55  66   2   0   1 0.72    M    M 12.0 23 200   M    M   8 1      32 140
15  78  62  70   5   0   5 0.18    M    M  9.1 30 210   M    M   4 13     36 210
16  82  61  72   7   0   7 2.15    M    M 10.5 46 300   M    M   5 138    55 310
17  81  61  71   6   0   6 0.11    M    M 15.0 30 200   M    M   4 13     40 200
18  68  51  60  -6   5   0 0.00    M    M 11.7 23 360   M    M   0        26 360
19  60  44  52 -14  13   0 0.02    M    M  9.9 21  70   M    M   3        27  70
20  53  49  51 -15  14   0 1.05    M    M 11.3 21  60   M    M   8 1      29  60
21  67  45  56 -11   9   0 0.01    M    M  7.3 16 350   M    M   3 1      20 360
22  63  46  55 -12  10   0    T    M    M  6.0 14 160   M    M   5        18 110
================================================================================
SM 1598 1190        79  49  7.32    M    233.6          M       97
================================================================================
AV 72.6 54.1                              10.6 FASTST   M    M   4    MAX(MPH)
                                 MISC ---->  # 46 300               # 55  310
================================================================================
NOTES:
# LAST OF SEVERAL OCCURRENCES

COLUMN 17 PEAK WIND IN M.P.H.

PRELIMINARY LOCAL CLIMATOLOGICAL DATA (WS FORM: F-6) , PAGE 2

                                          STATION:  New Century Air Center KS
                                          MONTH:    MAY
                                          YEAR:     2015
                                          LATITUDE:   38 49 N
                                          LONGITUDE:  94 54 W

[TEMPERATURE DATA]      [PRECIPITATION DATA]       SYMBOLS USED IN COLUMN 16

AVERAGE MONTHLY: 63.4   TOTAL FOR MONTH:   7.32    1 = FOG OR MIST
DPTR FM NORMAL:  -0.1   DPTR FM NORMAL:    3.70    2 = FOG REDUCING VISIBILITY
HIGHEST:    85 ON  4    GRTST 24HR  2.26 ON 16-17      TO 1/4 MILE OR LESS
LOWEST:     43 ON 12                               3 = THUNDER
                        SNOW, ICE PELLETS, HAIL    4 = ICE PELLETS
                        TOTAL MONTH:    M          5 = HAIL
                        GRTST 24HR    M  ON   M    6 = FREEZING RAIN OR DRIZZLE
                        GRTST DEPTH:  M  ON   M    7 = DUSTSTORM OR SANDSTORM:
                                                       VSBY 1/2 MILE OR LESS
                                                   8 = SMOKE OR HAZE
[NO. OF DAYS WITH]      [WEATHER - DAYS WITH]      9 = BLOWING SNOW
                                                   X = TORNADO
MAX 32 OR BELOW:   0    0.01 INCH OR MORE:  15
MAX 90 OR ABOVE:   0    0.10 INCH OR MORE:   9
MIN 32 OR BELOW:   0    0.50 INCH OR MORE:   5
MIN  0 OR BELOW:   0    1.00 INCH OR MORE:   3

[HDD (BASE 65) ]
TOTAL THIS MO.    79    CLEAR  (SCALE 0-3)   7
DPTR FM NORMAL    -5    PTCLDY (SCALE 4-7)  14
TOTAL FM JUL 1  5041    CLOUDY (SCALE 8-10)  1
DPTR FM NORMAL    -1

[CDD (BASE 65) ]
TOTAL THIS MO.    49
DPTR FM NORMAL    -1    [PRESSURE DATA]
TOTAL FM JAN 1    56    HIGHEST SLP  0.00 ON M
DPTR FM NORMAL   -12    LOWEST  SLP  0.00 ON M

[REMARKS]
