000
CXUS55 KBOI 231002
CF6JER
PRELIMINARY LOCAL CLIMATOLOGICAL DATA (WS FORM: F-6)

                                          STATION:   JEROME ID
                                          MONTH:     APRIL
                                          YEAR:      2017
                                          LATITUDE:   42 43 N
                                          LONGITUDE: 114 27 W

  TEMPERATURE IN F:       :PCPN:    SNOW:  WIND      :SUNSHINE: SKY     :PK WND
================================================================================
1   2   3   4   5  6A  6B    7    8   9   10  11  12  13   14  15   16   17  18
                                     12Z  AVG MX 2MIN
DY MAX MIN AVG DEP HDD CDD  WTR  SNW DPTH SPD SPD DIR MIN PSBL S-S WX    SPD DR
================================================================================

 1  58  34  46   2  19   0 0.00    M    M 11.1 21 250   M    M   0        26 240
 2  57  33  45   1  20   0    T    M    M 18.2 35 270   M    M   2        41 270
 3  48  27  38  -6  27   0 0.00    M    M 15.1 31 240   M    M   0        36 250
 4  51  23  37  -8  28   0 0.00    M    M  4.6 13  70   M    M   1        16  70
 5  66  36  51   6  14   0 0.00    M    M 10.3 17  70   M    M   4        21  70
 6  67  46  57  12   8   0 0.00    M    M 13.5 22 240   M    M   6        29 240
 7  59  45  52   7  13   0 0.01    M    M 10.7 30 270   M    M   8        39 260
 8  48  32  40  -5  25   0 0.21    M    M 15.0 29 250   M    M   7 13     37 240
 9  49  29  39  -6  26   0 0.00    M    M 14.1 25 240   M    M   1        32 240
10  54  29  42  -4  23   0 0.00    M    M 10.0 21 280   M    M   1        29 260
11  58  30  44  -2  21   0    T    M    M 12.8 22  50   M    M   4        26  40
12  72  36  54   8  11   0 0.00    M    M 11.2 21 120   M    M   0        28  80
13  60  36  48   2  17   0 0.16    M    M 13.8 32 260   M    M   5 1      39 260
14  47  31  39  -7  26   0 0.02    M    M 14.6 29 250   M    M   6        36 240
15  53  25  39  -7  26   0 0.00    M    M  5.5 14  40   M    M   0        14  40
16  67  31  49   2  16   0 0.00    M    M 14.8 22  50   M    M   1        27  40
17  58  44  51   4  14   0 0.08    M    M  8.9 28 260   M    M   6 1      36 270
18  53  40  47   0  18   0 0.26    M    M  7.3 17 310   M    M   7 13     25 320
19  59  35  47   0  18   0    T    M    M  7.4 17 160   M    M   2        25 180
20  56  37  47  -1  18   0    T    M    M 18.0 35 240   M    M   4        44 240
21  55  32  44  -4  21   0 0.00    M    M 10.5 21 240   M    M   1        25 250
22  65  36  51   3  14   0 0.00    M    M 12.1 22  60   M    M   0        28  60
================================================================================
SM 1260  747       423   0  0.74    M    259.5          M       66
================================================================================
AV 57.3 34.0                              11.8 FASTST   M    M   3    MAX(MPH)
                                 MISC ---->  # 35 270               # 44  240
================================================================================
NOTES:
# LAST OF SEVERAL OCCURRENCES

COLUMN 17 PEAK WIND IN M.P.H.

PRELIMINARY LOCAL CLIMATOLOGICAL DATA (WS FORM: F-6) , PAGE 2

                                          STATION:  JEROME ID
                                          MONTH:    APRIL
                                          YEAR:     2017
                                          LATITUDE:   42 43 N
                                          LONGITUDE: 114 27 W

[TEMPERATURE DATA]      [PRECIPITATION DATA]       SYMBOLS USED IN COLUMN 16

AVERAGE MONTHLY: 45.6   TOTAL FOR MONTH:   0.74    1 = FOG OR MIST
DPTR FM NORMAL:  -0.3   DPTR FM NORMAL:   -0.23    2 = FOG REDUCING VISIBILITY
HIGHEST:    72 ON 12    GRTST 24HR  0.26 ON 18-18      TO 1/4 MILE OR LESS
LOWEST:     23 ON  4                               3 = THUNDER
                        SNOW, ICE PELLETS, HAIL    4 = ICE PELLETS
                        TOTAL MONTH:    M          5 = HAIL
                        GRTST 24HR    M  ON   M    6 = FREEZING RAIN OR DRIZZLE
                        GRTST DEPTH:  M  ON   M    7 = DUSTSTORM OR SANDSTORM:
                                                       VSBY 1/2 MILE OR LESS
                                                   8 = SMOKE OR HAZE
[NO. OF DAYS WITH]      [WEATHER - DAYS WITH]      9 = BLOWING SNOW
                                                   X = TORNADO
MAX 32 OR BELOW:   0    0.01 INCH OR MORE:   6
MAX 90 OR ABOVE:   0    0.10 INCH OR MORE:   3
MIN 32 OR BELOW:  10    0.50 INCH OR MORE:   0
MIN  0 OR BELOW:   0    1.00 INCH OR MORE:   0

[HDD (BASE 65) ]
TOTAL THIS MO.   423    CLEAR  (SCALE 0-3)  12
DPTR FM NORMAL     3    PTCLDY (SCALE 4-7)  10
TOTAL FM JUL 1  5472    CLOUDY (SCALE 8-10)  0
DPTR FM NORMAL  -604

[CDD (BASE 65) ]
TOTAL THIS MO.     0
DPTR FM NORMAL     0    [PRESSURE DATA]
TOTAL FM JAN 1     0    HIGHEST SLP M ON M
DPTR FM NORMAL     0    LOWEST  SLP 29.47 ON  7

[REMARKS]
