000
CXUS55 KJKL 291000
CF6JKL
PRELIMINARY LOCAL CLIMATOLOGICAL DATA (WS FORM: F-6)

                                          STATION:   JACKSON KY
                                          MONTH:     APRIL
                                          YEAR:      2017
                                          LATITUDE:   37 35 N
                                          LONGITUDE:  83 19 W

  TEMPERATURE IN F:       :PCPN:    SNOW:  WIND      :SUNSHINE: SKY     :PK WND
================================================================================
1   2   3   4   5  6A  6B    7    8   9   10  11  12  13   14  15   16   17  18
                                     12Z  AVG MX 2MIN
DY MAX MIN AVG DEP HDD CDD  WTR  SNW DPTH SPD SPD DIR MIN PSBL S-S WX    SPD DR
================================================================================

 1  52  43  48  -5  17   0    T  0.0    0  4.2 10 320   M    M  10 1      17 270
 2  72  44  58   5   7   0 0.00  0.0    0  3.3  8  70   M    M   4        13  80
 3  68  56  62   8   3   0 0.59  0.0    0  3.9 15 230   M    M   4 13     28 210
 4  75  57  66  12   0   1 0.05  0.0    0  6.2 16 250   M    M   5 1      32 230
 5  82  51  67  13   0   2 0.19  0.0    0  5.9 17 260   M    M   1 13     28 290
 6  56  40  48  -6  17   0 0.21  0.0    0  8.2 20 300   M    M   9 1      33 260
 7  54  36  45 -10  20   0 0.00  0.0    0  8.8 18 300   M    M   6        29 310
 8  66  36  51  -4  14   0 0.00  0.0    0  3.1  9 310   M    M   0        14 220
 9  79  47  63   7   2   0 0.00  0.0    0  4.8 12 190   M    M   0        19 180
10  84  61  73  17   0   8 0.00  0.0    0  5.6 15 250   M    M   0        25 250
11  82  58  70  14   0   5 0.05  0.0    0  5.5 17 320   M    M   3 1      26 320
12  74  56  65   9   0   0 0.02  0.0    0  2.9 10 330   M    M   2 1      16 350
13  81  52  67  10   0   2 0.00  0.0    0  2.1  7 330   M    M   0        14 320
14  85  56  71  14   0   6 0.00  0.0    0  3.4 12 300   M    M   1        18 310
15  84  63  74  17   0   9    T  0.0    0  4.5 12 170   M    M   3        19 230
16  80  63  72  14   0   7 0.03  0.0    0  4.4 12 300   M    M   6        22 230
17  69  59  64   6   1   0 0.25  0.0    0  0.8  9 270   M    M   9 12     14 290
18  71  58  65   7   0   0    T  0.0    0  3.4  8 140   M    M   8        14 160
19  79  59  69  11   0   4 1.26  0.0    0  2.0 13 340   M    M   9 13     19 240
20  84  61  73  14   0   8 0.02  0.0    0  3.7 13 250   M    M   4 1      22 220
21  73  55  64   5   1   0 0.13  0.0    0  2.3 10 310   M    M   8 1      16 330
22  56  46  51  -8  14   0 0.42  0.0    0  1.8  8  70   M    M  10 1      18  80
23  51  46  49 -11  16   0 0.75  0.0    0  2.9  9  40   M    M  10 1      20  70
24  66  48  57  -3   8   0    T  0.0    0  2.5  9 110   M    M   7        14  60
25  76  52  64   4   1   0 0.00  0.0    0  1.9  8 140   M    M   6        13 140
26  85  55  70  10   0   5 0.00  0.0    0  1.8  9 150   M    M   0        16 140
27  78  59  69   8   0   4 0.05  0.0    0  3.9 14 250   M    M   2 1      28 240
28  84  52  68   7   0   3 0.00  0.0    0  2.2  9 170   M    M   2        17 200
================================================================================
SM 2046 1469       121  64  4.02     0.0 106.0          M      129
================================================================================
AV 73.1 52.5                               3.8 FASTST   M    M   5    MAX(MPH)
                                 MISC ---->  # 20 300               # 33  260
================================================================================
NOTES:
# LAST OF SEVERAL OCCURRENCES

COLUMN 17 PEAK WIND IN M.P.H.

PRELIMINARY LOCAL CLIMATOLOGICAL DATA (WS FORM: F-6) , PAGE 2

                                          STATION:  JACKSON KY
                                          MONTH:    APRIL
                                          YEAR:     2017
                                          LATITUDE:   37 35 N
                                          LONGITUDE:  83 19 W

[TEMPERATURE DATA]      [PRECIPITATION DATA]       SYMBOLS USED IN COLUMN 16

AVERAGE MONTHLY: 62.8   TOTAL FOR MONTH:   4.02    1 = FOG OR MIST
DPTR FM NORMAL:   5.7   DPTR FM NORMAL:    0.46    2 = FOG REDUCING VISIBILITY
HIGHEST:    85 ON 26,14 GRTST 24HR  1.26 ON 19-19      TO 1/4 MILE OR LESS
LOWEST:     36 ON  8, 7                            3 = THUNDER
                        SNOW, ICE PELLETS, HAIL    4 = ICE PELLETS
                        TOTAL MONTH:   0.0 INCH    5 = HAIL
                        GRTST 24HR     0.0         6 = FREEZING RAIN OR DRIZZLE
                        GRTST DEPTH:   0           7 = DUSTSTORM OR SANDSTORM:
                                                       VSBY 1/2 MILE OR LESS
                                                   8 = SMOKE OR HAZE
[NO. OF DAYS WITH]      [WEATHER - DAYS WITH]      9 = BLOWING SNOW
                                                   X = TORNADO
MAX 32 OR BELOW:   0    0.01 INCH OR MORE:  14
MAX 90 OR ABOVE:   0    0.10 INCH OR MORE:   8
MIN 32 OR BELOW:   0    0.50 INCH OR MORE:   3
MIN  0 OR BELOW:   0    1.00 INCH OR MORE:   1

[HDD (BASE 65) ]
TOTAL THIS MO.   121    CLEAR  (SCALE 0-3)  10
DPTR FM NORMAL  -137    PTCLDY (SCALE 4-7)  11
TOTAL FM JUL 1  3121    CLOUDY (SCALE 8-10)  7
DPTR FM NORMAL  -990

[CDD (BASE 65) ]
TOTAL THIS MO.    64
DPTR FM NORMAL    27    [PRESSURE DATA]
TOTAL FM JAN 1    72    HIGHEST SLP M ON M
DPTR FM NORMAL    28    LOWEST  SLP 29.45 ON M

[REMARKS]
