000
CXUS55 KJKL 311000
CF6JKL
PRELIMINARY LOCAL CLIMATOLOGICAL DATA (WS FORM: F-6)

                                          STATION:   JACKSON KY
                                          MONTH:     JANUARY
                                          YEAR:      2015
                                          LATITUDE:   37 35 N
                                          LONGITUDE:  83 19 W

  TEMPERATURE IN F:       :PCPN:    SNOW:  WIND      :SUNSHINE: SKY     :PK WND
================================================================================
1   2   3   4   5  6A  6B    7    8   9   10  11  12  13   14  15   16   17  18
                                     12Z  AVG MX 2MIN
DY MAX MIN AVG DEP HDD CDD  WTR  SNW DPTH SPD SPD DIR MIN PSBL S-S WX    SPD DR
================================================================================

 1  37  21  29  -6  36   0 0.00  0.0    0  4.5  9 230   M    M   5        19 230
 2  40  36  38   3  27   0    T  0.0    0  2.0  8 250   M    M  10        14 250
 3  64  38  51  16  14   0 0.62  0.0    0  4.8 15 180   M    M   9 12     26 190
 4  61  36  49  14  16   0 0.23  0.0    0  9.0 20 270   M    M  10 1      31 230
 5  35  20  28  -7  37   0    T    T    0  5.4 18 280   M    M   4        29 280
 6  32  22  27  -8  38   0    T    T    0  5.3 14 280   M    M   8        19 260
 7  27   4  16 -19  49   0 0.02  0.6    0  8.7 18 300   M    M   9        26 300
 8  29  -1  14 -21  51   0 0.00  0.0    1  3.7 15 240   M    M   1        27 210
 9  33  15  24 -11  41   0 0.00  0.0    T  9.4 21 250   M    M   6        33 240
10  30   8  19 -16  46   0 0.00  0.0    T  3.1  9 280   M    M   0        12 300
11  41  20  31  -4  34   0 0.05    T    0  3.3  7 100   M    M   7 4      11 200
12  45  32  39   4  26   0 0.37    T    0  4.7 12  30   M    M  10 12     19  40
13  32  25  29  -6  36   0    T    T    T  3.7  9  60   M    M  10 16     19  50
14  28  22  25 -10  40   0    T    T    T  1.6  9 310   M    M   9 1      11 300
15  34  22  28  -7  37   0 0.01  0.1    T  2.0  9 240   M    M   9 1      14 280
16  44  27  36   1  29   0 0.00  0.0    T  3.2  9 260   M    M   4 1      15 280
17  59  30  45  10  20   0 0.00  0.0    0  5.3 13 230   M    M   0        23 230
18  51  38  45  10  20   0 0.07  0.0    0  6.8 16 250   M    M   5 1      28 240
19  59  33  46  11  19   0 0.00  0.0    0  1.9  7 260   M    M   0        11 270
20  60  39  50  15  15   0 0.00  0.0    0  3.9 10 300   M    M   1        16 260
21  55  39  47  12  18   0    T  0.0    0  4.9 12 290   M    M   5        20 230
22  40  30  35   0  30   0 0.00  0.0    0  3.5 12 300   M    M   4        17 300
23  37  31  34  -1  31   0 0.37    T    0  3.0  8  50   M    M   9 146    14  50
24  34  27  31  -4  34   0 0.16  1.5    2  5.4 16 260   M    M   7 126    24 290
25  50  32  41   6  24   0 0.04  0.0    T  4.2  9 180   M    M   3 1      14 180
26  42  24  33  -2  32   0 0.07  0.2    0  5.4 16 300   M    M  10 12     22 310
27  36  20  28  -7  37   0    T    T    0  2.8 10 330   M    M   6 1      15 320
28  36  15  26 -10  39   0 0.00  0.0    0  1.7  6 130   M    M   0        11 130
29  54  31  43   7  22   0 0.07    T    0  8.5 20 300   M    M   7 1      31 300
30  35  23  29  -7  36   0 0.04  0.3    T  6.4 16 320   M    M   6 1      24 340
================================================================================
SM 1260  759       934   0  2.12     2.7 138.1          M      174
================================================================================
AV 42.0 25.3                               4.6 FASTST   M    M   6    MAX(MPH)
                                 MISC ---->  # 21 250               # 33  240
================================================================================
NOTES:
# LAST OF SEVERAL OCCURRENCES

COLUMN 17 PEAK WIND IN M.P.H.

PRELIMINARY LOCAL CLIMATOLOGICAL DATA (WS FORM: F-6) , PAGE 2

                                          STATION:  JACKSON KY
                                          MONTH:    JANUARY
                                          YEAR:     2015
                                          LATITUDE:   37 35 N
                                          LONGITUDE:  83 19 W

[TEMPERATURE DATA]      [PRECIPITATION DATA]       SYMBOLS USED IN COLUMN 16

AVERAGE MONTHLY: 33.7   TOTAL FOR MONTH:   2.12    1 = FOG OR MIST
DPTR FM NORMAL:  -1.4   DPTR FM NORMAL:   -1.36    2 = FOG REDUCING VISIBILITY
HIGHEST:    64 ON  3    GRTST 24HR  0.81 ON  3- 4      TO 1/4 MILE OR LESS
LOWEST:     -1 ON  8                               3 = THUNDER
                        SNOW, ICE PELLETS, HAIL    4 = ICE PELLETS
                        TOTAL MONTH:   2.7 INCHES  5 = HAIL
                        GRTST 24HR   1.5 ON 24-24  6 = FREEZING RAIN OR DRIZZLE
                        GRTST DEPTH:   2 ON 24     7 = DUSTSTORM OR SANDSTORM:
                                                       VSBY 1/2 MILE OR LESS
                                                   8 = SMOKE OR HAZE
[NO. OF DAYS WITH]      [WEATHER - DAYS WITH]      9 = BLOWING SNOW
                                                   X = TORNADO
MAX 32 OR BELOW:   6    0.01 INCH OR MORE:  13
MAX 90 OR ABOVE:   0    0.10 INCH OR MORE:   5
MIN 32 OR BELOW:  23    0.50 INCH OR MORE:   1
MIN  0 OR BELOW:   1    1.00 INCH OR MORE:   0

[HDD (BASE 65) ]
TOTAL THIS MO.   934    CLEAR  (SCALE 0-3)   7
DPTR FM NORMAL    36    PTCLDY (SCALE 4-7)  12
TOTAL FM JUL 1  2679    CLOUDY (SCALE 8-10) 11
DPTR FM NORMAL   147

[CDD (BASE 65) ]
TOTAL THIS MO.     0
DPTR FM NORMAL     0    [PRESSURE DATA]
TOTAL FM JAN 1     0    HIGHEST SLP M ON M
DPTR FM NORMAL     0    LOWEST  SLP 29.61 ON 26

[REMARKS]
