000
CXUS53 KSGF 250800
CF6JLN
PRELIMINARY LOCAL CLIMATOLOGICAL DATA (WS FORM: F-6)

                                          STATION:   JOPLIN MO
                                          MONTH:     FEBRUARY
                                          YEAR:      2017
                                          LATITUDE:   37 10 N
                                          LONGITUDE:  94 30 W

  TEMPERATURE IN F:       :PCPN:    SNOW:  WIND      :SUNSHINE: SKY     :PK WND
================================================================================
1   2   3   4   5  6A  6B    7    8   9   10  11  12  13   14  15   16   17  18
                                     12Z  AVG MX 2MIN
DY MAX MIN AVG DEP HDD CDD  WTR  SNW DPTH SPD SPD DIR MIN PSBL S-S WX    SPD DR
================================================================================

 1  55  36  46  10  19   0 0.00    M    M 12.6 23  20   M    M   1        32  10
 2  36  25  31  -6  34   0 0.00    M    M 10.1 20  20   M    M   7        26  30
 3  36  20  28  -9  37   0 0.00    M    M  5.8 13  50   M    M   3        18  70
 4  45  24  35  -2  30   0 0.00    M    M 13.0 25 200   M    M   4        31 180
 5  62  31  47  10  18   0 0.00    M    M  4.5 15 200   M    M   0 18     19 210
 6  74  46  60  23   5   0    T    M    M 13.2 28 180   M    M   7 1      35 190
 7  68  41  55  17  10   0 0.00    M    M  9.5 25 210   M    M   0        37 190
 8  41  21  31  -7  34   0 0.00    M    M 11.2 23 350   M    M   3 18     29 360
 9  47  19  33  -5  32   0 0.00    M    M  5.9 16 200   M    M   0        31 170
10  71  42  57  19   8   0 0.00    M    M 19.6 39 210   M    M   0        50 210
11  82  54  68  29   0   3 0.00    M    M 15.4 28 210   M    M   0        38 210
12  58  36  47   8  18   0 0.00    M    M 11.1 23 360   M    M   0 1      34 350
13  58  37  48   9  17   0 0.11    M    M  3.6 15 120   M    M   4        18 160
14  48  40  44   4  21   0 0.02    M    M  4.5 12 350   M    M   7 1      16  40
15  52  30  41   1  24   0 0.00    M    M  6.6 15 360   M    M   0        19  10
16  65  35  50  10  15   0 0.00    M    M 14.9 25 210   M    M   0        32 220
17  71  46  59  19   6   0 0.00    M    M 16.1 25 200   M    M   1         M  M
18  66  46  56  15   9   0 0.00    M    M  6.3 17 220   M    M   5 1      25 230
19  78  42  60  19   5   0 0.00    M    M  7.6 17 190   M    M   1 1      31 310
20  67  56  62  21   3   0 0.13    M    M 10.6 21 190   M    M   5 13     28 140
21  71  47  59  17   6   0 0.00    M    M  4.7 16 340   M    M   2 12     20 350
22  78  49  64  22   1   0 0.00    M    M  9.2 21 210   M    M   1 12     25 320
23  83  54  69  27   0   4 0.00  0.0    0 15.7 29 190   M    M   0        41 220
24  72  29  51   8  14   0 0.00  0.0    M 17.1 29 200   M    M   7        36 210
================================================================================
SM 1484  906       366   7  0.26     0.0 248.8          M       58
================================================================================
AV 61.8 37.8                              10.4 FASTST   M    M   2    MAX(MPH)
                                 MISC ---->  # 39 210               # 50  210
================================================================================
NOTES:
# LAST OF SEVERAL OCCURRENCES

COLUMN 17 PEAK WIND IN M.P.H.

PRELIMINARY LOCAL CLIMATOLOGICAL DATA (WS FORM: F-6) , PAGE 2

                                          STATION:  JOPLIN MO
                                          MONTH:    FEBRUARY
                                          YEAR:     2017
                                          LATITUDE:   37 10 N
                                          LONGITUDE:  94 30 W

[TEMPERATURE DATA]      [PRECIPITATION DATA]       SYMBOLS USED IN COLUMN 16

AVERAGE MONTHLY: 49.8   TOTAL FOR MONTH:   0.26    1 = FOG OR MIST
DPTR FM NORMAL:  10.5   DPTR FM NORMAL:   -1.69    2 = FOG REDUCING VISIBILITY
HIGHEST:    83 ON 23    GRTST 24HR  0.13 ON 20-20      TO 1/4 MILE OR LESS
LOWEST:     19 ON  9                               3 = THUNDER
                        SNOW, ICE PELLETS, HAIL    4 = ICE PELLETS
                        TOTAL MONTH:   0.0 INCH    5 = HAIL
                        GRTST 24HR     0.0         6 = FREEZING RAIN OR DRIZZLE
                        GRTST DEPTH:   0           7 = DUSTSTORM OR SANDSTORM:
                                                       VSBY 1/2 MILE OR LESS
                                                   8 = SMOKE OR HAZE
[NO. OF DAYS WITH]      [WEATHER - DAYS WITH]      9 = BLOWING SNOW
                                                   X = TORNADO
MAX 32 OR BELOW:   0    0.01 INCH OR MORE:   3
MAX 90 OR ABOVE:   0    0.10 INCH OR MORE:   2
MIN 32 OR BELOW:   8    0.50 INCH OR MORE:   0
MIN  0 OR BELOW:   0    1.00 INCH OR MORE:   0

[HDD (BASE 65) ]
TOTAL THIS MO.   366    CLEAR  (SCALE 0-3)  15
DPTR FM NORMAL  -252    PTCLDY (SCALE 4-7)   9
TOTAL FM JUL 1  2478    CLOUDY (SCALE 8-10)  0
DPTR FM NORMAL  -689

[CDD (BASE 65) ]
TOTAL THIS MO.     7
DPTR FM NORMAL     7    [PRESSURE DATA]
TOTAL FM JAN 1     7    HIGHEST SLP M ON M
DPTR FM NORMAL     7    LOWEST  SLP 29.38 ON M

[REMARKS]
