000
CXUS53 KSGF 290800
CF6JLN
PRELIMINARY LOCAL CLIMATOLOGICAL DATA (WS FORM: F-6)

                                          STATION:   JOPLIN MO
                                          MONTH:     AUGUST
                                          YEAR:      2016
                                          LATITUDE:   37 10 N
                                          LONGITUDE:  94 30 W

  TEMPERATURE IN F:       :PCPN:    SNOW:  WIND      :SUNSHINE: SKY     :PK WND
================================================================================
1   2   3   4   5  6A  6B    7    8   9   10  11  12  13   14  15   16   17  18
                                     12Z  AVG MX 2MIN
DY MAX MIN AVG DEP HDD CDD  WTR  SNW DPTH SPD SPD DIR MIN PSBL S-S WX    SPD DR
================================================================================

 1  97  78  88   7   0  23 0.00    M    M 10.4 16 160   M    M   2        22 180
 2  98  76  87   6   0  22 0.00    M    M  9.5 16 200   M    M   0 8      23 210
 3  97  76  87   6   0  22    T    M    M  6.4 13 210   M    M   1        17 210
 4  99  77  88   7   0  23 0.00    M    M  9.7 20 220   M    M   1        27 220
 5  93  76  85   4   0  20 0.00    M    M  5.7 14 310   M    M   1        20 310
 6  82  74  78  -3   0  13 0.51    M    M  4.7 13 350   M    M   7 13     19 340
 7  80  72  76  -5   0  11 1.28    M    M  4.6 15  80   M    M   4 13     19  80
 8  89  72  81   0   0  16 0.79    M    M  3.9 15 290   M    M   4 13     23  30
 9  95  75  85   4   0  20 0.00    M    M  4.6 18 210   M    M   2        23 210
10  94  72  83   2   0  18 0.00    M    M  5.1 14 300   M    M   0        18 280
11  96  77  87   7   0  22 0.00    M    M  9.3 16 210   M    M   0        21 200
12  91  75  83   3   0  18 0.09    M    M  5.6 20 240   M    M   4 13     26 230
13  86  68  77  -3   0  12 0.00    M    M  8.1 20  20   M    M   1 1      28  10
14  83  65  74  -6   0   9 0.00    M    M  6.6 16  50   M    M   0        23  50
15  77  63  70 -10   0   5 0.00    M    M  1.9  7 330   M    M   2 1       9  60
16  87  61  74  -6   0   9 0.00    M    M  2.2 10 150   M    M   2 12     14 150
17  87  68  78  -2   0  13 0.00    M    M  6.3 13 180   M    M   2        17 170
18  88  69  79  -1   0  14 0.00    M    M  6.4 15 180   M    M   3        18 150
19  89  68  79  -1   0  14 0.16    M    M  9.3 29 300   M    M   6 18     36 300
20  80  63  72  -8   0   7 0.06    M    M  5.9 15 340   M    M   7 1      20 340
21  81  55  68 -12   0   3 0.00    M    M  1.9 10 360   M    M   0 1      13 360
22  84  59  72  -7   0   7 0.00  0.0    0  6.9 15 170   M    M   0        20 170
23  86  68  77  -2   0  12    T    M    0 13.2 23 170   M    M   5 3      29 180
24  95  76  86   7   0  21 0.00    M    M 14.2 24 220   M    M   1        39 170
25  91  69  80   1   0  15 0.55  0.0    0  9.1 29 310   M    M   1 13     37 340
26  83  68  76  -2   0  11    T  0.0    0  6.1 14 150   M    M   3        28 190
27  89  68  79   1   0  14 0.00  0.0    0  4.7 12 210   M    M   0 1      14 190
28  90  71  81   3   0  16    T  0.0    0  4.1 14 120   M    M   1        17 120
================================================================================
SM 2487 1959         0 410  3.44     0.0 186.4          M       60
================================================================================
AV 88.8 70.0                               6.7 FASTST   M    M   2    MAX(MPH)
                                 MISC ---->  # 29 300               # 39  170
================================================================================
NOTES:
# LAST OF SEVERAL OCCURRENCES

COLUMN 17 PEAK WIND IN M.P.H.

PRELIMINARY LOCAL CLIMATOLOGICAL DATA (WS FORM: F-6) , PAGE 2

                                          STATION:  JOPLIN MO
                                          MONTH:    AUGUST
                                          YEAR:     2016
                                          LATITUDE:   37 10 N
                                          LONGITUDE:  94 30 W

[TEMPERATURE DATA]      [PRECIPITATION DATA]       SYMBOLS USED IN COLUMN 16

AVERAGE MONTHLY: 79.4   TOTAL FOR MONTH:   3.44    1 = FOG OR MIST
DPTR FM NORMAL:  -0.6   DPTR FM NORMAL:    0.47    2 = FOG REDUCING VISIBILITY
HIGHEST:    99 ON  4    GRTST 24HR  2.07 ON  7- 8      TO 1/4 MILE OR LESS
LOWEST:     55 ON 21                               3 = THUNDER
                        SNOW, ICE PELLETS, HAIL    4 = ICE PELLETS
                        TOTAL MONTH:   0.0 INCH    5 = HAIL
                        GRTST 24HR     0.0         6 = FREEZING RAIN OR DRIZZLE
                        GRTST DEPTH:   0           7 = DUSTSTORM OR SANDSTORM:
                                                       VSBY 1/2 MILE OR LESS
                                                   8 = SMOKE OR HAZE
[NO. OF DAYS WITH]      [WEATHER - DAYS WITH]      9 = BLOWING SNOW
                                                   X = TORNADO
MAX 32 OR BELOW:   0    0.01 INCH OR MORE:   7
MAX 90 OR ABOVE:  12    0.10 INCH OR MORE:   5
MIN 32 OR BELOW:   0    0.50 INCH OR MORE:   4
MIN  0 OR BELOW:   0    1.00 INCH OR MORE:   1

[HDD (BASE 65) ]
TOTAL THIS MO.     0    CLEAR  (SCALE 0-3)  21
DPTR FM NORMAL     0    PTCLDY (SCALE 4-7)   7
TOTAL FM JUL 1     0    CLOUDY (SCALE 8-10)  0
DPTR FM NORMAL     0

[CDD (BASE 65) ]
TOTAL THIS MO.   410
DPTR FM NORMAL   -11    [PRESSURE DATA]
TOTAL FM JAN 1  1442    HIGHEST SLP M ON M
DPTR FM NORMAL    50    LOWEST  SLP 29.74 ON 20

[REMARKS]
