000
CXUS52 TJSJ 010432
CF6JSJ
PRELIMINARY LOCAL CLIMATOLOGICAL DATA (WS FORM: F-6)

                                          STATION:   SAN JUAN/P.R.
                                          MONTH:     AUGUST
                                          YEAR:      2014
                                          LATITUDE:   18 25 N
                                          LONGITUDE:  66  0 W

  TEMPERATURE IN F:       :PCPN:    SNOW:  WIND      :SUNSHINE: SKY     :PK WND
================================================================================
1   2   3   4   5  6A  6B    7    8   9   10  11  12  13   14  15   16   17  18
                                     12Z  AVG MX 2MIN
DY MAX MIN AVG DEP HDD CDD  WTR  SNW DPTH SPD SPD DIR MIN PSBL S-S WX    SPD DR
================================================================================

 1  91  78  85   1   0  20 0.02  0.0    0  9.7 23  60   M    M   4        29  50
 2  82  75  79  -5   0  14 1.36  0.0    0  8.7 24  60   M    M   7 138    30  80
 3  89  78  84   0   0  19 0.00  0.0    0 10.9 23  70   M    M   3        29  60
 4  87  78  83  -1   0  18 0.12  0.0    0 13.3 24  60   M    M   6 18     33  70
 5  88  79  84   0   0  19 0.17  0.0    0 11.2 22  70   M    M   5 1      26  70
 6  90  79  85   1   0  20 0.04  0.0    0 10.6 23  70   M    M   4        29  80
 7  90  79  85   1   0  20 0.01  0.0    0 11.2 23  50   M    M   3        30  50
 8  87  76  82  -2   0  17 0.49  0.0    0 11.1 26  50   M    M   4 1      31  80
 9  89  77  83  -1   0  18 0.07  0.0    0 10.4 23  80   M    M   4 1      29  80
10  87  77  82  -2   0  17 0.14  0.0    0 10.7 23  50   M    M   3 1      29  60
11  88  77  83  -1   0  18 0.32  0.0    0  9.0 24  70   M    M   4 1      28  80
12  86  76  81  -3   0  16 0.10  0.0    0  8.9 23  80   M    M   5 1      28  70
13  90  75  83  -1   0  18 0.00  0.0    0 11.9 22  50   M    M   3        29  40
14  89  78  84   0   0  19 0.03  0.0    0 12.5 23  60   M    M   4        28  50
15  88  79  84   0   0  19 0.00  0.0    0 11.4 20  50   M    M   4        25  70
16  85  78  82  -2   0  17 0.69  0.0    0  9.6 23  70   M    M   6 13     30  80
17  89  80  85   1   0  20 0.02  0.0    0 10.6 20  60   M    M   4 18     24  70
18  88  80  84   0   0  19 0.00  0.0    0 10.3 21  50   M    M   4        24  50
19  89  80  85   1   0  20 0.11  0.0    0  8.8 18  70   M    M   5 1      25  70
20  88  76  82  -2   0  17 0.40  0.0    0  9.4 22  50   M    M   6 13     29  70
21  88  79  84   0   0  19 0.19  0.0    0 12.3 25  60   M    M   5 1      31  70
22  80  76  78  -6   0  13 1.59  0.0    0  5.3 18 140   M    M   8 13     25 150
23  87  76  82  -2   0  17 3.64  0.0    0  5.4 18  80   M    M   8 123    24 110
24  92  76  84   0   0  19 0.15  0.0    0  5.7 16 140   M    M   4 1      23 150
25  92  77  85   1   0  20 0.00  0.0    0  6.7 18 140   M    M   3        26 150
26  93  81  87   3   0  22    T  0.0    0  8.1 17 130   M    M   4        24 130
27  90  81  86   2   0  21 0.02  0.0    0 13.4 25  60   M    M   4 18     30  60
28  90  81  86   2   0  21 0.01  0.0    0 13.2 26  60   M    M   5 1      33  70
29  87  77  82  -2   0  17 0.02  0.0    0  3.9 16 100   M    M   5        21  90
30  90  78  84   0   0  19 0.06  0.0    0  7.5 22  50   M    M   4 1      26  80
31  89  78  84   0   0  19 0.02  0.0    0  9.5 23  90   M    M   4        32  90
================================================================================
SM 2738 2415         0 572  9.79     0.0 301.2          M      142
================================================================================
AV 88.3 77.9                               9.7 FASTST   M    M   5    MAX(MPH)
                                 MISC ---->  # 26  50               # 33   70
================================================================================
NOTES:
# LAST OF SEVERAL OCCURRENCES

COLUMN 17 PEAK WIND IN M.P.H.

PRELIMINARY LOCAL CLIMATOLOGICAL DATA (WS FORM: F-6) , PAGE 2

                                          STATION:  SAN JUAN/P.R.
                                          MONTH:    AUGUST
                                          YEAR:     2014
                                          LATITUDE:   18 25 N
                                          LONGITUDE:  66  0 W

[TEMPERATURE DATA]      [PRECIPITATION DATA]       SYMBOLS USED IN COLUMN 16

AVERAGE MONTHLY: 83.1   TOTAL FOR MONTH:   9.79    1 = FOG OR MIST
DPTR FM NORMAL:  -0.6   DPTR FM NORMAL:    4.33    2 = FOG REDUCING VISIBILITY
HIGHEST:    93 ON 26    GRTST 24HR  3.74 ON 23-24      TO 1/4 MILE OR LESS
LOWEST:     75 ON 13, 2                            3 = THUNDER
                        SNOW, ICE PELLETS, HAIL    4 = ICE PELLETS
                        TOTAL MONTH:   0.0 INCH    5 = HAIL
                        GRTST 24HR     0.0         6 = FREEZING RAIN OR DRIZZLE
                        GRTST DEPTH:   0           7 = DUSTSTORM OR SANDSTORM:
                                                       VSBY 1/2 MILE OR LESS
                                                   8 = SMOKE OR HAZE
[NO. OF DAYS WITH]      [WEATHER - DAYS WITH]      9 = BLOWING SNOW
                                                   X = TORNADO
MAX 32 OR BELOW:   0    0.01 INCH OR MORE:  25
MAX 90 OR ABOVE:  10    0.10 INCH OR MORE:  14
MIN 32 OR BELOW:   0    0.50 INCH OR MORE:   4
MIN  0 OR BELOW:   0    1.00 INCH OR MORE:   3

[HDD (BASE 65) ]
TOTAL THIS MO.     0    CLEAR  (SCALE 0-3)   2
DPTR FM NORMAL     0    PTCLDY (SCALE 4-7)  29
TOTAL FM JUL 1     0    CLOUDY (SCALE 8-10)  0
DPTR FM NORMAL     0

[CDD (BASE 65) ]
TOTAL THIS MO.   572
DPTR FM NORMAL    -8    [PRESSURE DATA]
TOTAL FM JAN 1  4215    HIGHEST SLP M ON M
DPTR FM NORMAL   351    LOWEST  SLP 29.82 ON M

[REMARKS]
#FINAL-08-14#
