000
CXUS54 KFWD 190730
CF6JWY
PRELIMINARY LOCAL CLIMATOLOGICAL DATA (WS FORM: F-6)

                                          STATION:   WAXAHACHIE
                                          MONTH:     JANUARY
                                          YEAR:      2018
                                          LATITUDE:   32 27 N
                                          LONGITUDE:  96 54 W

  TEMPERATURE IN F:       :PCPN:    SNOW:  WIND      :SUNSHINE: SKY     :PK WND
================================================================================
1   2   3   4   5  6A  6B    7    8   9   10  11  12  13   14  15   16   17  18
                                     12Z  AVG MX 2MIN
DY MAX MIN AVG DEP HDD CDD  WTR  SNW DPTH SPD SPD DIR MIN PSBL S-S WX    SPD DR
================================================================================

 1  28  15  22 -22  43   0 0.00  0.0    0  8.8 14 360   M    M   0        18  10
 2  26  20  23 -21  42   0 0.00  0.0    0  6.0  9 340   M    M   9         M  M
 3  48  16  32 -12  33   0 0.00  0.0    0  5.3 12 330   M    M   0        16 300
 4  51  23  37  -7  28   0 0.00  0.0    0  1.3  6  70   M    M   0         M  M
 5  62  30  46   2  19   0 0.00  0.0    0  6.1 12 180   M    M   0        20 230
 6  63  34  49   5  16   0 0.00  0.0    0  7.0 14 150   M    M   3        18 140
 7  61  49  55  11  10   0 0.06  0.0    0 11.2 21 170   M    M   9        27 170
 8  59  39  49   5  16   0 0.00  0.0    0  9.4 17 340   M    M   1        21 330
 9  51  33  42  -2  23   0 0.00  0.0    0  3.6  7 130   M    M   5 128     M  M
10  61  43  52   8  13   0 0.00  0.0    0 10.1 18 160   M    M   7 1      24 160
11  65  30  48   4  17   0 0.00  0.0    0 17.7 30 320   M    M   5 8      40 320
12  43  23  33 -11  32   0 0.00  0.0    0 13.3 27 330   M    M   0        35 320
13  46  24  35  -9  30   0 0.00  0.0    0  6.4 15 340   M    M   0         M  M
14  55  26  41  -3  24   0 0.00  0.0    0  5.3 13 150   M    M   0        17 150
15  59  28  44   0  21   0 0.01    M    0  9.4 23 360   M    M   5 1      33 360
16  28  16  22 -22  43   0    M    M    M 14.6 25 340   M    M   6        31 340
17  35   8  22 -23  43   0 0.00  0.0    0  2.1  7 360   M    M   0         M  M
18  43  15  29 -16  36   0 0.00  0.0    0  5.3 12 170   M    M   3         M  M
================================================================================
SM  884  472       489   0  0.07     0.0 142.9          M       53
================================================================================
AV 49.1 26.2                               7.9 FASTST   M    M   3    MAX(MPH)
                                 MISC ---->    30   M                 40    M
================================================================================
NOTES:
# LAST OF SEVERAL OCCURRENCES

COLUMN 17 PEAK WIND IN M.P.H.

PRELIMINARY LOCAL CLIMATOLOGICAL DATA (WS FORM: F-6) , PAGE 2

                                          STATION:  WAXAHACHIE
                                          MONTH:    JANUARY
                                          YEAR:     2018
                                          LATITUDE:   32 27 N
                                          LONGITUDE:  96 54 W

[TEMPERATURE DATA]      [PRECIPITATION DATA]       SYMBOLS USED IN COLUMN 16

AVERAGE MONTHLY: 37.7   TOTAL FOR MONTH:   0.07    1 = FOG OR MIST
DPTR FM NORMAL:  -6.4   DPTR FM NORMAL:   -1.14    2 = FOG REDUCING VISIBILITY
HIGHEST:    65 ON 11    GRTST 24HR  0.06 ON  7- 7      TO 1/4 MILE OR LESS
LOWEST:      8 ON 17                               3 = THUNDER
                        SNOW, ICE PELLETS, HAIL    4 = ICE PELLETS
                        TOTAL MONTH:   0.0 INCH    5 = HAIL
                        GRTST 24HR     0.0         6 = FREEZING RAIN OR DRIZZLE
                        GRTST DEPTH:   0           7 = DUSTSTORM OR SANDSTORM:
                                                       VSBY 1/2 MILE OR LESS
                                                   8 = SMOKE OR HAZE
[NO. OF DAYS WITH]      [WEATHER - DAYS WITH]      9 = BLOWING SNOW
                                                   X = TORNADO
MAX 32 OR BELOW:   3    0.01 INCH OR MORE:   2
MAX 90 OR ABOVE:   0    0.10 INCH OR MORE:   0
MIN 32 OR BELOW:  13    0.50 INCH OR MORE:   0
MIN  0 OR BELOW:   0    1.00 INCH OR MORE:   0

[HDD (BASE 65) ]
TOTAL THIS MO.   489    CLEAR  (SCALE 0-3)  10
DPTR FM NORMAL   113    PTCLDY (SCALE 4-7)   6
TOTAL FM JUL 1  1291    CLOUDY (SCALE 8-10)  2
DPTR FM NORMAL   -76

[CDD (BASE 65) ]
TOTAL THIS MO.     0
DPTR FM NORMAL     0    [PRESSURE DATA]
TOTAL FM JAN 1     0    HIGHEST SLP M ON M
DPTR FM NORMAL     0    LOWEST  SLP M ON M

[REMARKS]
