000
CXUS53 KGID 290730
CF6JYR
PRELIMINARY LOCAL CLIMATOLOGICAL DATA (WS FORM: F-6)

                                          STATION:   YORK
                                          MONTH:     MAY
                                          YEAR:      2016
                                          LATITUDE:   40 54 N
                                          LONGITUDE:  97 37 W

  TEMPERATURE IN F:       :PCPN:    SNOW:  WIND      :SUNSHINE: SKY     :PK WND
================================================================================
1   2   3   4   5  6A  6B    7    8   9   10  11  12  13   14  15   16   17  18
                                     12Z  AVG MX 2MIN
DY MAX MIN AVG DEP HDD CDD  WTR  SNW DPTH SPD SPD DIR MIN PSBL S-S WX    SPD DR
================================================================================

 1  48  41  45   M  20   0 0.06    M    M 14.5 21  20   M    M  10 1      29  20
 2  59  41  50   M  15   0 0.00    M    M  5.8 12 320   M    M   4         M  M
 3  68  39  54   M  11   0 0.00    M    M  5.4 14 290   M    M   1 8      21 290
 4  68  45  57   M   8   0 0.00    M    M  9.9 15 360   M    M   0        24 360
 5  81  39  60   M   5   0 0.00    M    M  4.4  9 160   M    M   0         M  M
 6  84  50  67   M   0   2 0.00    M    M 12.3 22 210   M    M   0        29 210
 7  73  54  64   M   1   0 0.00    M    M 11.1 22  80   M    M   1 8      25  80
 8  77  50  64   M   1   0 0.15    M    M 17.5 23 130   M    M   4 3      29 130
 9  72  55  64   M   1   0 0.18    M    M 12.3 23 140   M    M   6 3      31 120
10  77  46  62   M   3   0 0.79    M    M  8.1 18 300   M    M   2 13     25 320
11  68  50  59   M   6   0 0.94    M    M 13.4 23 360   M    M   4 3      32 360
12  70  46  58   M   7   0 0.00    M    M 11.1 22 310   M    M   0        32 310
13  72  39  56   M   9   0 0.00    M    M 16.4 33 360   M    M   1        47 360
14  57  36  47   M  18   0 0.00    M    M  9.9 18 340   M    M   0        29 340
15  61  36  49   M  16   0 0.00    M    M  6.5 17 220   M    M   5         M  M
16  50  46  48   M  17   0 0.23    M    M  9.2 17  70   M    M   9         M  M
17  66  43  55   M  10   0 0.00    M    M  5.8 12  30   M    M   3 1      17  30
18  70  41  56   M   9   0 0.00    M    M  4.1 12 200   M    M   2         M  M
19  68  46  57   M   8   0 0.00    M    M 10.8 18 180   M    M   5        27 170
20  64  48  56   M   9   0 0.00    M    M 10.4 16 150   M    M   9        22 150
21  72  50  61   M   4   0 0.00    M    M 11.7 17 150   M    M   6 1      28 150
22  82  59  71   M   0   6 0.00    M    M 19.4 28 180   M    M   5        35 160
23  77  57  67   M   0   2 1.66    M    M 12.0 20 170   M    M   6 3      29 170
24  81  57  69   M   0   4 0.02    M    M  5.6 15 140   M    M   3 3       M  M
25  77  59  68   M   0   3 0.44    M    M 12.2 39 320   M    M   4 3      53 320
26  77  54  66   M   0   1 0.67    M    M 10.3 27  90   M    M   3 3      32  90
27  72  55  64   M   1   0 0.50    M    M  8.2 22 170   M    M   7 3      28 170
28  73  55  64   M   1   0 0.00    M    M  9.7 18 270   M    M   4        21 300
================================================================================
SM 1964 1337       180  18  5.64    M    288.0          M      104
================================================================================
AV 70.1 47.8                              10.3 FASTST   M    M   4    MAX(MPH)
                                 MISC ---->    39   M                 53    M
================================================================================
NOTES:
# LAST OF SEVERAL OCCURRENCES

COLUMN 17 PEAK WIND IN M.P.H.

PRELIMINARY LOCAL CLIMATOLOGICAL DATA (WS FORM: F-6) , PAGE 2

                                          STATION:  YORK
                                          MONTH:    MAY
                                          YEAR:     2016
                                          LATITUDE:   40 54 N
                                          LONGITUDE:  97 37 W

[TEMPERATURE DATA]      [PRECIPITATION DATA]       SYMBOLS USED IN COLUMN 16

AVERAGE MONTHLY: 58.9   TOTAL FOR MONTH:   5.64    1 = FOG OR MIST
DPTR FM NORMAL:     M   DPTR FM NORMAL:       M    2 = FOG REDUCING VISIBILITY
HIGHEST:    84 ON  6    GRTST 24HR  1.66 ON 23-23      TO 1/4 MILE OR LESS
LOWEST:     36 ON 15,14                            3 = THUNDER
                        SNOW, ICE PELLETS, HAIL    4 = ICE PELLETS
                        TOTAL MONTH:    M          5 = HAIL
                        GRTST 24HR    M  ON   M    6 = FREEZING RAIN OR DRIZZLE
                        GRTST DEPTH:  M  ON   M    7 = DUSTSTORM OR SANDSTORM:
                                                       VSBY 1/2 MILE OR LESS
                                                   8 = SMOKE OR HAZE
[NO. OF DAYS WITH]      [WEATHER - DAYS WITH]      9 = BLOWING SNOW
                                                   X = TORNADO
MAX 32 OR BELOW:   0    0.01 INCH OR MORE:  11
MAX 90 OR ABOVE:   0    0.10 INCH OR MORE:   9
MIN 32 OR BELOW:   0    0.50 INCH OR MORE:   5
MIN  0 OR BELOW:   0    1.00 INCH OR MORE:   1

[HDD (BASE 65) ]
TOTAL THIS MO.   180    CLEAR  (SCALE 0-3)  13
DPTR FM NORMAL     M    PTCLDY (SCALE 4-7)  12
TOTAL FM JUL 1  5265    CLOUDY (SCALE 8-10)  3
DPTR FM NORMAL     M

[CDD (BASE 65) ]
TOTAL THIS MO.    18
DPTR FM NORMAL     M    [PRESSURE DATA]
TOTAL FM JAN 1    20    HIGHEST SLP M ON M
DPTR FM NORMAL     M    LOWEST  SLP M ON M

[REMARKS]
