000
CXUS55 KPUB 311028
CF6LAA
PRELIMINARY LOCAL CLIMATOLOGICAL DATA (WS FORM: F-6)

                                          STATION:   LAMAR CO
                                          MONTH:     MAY
                                          YEAR:      2016
                                          LATITUDE:   38  4 N
                                          LONGITUDE: 102 41 W

  TEMPERATURE IN F:       :PCPN:    SNOW:  WIND      :SUNSHINE: SKY     :PK WND
================================================================================
1   2   3   4   5  6A  6B    7    8   9   10  11  12  13   14  15   16   17  18
                                     12Z  AVG MX 2MIN
DY MAX MIN AVG DEP HDD CDD  WTR  SNW DPTH SPD SPD DIR MIN PSBL S-S WX    SPD DR
================================================================================

 1  48  33  41 -16  24   0 0.00  0.0    0 12.3 29  20   M    M   9        39  30
 2  64  27  46 -12  19   0 0.00  0.0    0  5.6 15 320   M    M   1        20 340
 3  72  41  57  -1   8   0 0.00  0.0    0 11.4 28 360   M    M   2        39  10
 4  80  39  60   2   5   0 0.00  0.0    0  7.1 15 270   M    M   0        19 260
 5  84  44  64   6   1   0 0.00  0.0    0  8.5 20 120   M    M   0        24 110
 6  90  46  68   9   0   3 0.00  0.0    0 16.1 30 180   M    M   0        40 170
 7  87  42  65   6   0   0 0.00  0.0    0 15.9 41 210   M    M   0        56 220
 8  73  37  55  -5  10   0    T  0.0    0  5.3 23 170   M    M   2 18     31 170
 9  76  35  56  -4   9   0 0.00  0.0    0  5.4 17 290   M    M   1        25 340
10  87  38  63   3   2   0    T  0.0    0  9.2 35  60   M    M   1        45  60
11  73  41  57  -4   8   0    M  0.0    0  7.4 20  10   M    M   4 1      25  10
12  77  40  59  -2   6   0 0.00  0.0    0  8.8 22 160   M    M   1        28 160
13  84  43  64   3   1   0 0.00  0.0    0 11.7 26  40   M    M   0        34  70
14  62  36  49 -13  16   0 0.00  0.0    0 12.1 23  90   M    M   5        30 120
15  69  46  58  -4   7   0    T  0.0    0 16.0 29 160   M    M   6        36 170
16  52  45  49 -13  16   0 0.02  0.0    0 11.6 17  40   M    M  10 12     22  70
17  54  45  50 -13  15   0 0.01  0.0    0  7.4 15  60   M    M   9 18     18  40
18  66  47  57  -6   8   0 0.00  0.0    0 10.4 21 170   M    M   7 1      26 170
19  72  46  59  -4   6   0 0.00  0.0    0 14.1 26 140   M    M   3        34 140
20  84  43  64   0   1   0 0.00  0.0    0 12.3 24 150   M    M   1 1      31 130
21  93  52  73   9   0   8 0.00  0.0    0 17.8 37 180   M    M   1 1      45 170
22  92  62  77  13   0  12 0.00  0.0    0 24.2 43 170   M    M   0        53 170
23  82  49  66   1   0   1 0.00  0.0    0 11.2 33 180   M    M   0        42 180
24  88  48  68   3   0   3 0.00  0.0    0  8.1 21 200   M    M   2 1      27 210
25  85  41  63  -2   2   0 0.00  0.0    0  7.1 14 110   M    M   0        19 100
26  83  42  63  -3   2   0 0.00  0.0    0 11.3 43 300   M    M   3 8      54 290
27  65  41  53 -13  12   0 0.16  0.0    0 13.3 28 360   M    M   5        33 360
28  80  40  60  -6   5   0 0.00  0.0    0  7.4 18  70   M    M   1        22  80
29  89  45  67   1   0   2    T  0.0    0  9.1 38 190   M    M   1        51 180
30  88  44  66  -1   0   1 0.00  0.0    0  9.3 31 160   M    M   0        38 160
================================================================================
SM 2299 1278       183  30  0.19     0.0 327.4          M       75
================================================================================
AV 76.6 42.6                              10.9 FASTST   M    M   3    MAX(MPH)
                                 MISC ---->  # 43 170               # 56  220
================================================================================
NOTES:
# LAST OF SEVERAL OCCURRENCES

COLUMN 17 PEAK WIND IN M.P.H.

PRELIMINARY LOCAL CLIMATOLOGICAL DATA (WS FORM: F-6) , PAGE 2

                                          STATION:  LAMAR CO
                                          MONTH:    MAY
                                          YEAR:     2016
                                          LATITUDE:   38  4 N
                                          LONGITUDE: 102 41 W

[TEMPERATURE DATA]      [PRECIPITATION DATA]       SYMBOLS USED IN COLUMN 16

AVERAGE MONTHLY: 59.6   TOTAL FOR MONTH:   0.19    1 = FOG OR MIST
DPTR FM NORMAL:  -2.5   DPTR FM NORMAL:   -1.73    2 = FOG REDUCING VISIBILITY
HIGHEST:    93 ON 21    GRTST 24HR  0.29 ON 10-11      TO 1/4 MILE OR LESS
LOWEST:     27 ON  2                               3 = THUNDER
                        SNOW, ICE PELLETS, HAIL    4 = ICE PELLETS
                        TOTAL MONTH:   0.0 INCH    5 = HAIL
                        GRTST 24HR     0.0         6 = FREEZING RAIN OR DRIZZLE
                        GRTST DEPTH:   0           7 = DUSTSTORM OR SANDSTORM:
                                                       VSBY 1/2 MILE OR LESS
                                                   8 = SMOKE OR HAZE
[NO. OF DAYS WITH]      [WEATHER - DAYS WITH]      9 = BLOWING SNOW
                                                   X = TORNADO
MAX 32 OR BELOW:   0    0.01 INCH OR MORE:   3
MAX 90 OR ABOVE:   3    0.10 INCH OR MORE:   1
MIN 32 OR BELOW:   1    0.50 INCH OR MORE:   0
MIN  0 OR BELOW:   0    1.00 INCH OR MORE:   0

[HDD (BASE 65) ]
TOTAL THIS MO.   183    CLEAR  (SCALE 0-3)  20
DPTR FM NORMAL    44    PTCLDY (SCALE 4-7)   7
TOTAL FM JUL 1  4741    CLOUDY (SCALE 8-10)  3
DPTR FM NORMAL  -798

[CDD (BASE 65) ]
TOTAL THIS MO.    30
DPTR FM NORMAL   -22    [PRESSURE DATA]
TOTAL FM JAN 1    36    HIGHEST SLP M ON M
DPTR FM NORMAL   -21    LOWEST  SLP 29.54 ON  9

[REMARKS]
