000
CXUS55 KPUB 261059
CF6LAA
PRELIMINARY LOCAL CLIMATOLOGICAL DATA (WS FORM: F-6)

                                          STATION:   LAMAR CO
                                          MONTH:     JUNE
                                          YEAR:      2017
                                          LATITUDE:   38  4 N
                                          LONGITUDE: 102 41 W

  TEMPERATURE IN F:       :PCPN:    SNOW:  WIND      :SUNSHINE: SKY     :PK WND
================================================================================
1   2   3   4   5  6A  6B    7    8   9   10  11  12  13   14  15   16   17  18
                                     12Z  AVG MX 2MIN
DY MAX MIN AVG DEP HDD CDD  WTR  SNW DPTH SPD SPD DIR MIN PSBL S-S WX    SPD DR
================================================================================

 1  87  50  69   2   0   4 0.00  0.0    0 10.7 26 190   M    M   0 1      35 190
 2  88  58  73   5   0   8 0.00  0.0    0 13.2 25 140   M    M   3 3      33 150
 3  83  54  69   1   0   4 0.00  0.0    0  7.3 25  50   M    M   1        33  60
 4  84  53  69   1   0   4 0.00  0.0    0  5.1 13  70   M    M   1        16  70
 5  87  54  71   2   0   6 0.00  0.0    0  5.9 14 160   M    M   0        21 160
 6  88  53  71   2   0   6 0.70  0.0    0  7.3 22  70   M    M   0 3      27  80
 7  84  57  71   2   0   6 0.00  0.0    0  7.3 21  70   M    M   1 3      24  60
 8  86  57  72   2   0   7    T  0.0    0  8.7 17 160   M    M   1        25 110
 9  95  57  76   6   0  11 0.00  0.0    0 10.2 25 190   M    M   0 18     34 190
10 100  65  83  13   0  18 0.00  0.0    0 12.1 24 200   M    M   0        31 200
11  96  55  76   6   0  11 0.00  0.0    0  6.2 17 210   M    M   0        24 240
12  99  53  76   5   0  11 0.00  0.0    0 12.7 29 180   M    M   1 18     39 180
13  94  55  75   4   0  10 0.00  0.0    0 10.0 25 190   M    M   0        32 210
14  90  45  68  -3   0   3 0.00  0.0    0  8.6 22 180   M    M   0        30 190
15  96  49  73   1   0   8 0.00  0.0    0  8.2 16 150   M    M   0        22 270
16 101  51  76   4   0  11 0.00  0.0    0  6.9 20 340   M    M   0 1      25 340
17 102  51  77   5   0  12    T  0.0    0  9.2 32  40   M    M   1        41  40
18  85  63  74   2   0   9 0.00  0.0    0  8.8 20 170   M    M   4        29 170
19  90  55  73   0   0   8 0.00  0.0    0  8.5 22  30   M    M   0        28  50
20 100  57  79   6   0  14 0.00  0.0    0 10.4 28 170   M    M   0        37 150
21 104  72  88  15   0  23    T  0.0    0  9.6 37  10   M    M   0 38     47 360
22 105  68  87  13   0  22 0.01  0.0    0 13.2 36 360   M    M   0 8      47  10
23  75  59  67  -7   0   2    T  0.0    0  8.5 24  40   M    M   7        28  40
24  80  62  71  -3   0   6 0.00  0.0    0  9.3 20 170   M    M   8        27 180
25  82  59  71  -3   0   6    T  0.0    0 12.4 29  80   M    M   7        38  70
================================================================================
SM 2281 1412         0 230  0.71     0.0 230.3          M       35
================================================================================
AV 91.2 56.5                               9.2 FASTST   M    M   1    MAX(MPH)
                                 MISC ---->  # 37  10               # 47  360
================================================================================
NOTES:
# LAST OF SEVERAL OCCURRENCES

COLUMN 17 PEAK WIND IN M.P.H.

PRELIMINARY LOCAL CLIMATOLOGICAL DATA (WS FORM: F-6) , PAGE 2

                                          STATION:  LAMAR CO
                                          MONTH:    JUNE
                                          YEAR:     2017
                                          LATITUDE:   38  4 N
                                          LONGITUDE: 102 41 W

[TEMPERATURE DATA]      [PRECIPITATION DATA]       SYMBOLS USED IN COLUMN 16

AVERAGE MONTHLY: 73.9   TOTAL FOR MONTH:   0.71    1 = FOG OR MIST
DPTR FM NORMAL:   2.9   DPTR FM NORMAL:   -1.30    2 = FOG REDUCING VISIBILITY
HIGHEST:   105 ON 22    GRTST 24HR  0.70 ON  6- 6      TO 1/4 MILE OR LESS
LOWEST:     45 ON 14                               3 = THUNDER
                        SNOW, ICE PELLETS, HAIL    4 = ICE PELLETS
                        TOTAL MONTH:   0.0 INCH    5 = HAIL
                        GRTST 24HR     0.0         6 = FREEZING RAIN OR DRIZZLE
                        GRTST DEPTH:   0           7 = DUSTSTORM OR SANDSTORM:
                                                       VSBY 1/2 MILE OR LESS
                                                   8 = SMOKE OR HAZE
[NO. OF DAYS WITH]      [WEATHER - DAYS WITH]      9 = BLOWING SNOW
                                                   X = TORNADO
MAX 32 OR BELOW:   0    0.01 INCH OR MORE:   2
MAX 90 OR ABOVE:  13    0.10 INCH OR MORE:   1
MIN 32 OR BELOW:   0    0.50 INCH OR MORE:   1
MIN  0 OR BELOW:   0    1.00 INCH OR MORE:   0

[HDD (BASE 65) ]
TOTAL THIS MO.     0    CLEAR  (SCALE 0-3)  21
DPTR FM NORMAL   -19    PTCLDY (SCALE 4-7)   3
TOTAL FM JUL 1  4752    CLOUDY (SCALE 8-10)  1
DPTR FM NORMAL  -807

[CDD (BASE 65) ]
TOTAL THIS MO.   230
DPTR FM NORMAL    61    [PRESSURE DATA]
TOTAL FM JAN 1   287    HIGHEST SLP M ON M
DPTR FM NORMAL    58    LOWEST  SLP 29.63 ON 10

[REMARKS]
