000
CXUS53 KIND 300730
CF6LAF
PRELIMINARY LOCAL CLIMATOLOGICAL DATA (WS FORM: F-6)

                                          STATION:   LAFAYETTE IN
                                          MONTH:     AUGUST
                                          YEAR:      2015
                                          LATITUDE:   40 25 N
                                          LONGITUDE:  86 56 W

  TEMPERATURE IN F:       :PCPN:    SNOW:  WIND      :SUNSHINE: SKY     :PK WND
================================================================================
1   2   3   4   5  6A  6B    7    8   9   10  11  12  13   14  15   16   17  18
                                     12Z  AVG MX 2MIN
DY MAX MIN AVG DEP HDD CDD  WTR  SNW DPTH SPD SPD DIR MIN PSBL S-S WX    SPD DR
================================================================================

 1  83  57  70  -4   0   5 0.00    M    M  4.4 12 260   M    M   0 1      16 270
 2  89  62  76   2   0  11 0.00    M    M  7.2 20 250   M    M   0        27 220
 3  84  60  72  -2   0   7 0.06    M    M  6.1 18  40   M    M   2 13     24  30
 4  80  55  68  -6   0   3 0.00    M    M  4.0 15 290   M    M   0 18     21 290
 5  82  58  70  -4   0   5 0.00    M    M  4.8 15  50   M    M   0 18     19  90
 6  77  59  68  -6   0   3 0.07    M    M  9.8 21  90   M    M   5 1      25  70
 7  81  55  68  -6   0   3 0.00    M    M  3.6 10 110   M    M   0 8      15  90
 8  83  59  71  -3   0   6 0.00    M    M  2.5 12 240   M    M   3 1      17 220
 9  77  68  73  -1   0   8 0.08    M    M  2.4 10 110   M    M   7 18     13 110
10  84  65  75   1   0  10 0.03    M    M  6.0 21 340   M    M   6 128    28 310
11  84  60  72  -2   0   7 0.00    M    M  6.2 17 350   M    M   4 128    22  10
12  82  55  69  -5   0   4 0.00    M    M  4.9 14 320   M    M   1        19 340
13  84  55  70  -4   0   5 0.00    M    M  2.3 10 260   M    M   0 1      16 240
14  86  62  74   0   0   9 0.00    M    M  4.0 13 290   M    M   1 1      17 220
15  85  61  73  -1   0   8 0.35    M    M  3.8 26  60   M    M   2 13     32  30
16  88  66  77   3   0  12 0.00    M    M  2.6 15 220   M    M   2 13     18 230
17  87  65  76   2   0  11 0.02    M    M  3.5 15 160   M    M   1 13     27 160
18  82  66  74   1   0   9 0.08    M    M  5.3 20 310   M    M   3 13     24 310
19  80  64  72  -1   0   7    T    M    M  8.3 17 230   M    M   5 13     24 210
20  75  54  65  -8   0   0    T    M    M  8.6 25 260   M    M   1 8      33 260
21  80  50  65  -8   0   0 0.00    M    M  2.5 12 210   M    M   1 1      23 180
22  80  54  67  -6   0   2 0.00    M    M  3.7 15 170   M    M   0        24 140
23  82  59  71  -2   0   6 0.05    M    M  8.1 21 260   M    M   4 1      26 260
24  75  53  64  -9   1   0 0.00    M    M 10.3 23 290   M    M   2        31 270
25  74  52  63 -10   2   0 0.00    M    M  7.8 21 280   M    M   6        27 270
26   M   M   M   M   M   M 0.00    M    M  7.0 10 330   0    0   0         M  M
27  78  51  65  -7   0   0 0.00    M    M  3.2 10  70   M    M   3 1      14  90
28  80  56  68  -4   0   3 0.00    M    M  3.8 10 170   M    M   1 1      14 210
29  80  63  72   0   0   7    T    M    M  3.1 12 210   M    M   5        15 200
================================================================================
SM 2282 1644         3 151  0.74    M    149.8            0     65
================================================================================
AV 81.5 58.7                               5.2 FASTST    0   0   2    MAX(MPH)
                                 MISC ---->  # 26  60               # 33  260
================================================================================
NOTES:
# LAST OF SEVERAL OCCURRENCES

COLUMN 17 PEAK WIND IN M.P.H.

PRELIMINARY LOCAL CLIMATOLOGICAL DATA (WS FORM: F-6) , PAGE 2

                                          STATION:  LAFAYETTE IN
                                          MONTH:    AUGUST
                                          YEAR:     2015
                                          LATITUDE:   40 25 N
                                          LONGITUDE:  86 56 W

[TEMPERATURE DATA]      [PRECIPITATION DATA]       SYMBOLS USED IN COLUMN 16

AVERAGE MONTHLY: 70.1   TOTAL FOR MONTH:   0.74    1 = FOG OR MIST
DPTR FM NORMAL:  -3.3   DPTR FM NORMAL:   -2.52    2 = FOG REDUCING VISIBILITY
HIGHEST:    89 ON  2    GRTST 24HR  0.35 ON 15-15      TO 1/4 MILE OR LESS
LOWEST:     50 ON 21                               3 = THUNDER
                        SNOW, ICE PELLETS, HAIL    4 = ICE PELLETS
                        TOTAL MONTH:    M          5 = HAIL
                        GRTST 24HR    M  ON   M    6 = FREEZING RAIN OR DRIZZLE
                        GRTST DEPTH:  M  ON   M    7 = DUSTSTORM OR SANDSTORM:
                                                       VSBY 1/2 MILE OR LESS
                                                   8 = SMOKE OR HAZE
[NO. OF DAYS WITH]      [WEATHER - DAYS WITH]      9 = BLOWING SNOW
                                                   X = TORNADO
MAX 32 OR BELOW:   0    0.01 INCH OR MORE:   8
MAX 90 OR ABOVE:   0    0.10 INCH OR MORE:   1
MIN 32 OR BELOW:   0    0.50 INCH OR MORE:   0
MIN  0 OR BELOW:   0    1.00 INCH OR MORE:   0

[HDD (BASE 65) ]
TOTAL THIS MO.     3    CLEAR  (SCALE 0-3)  21
DPTR FM NORMAL     3    PTCLDY (SCALE 4-7)   8
TOTAL FM JUL 1     9    CLOUDY (SCALE 8-10)  0
DPTR FM NORMAL     8

[CDD (BASE 65) ]
TOTAL THIS MO.   151
DPTR FM NORMAL   -97    [PRESSURE DATA]
TOTAL FM JAN 1   640    HIGHEST SLP  0.00 ON 26
DPTR FM NORMAL  -199    LOWEST  SLP 29.72 ON 19

[REMARKS]
