000
CXUS55 KCYS 261000
CF6LAR
PRELIMINARY LOCAL CLIMATOLOGICAL DATA (WS FORM: F-6)

                                          STATION:   LARAMIE WYOMING AIRPORT
                                          MONTH:     FEBRUARY
                                          YEAR:      2015
                                          LATITUDE:   41 18 N
                                          LONGITUDE: 105 40 W

  TEMPERATURE IN F:       :PCPN:    SNOW:  WIND      :SUNSHINE: SKY     :PK WND
================================================================================
1   2   3   4   5  6A  6B    7    8   9   10  11  12  13   14  15   16   17  18
                                     12Z  AVG MX 2MIN
DY MAX MIN AVG DEP HDD CDD  WTR  SNW DPTH SPD SPD DIR MIN PSBL S-S WX    SPD DR
================================================================================

 1  29  14  22   0  43   0    T    M    M 15.5 26 240   M    M   7        35 310
 2  41  26  34  12  31   0 0.00    M    M 18.5 37 240   M    M   5        46 240
 3  43  34  39  17  26   0 0.00    M    M 20.2 33 260   M    M   4        42 270
 4  40  17  29   7  36   0 0.11    M    M 12.6 36 270   M    M   9        48 270
 5  50  26  38  16  27   0 0.00    M    M 19.1 31 260   M    M   1        39 260
 6  57  37  47  25  18   0 0.00    M    M 17.2 33 260   M    M   0        44 260
 7  57  40  49  27  16   0 0.00    M    M 21.8 40 260   M    M   0        50 270
 8  51  28  40  18  25   0 0.00    M    M 13.4 33 280   M    M   1        41 280
 9  56  24  40  18  25   0 0.00    M    M 15.5 39 270   M    M   0        48 250
10  45  25  35  13  30   0 0.00    M    M  8.8 21 310   M    M   7        26 310
11  44  23  34  12  31   0 0.00    M    M  6.7 16 320   M    M   4        22 320
12  52  22  37  14  28   0 0.00    M    M 13.7 29 260   M    M   1        35 260
13  55  24  40  17  25   0 0.00    M    M  7.1 21 330   M    M   0        34 330
14  59  25  42  19  23   0 0.00    M    M 13.6 31 240   M    M   1        37 250
15  43  16  30   7  35   0 0.07    M    M  6.3 15  60   M    M   9        18  70
16  24   2  13 -11  52   0 0.04    M    M  6.2 17 360   M    M   6        21 360
17  27   5  16  -8  49   0    T    M    M 17.4 33 300   M    M   7        42 320
18  44  23  34  10  31   0 0.00    M    M 11.2 23 280   M    M   2        27 280
19  52  31  42  18  23   0 0.00    M    M 13.8 29 280   M    M   1        34 280
20  40  18  29   5  36   0    T    M    M 14.8 28 280   M    M   5 18     34 280
21  28   6  17  -8  48   0 0.04    M    M  7.6 25  60   M    M  10 12     33  60
22   6  -2   2 -23  63   0    T    M    M 12.4 22 150   M    M   8 189    26 130
23  15 -15   0 -25  65   0    T    M    M  6.9 21 150   M    M   1        24 150
24  36  -8  14 -12  51   0 0.00    M    M  6.4 17 260   M    M   1        21 270
25  33   7  20  -6  45   0    T    M    M 14.2 33 290   M    M  10 12     46 300
================================================================================
SM 1027  448       882   0  0.26    M    320.9          M      100
================================================================================
AV 41.1 17.9                              12.8 FASTST   M    M   4    MAX(MPH)
                                 MISC ---->  # 40 260               # 50  270
================================================================================
NOTES:
# LAST OF SEVERAL OCCURRENCES

COLUMN 17 PEAK WIND IN M.P.H.

PRELIMINARY LOCAL CLIMATOLOGICAL DATA (WS FORM: F-6) , PAGE 2

                                          STATION:  LARAMIE WYOMING AIRPORT
                                          MONTH:    FEBRUARY
                                          YEAR:     2015
                                          LATITUDE:   41 18 N
                                          LONGITUDE: 105 40 W

[TEMPERATURE DATA]      [PRECIPITATION DATA]       SYMBOLS USED IN COLUMN 16

AVERAGE MONTHLY: 29.5   TOTAL FOR MONTH:   0.26    1 = FOG OR MIST
DPTR FM NORMAL:   6.3   DPTR FM NORMAL:   -0.04    2 = FOG REDUCING VISIBILITY
HIGHEST:    59 ON 14    GRTST 24HR  0.11 ON  4- 4      TO 1/4 MILE OR LESS
LOWEST:    -15 ON 23                               3 = THUNDER
                        SNOW, ICE PELLETS, HAIL    4 = ICE PELLETS
                        TOTAL MONTH:    M          5 = HAIL
                        GRTST 24HR    M  ON   M    6 = FREEZING RAIN OR DRIZZLE
                        GRTST DEPTH:  M  ON   M    7 = DUSTSTORM OR SANDSTORM:
                                                       VSBY 1/2 MILE OR LESS
                                                   8 = SMOKE OR HAZE
[NO. OF DAYS WITH]      [WEATHER - DAYS WITH]      9 = BLOWING SNOW
                                                   X = TORNADO
MAX 32 OR BELOW:   6    0.01 INCH OR MORE:   4
MAX 90 OR ABOVE:   0    0.10 INCH OR MORE:   1
MIN 32 OR BELOW:  22    0.50 INCH OR MORE:   0
MIN  0 OR BELOW:   3    1.00 INCH OR MORE:   0

[HDD (BASE 65) ]
TOTAL THIS MO.   882    CLEAR  (SCALE 0-3)  12
DPTR FM NORMAL  -161    PTCLDY (SCALE 4-7)   9
TOTAL FM JUL 1  5508    CLOUDY (SCALE 8-10)  4
DPTR FM NORMAL  -550

[CDD (BASE 65) ]
TOTAL THIS MO.     0
DPTR FM NORMAL     0    [PRESSURE DATA]
TOTAL FM JAN 1     0    HIGHEST SLP M ON M
DPTR FM NORMAL     0    LOWEST  SLP 29.65 ON  7

[REMARKS]
