000
CXUS54 KLUB 300755
CF6LBB
PRELIMINARY LOCAL CLIMATOLOGICAL DATA (WS FORM: F-6)

                                          STATION:   LUBBOCK
                                          MONTH:     MARCH
                                          YEAR:      2017
                                          LATITUDE:   33 39 N
                                          LONGITUDE: 101 49 W

  TEMPERATURE IN F:       :PCPN:    SNOW:  WIND      :SUNSHINE: SKY     :PK WND
================================================================================
1   2   3   4   5  6A  6B    7    8   9   10  11  12  13   14  15   16   17  18
                                     12Z  AVG MX 2MIN
DY MAX MIN AVG DEP HDD CDD  WTR  SNW DPTH SPD SPD DIR MIN PSBL S-S WX    SPD DR
================================================================================

 1  58  29  44  -4  21   0 0.00  0.0    0  8.5 22  10   M    M   2        27 330
 2  63  27  45  -3  20   0 0.00  0.0    0  7.3 18 190   M    M   1        22 210
 3  63  38  51   3  14   0 0.00  0.0    0 13.9 24 190   M    M   6        30 190
 4  69  38  54   5  11   0 0.00  0.0    0 15.1 28 170   M    M   7        33 180
 5  80  51  66  17   0   1 0.00  0.0    0 17.1 25 220   M    M   7        32 210
 6  82  52  67  18   0   2 0.00  0.0    0 20.1 35 240   M    M   5 18     45 230
 7  62  34  48  -2  17   0 0.00  0.0    0 11.2 18 100   M    M   2 8      23 330
 8  80  39  60  10   5   0 0.00  0.0    0 12.2 25 210   M    M   3 8      30 210
 9  87  55  71  21   0   6 0.00  0.0    0 11.5 24 200   M    M   7 18     29 190
10  64  42  53   3  12   0 0.00  0.0    0 13.5 28  40   M    M   4 18     32  50
11  65  40  53   3  12   0    T  0.0    0 13.6 33  50   M    M  10 18     38  50
12  63  35  49  -2  16   0    T  0.0    0 11.4 25 220   M    M   7        30 220
13  65  38  52   1  13   0 0.00  0.0    0 10.4 30  40   M    M   6 128    40  40
14  79  37  58   7   7   0 0.00  0.0    0 10.4 23 100   M    M   7        27 100
15  70  34  52   0  13   0 0.00  0.0    0 11.2 20 180   M    M   2 8      24  90
16  87  52  70  18   0   5    T  0.0    0 13.9 24 210   M    M   6 18     28 210
17  87  45  66  14   0   1 0.00  0.0    0 14.0 21  50   M    M   3        26  40
18  83  52  68  16   0   3 0.00  0.0    0  9.3 20 200   M    M   6 128    26 200
19  89  53  71  18   0   6 0.00  0.0    0 14.6 26 210   M    M   3 138    35 220
20  93  56  75  22   0  10 0.00  0.0    0 10.3 28 210   M    M   2 8      36 200
21  92  54  73  20   0   8 0.00  0.0    0 11.6 23  70   M    M   3 8      29  30
22  75  47  61   8   4   0 0.00  0.0    0 12.7 21 140   M    M   2 8      26 140
23  81  56  69  15   0   4 0.13  0.0    0 27.7 44 170   M    M   5 138    54 190
24  68  45  57   3   8   0 0.00  0.0    0 26.0 41 260   M    M   3 8      52 260
25  74  40  57   3   8   0 0.00  0.0    0 12.1 21 330   M    M   2        27 330
26  79  47  63   9   2   0 0.00  0.0    0 14.6 36 280   M    M   4        43 260
27  75  37  56   1   9   0 0.00  0.0    0 11.8 21 170   M    M   1        25 170
28  74  52  63   8   2   0 0.15  0.0    0 12.6 28 120   M    M   8 138    34 120
29  52  43  48  -7  17   0 0.39  0.0    0 15.9 31 360   M    M   9 13     39 360
================================================================================
SM 2159 1268       211  46  0.67     0.0 394.5          M      133
================================================================================
AV 74.5 43.7                              13.6 FASTST   M    M   5    MAX(MPH)
                                 MISC ---->  # 44 170               # 54  190
================================================================================
NOTES:
# LAST OF SEVERAL OCCURRENCES

COLUMN 17 PEAK WIND IN M.P.H.

PRELIMINARY LOCAL CLIMATOLOGICAL DATA (WS FORM: F-6) , PAGE 2

                                          STATION:  LUBBOCK
                                          MONTH:    MARCH
                                          YEAR:     2017
                                          LATITUDE:   33 39 N
                                          LONGITUDE: 101 49 W

[TEMPERATURE DATA]      [PRECIPITATION DATA]       SYMBOLS USED IN COLUMN 16

AVERAGE MONTHLY: 59.1   TOTAL FOR MONTH:   0.67    1 = FOG OR MIST
DPTR FM NORMAL:   7.5   DPTR FM NORMAL:   -0.36    2 = FOG REDUCING VISIBILITY
HIGHEST:    93 ON 20    GRTST 24HR  0.39 ON 29-29      TO 1/4 MILE OR LESS
LOWEST:     27 ON  2                               3 = THUNDER
                        SNOW, ICE PELLETS, HAIL    4 = ICE PELLETS
                        TOTAL MONTH:   0.0 INCH    5 = HAIL
                        GRTST 24HR     0.0         6 = FREEZING RAIN OR DRIZZLE
                        GRTST DEPTH:   0           7 = DUSTSTORM OR SANDSTORM:
                                                       VSBY 1/2 MILE OR LESS
                                                   8 = SMOKE OR HAZE
[NO. OF DAYS WITH]      [WEATHER - DAYS WITH]      9 = BLOWING SNOW
                                                   X = TORNADO
MAX 32 OR BELOW:   0    0.01 INCH OR MORE:   3
MAX 90 OR ABOVE:   2    0.10 INCH OR MORE:   3
MIN 32 OR BELOW:   2    0.50 INCH OR MORE:   0
MIN  0 OR BELOW:   0    1.00 INCH OR MORE:   0

[HDD (BASE 65) ]
TOTAL THIS MO.   211    CLEAR  (SCALE 0-3)  12
DPTR FM NORMAL  -184    PTCLDY (SCALE 4-7)  14
TOTAL FM JUL 1  2295    CLOUDY (SCALE 8-10)  3
DPTR FM NORMAL  -839

[CDD (BASE 65) ]
TOTAL THIS MO.    46
DPTR FM NORMAL    46    [PRESSURE DATA]
TOTAL FM JAN 1    50    HIGHEST SLP M ON M
DPTR FM NORMAL    50    LOWEST  SLP 29.45 ON 23

[REMARKS]
