000
CXUS52 KILM 201000
CF6LBT
PRELIMINARY LOCAL CLIMATOLOGICAL DATA (WS FORM: F-6)

                                          STATION:   LUMBERTON NORTH CAROLINA
                                          MONTH:     NOVEMBER
                                          YEAR:      2017
                                          LATITUDE:   34 35 N
                                          LONGITUDE:  79  4 W

  TEMPERATURE IN F:       :PCPN:    SNOW:  WIND      :SUNSHINE: SKY     :PK WND
================================================================================
1   2   3   4   5  6A  6B    7    8   9   10  11  12  13   14  15   16   17  18
                                     12Z  AVG MX 2MIN
DY MAX MIN AVG DEP HDD CDD  WTR  SNW DPTH SPD SPD DIR MIN PSBL S-S WX    SPD DR
================================================================================

 1  78  41  60   2   5   0 0.00    M    M  2.0 10 140   M    M   1 12     15 190
 2  80  53  67   9   0   2 0.00    M    M  1.4  7 360   M    M   1 1       9 360
 3  83  49  66   8   0   1 0.00    M    M  1.8  9 320   M    M   0 12     13 320
 4  81  53  67   9   0   2 0.00    M    M  5.6 14  60   M    M   2 1      18  60
 5  70  54  62   5   3   0 0.00    M    M  4.1 10  30   M    M   8 12     14  40
 6  81  54  68  11   0   3 0.00    M    M  2.8 12 240   M    M   4 12     15 230
 7  80  57  69  12   0   4    T    M    M  2.9 15  30   M    M   6 1      21  30
 8  62  47  55  -1  10   0 0.02    M    M 10.0 17  20   M    M  10 1      22  20
 9  52  47  50  -6  15   0 0.40    M    M  5.6 10 330   M    M  10 1      18 330
10  64  43  54  -2  11   0 0.00    M    M  9.0 17  50   M    M   2        26  50
11  52  32  42 -14  23   0    T    M    M  8.6 17  40   M    M   0        24  50
12  64  34  49  -6  16   0 0.00    M    M  5.9 12  40   M    M   4        15  10
13  67  45  56   1   9   0 0.12    M    M  6.1 15  10   M    M   6 1      20 360
14  60  38  49  -6  16   0 0.00    M    M  8.0 17  20   M    M   1 1      25 340
15  58  33  46  -8  19   0 0.00    M    M  4.6 13  40   M    M   0 1      17  40
16  70  32  51  -3  14   0 0.00    M    M  2.9 14 320   M    M   0 1      19 270
17  61  30  46  -8  19   0 0.00    M    M  2.8 13  40   M    M   0 1      17  40
18  72  28  50  -4  15   0 0.00    M    M  6.1 18 190   M    M   1 1      26 190
19  66  41  54   1  11   0 0.01    M    M 11.4 21 200   M    M   2 8      32 190
================================================================================
SM 1301  811       186  12  0.55    M    101.6          M       58
================================================================================
AV 68.5 42.7                               5.3 FASTST   M    M   3    MAX(MPH)
                                 MISC ---->  # 21 200               # 32  190
================================================================================
NOTES:
# LAST OF SEVERAL OCCURRENCES

COLUMN 17 PEAK WIND IN M.P.H.

PRELIMINARY LOCAL CLIMATOLOGICAL DATA (WS FORM: F-6) , PAGE 2

                                          STATION:  LUMBERTON NORTH CAROLINA
                                          MONTH:    NOVEMBER
                                          YEAR:     2017
                                          LATITUDE:   34 35 N
                                          LONGITUDE:  79  4 W

[TEMPERATURE DATA]      [PRECIPITATION DATA]       SYMBOLS USED IN COLUMN 16

AVERAGE MONTHLY: 55.6   TOTAL FOR MONTH:   0.55    1 = FOG OR MIST
DPTR FM NORMAL:  -0.3   DPTR FM NORMAL:   -1.20    2 = FOG REDUCING VISIBILITY
HIGHEST:    83 ON  3    GRTST 24HR  0.40 ON  9- 9      TO 1/4 MILE OR LESS
LOWEST:     28 ON 18                               3 = THUNDER
                        SNOW, ICE PELLETS, HAIL    4 = ICE PELLETS
                        TOTAL MONTH:    M          5 = HAIL
                        GRTST 24HR    M  ON   M    6 = FREEZING RAIN OR DRIZZLE
                        GRTST DEPTH:  M  ON   M    7 = DUSTSTORM OR SANDSTORM:
                                                       VSBY 1/2 MILE OR LESS
                                                   8 = SMOKE OR HAZE
[NO. OF DAYS WITH]      [WEATHER - DAYS WITH]      9 = BLOWING SNOW
                                                   X = TORNADO
MAX 32 OR BELOW:   0    0.01 INCH OR MORE:   4
MAX 90 OR ABOVE:   0    0.10 INCH OR MORE:   2
MIN 32 OR BELOW:   4    0.50 INCH OR MORE:   0
MIN  0 OR BELOW:   0    1.00 INCH OR MORE:   0

[HDD (BASE 65) ]
TOTAL THIS MO.   186    CLEAR  (SCALE 0-3)  12
DPTR FM NORMAL     2    PTCLDY (SCALE 4-7)   5
TOTAL FM JUL 1   283    CLOUDY (SCALE 8-10)  2
DPTR FM NORMAL   -33

[CDD (BASE 65) ]
TOTAL THIS MO.    12
DPTR FM NORMAL     2    [PRESSURE DATA]
TOTAL FM JAN 1  2105    HIGHEST SLP M ON M
DPTR FM NORMAL   201    LOWEST  SLP 29.65 ON 19

[REMARKS]
