000
CXUS54 KHGX 281515
CF6LBX
PRELIMINARY LOCAL CLIMATOLOGICAL DATA (WS FORM: F-6)

                                          STATION:   ANGLETON/LAKE_JACKS
                                          MONTH:     MARCH
                                          YEAR:      2017
                                          LATITUDE:   29  6 N
                                          LONGITUDE:  95 28 W

  TEMPERATURE IN F:       :PCPN:    SNOW:  WIND      :SUNSHINE: SKY     :PK WND
================================================================================
1   2   3   4   5  6A  6B    7    8   9   10  11  12  13   14  15   16   17  18
                                     12Z  AVG MX 2MIN
DY MAX MIN AVG DEP HDD CDD  WTR  SNW DPTH SPD SPD DIR MIN PSBL S-S WX    SPD DR
================================================================================

 1  86  63  75  16   0  10 0.00  0.0    0 11.3 23 360   M    M   7 18     30 360
 2  68  49  59   0   6   0 0.00  0.0    0 10.7 23  40   M    M   0        33  60
 3  68  45  57  -3   8   0    T    M    0  9.3 23  80   M    M   1        33  70
 4  69  56  63   3   2   0 0.05  0.0    0  8.6 18  80   M    M   8        25  80
 5  72  66  69   9   0   4 1.20  0.0    0 13.4 24 150   M    M   9 13     30 160
 6  79  70  75  15   0  10 0.03  0.0    0 19.2 32 170   M    M  10 1      41 160
 7  84  62  73  13   0   8 0.11  0.0    0 10.9 20 170   M    M   9 13     23  50
 8  72  61  67   7   0   2 0.00  0.0    0  8.1 17 110   M    M  10 1      22  90
 9  80  67  74  13   0   9    T  0.0    0  8.6 20 170   M    M   8 1      23 170
10  76  66  71  10   0   6 0.07  0.0    0  4.1 13  10   M    M   6 1      15 110
11  72  65  69   8   0   4 0.51  0.0    0  7.9 16 130   M    M  10 1      24 120
12  66  52  59  -2   6   0 0.17  0.0    0 10.3 23  20   M    M  10 1      29  10
13  70  49  60  -1   5   0 0.00  0.0    0  6.4 17  10   M    M   7        23  20
14  70  44  57  -5   8   0 0.00  0.0    0  5.1 13 140   M    M   0 1      17  30
15  70  47  59  -3   6   0 0.00  0.0    0  7.2 18  90   M    M   4 1      23  70
16  79  62  71   9   0   6 0.01  0.0    0 12.0 23 170   M    M   8        28 150
17  78  65  72  10   0   7 0.00  0.0    0 14.4 23 180   M    M   5        27 160
18  83  60  72  10   0   7 0.00  0.0    0  6.8 20 190   M    M   5 12     23 190
19  82  58  70   8   0   5 0.00  0.0    0  7.3 18 180   M    M   4 12     23 160
20  83  62  73  10   0   8 0.00  0.0    0  8.3 20 190   M    M   2 12     24 180
21  82  61  72   9   0   7 0.00  0.0    0  9.7 21 180   M    M   3 1      27 170
22  82  60  71   8   0   6 0.00  0.0    0  7.6 17 160   M    M   2 12     22 180
23  82  64  73  10   0   8 0.00  0.0    0 12.9 23 160   M    M   3        30 160
24  81  71  76  12   0  11 0.00  0.0    0 20.6 33 170   M    M   6        39 170
25  86  67  77  13   0  12    T  0.0    0  8.3 17 200   M    M   6 12     22 200
26  83  67  75  11   0  10 0.00  0.0    0 13.0 26 170   M    M   7 1      31 170
27  84  72  78  14   0  13 0.00  0.0    0 10.3 20 170   M    M   8 18     25 180
================================================================================
SM 2087 1631        41 153  2.15     0.0 272.3          M      158
================================================================================
AV 77.3 60.4                              10.1 FASTST   M    M   6    MAX(MPH)
                                 MISC ---->  # 33 170               # 41  160
================================================================================
NOTES:
# LAST OF SEVERAL OCCURRENCES

COLUMN 17 PEAK WIND IN M.P.H.

PRELIMINARY LOCAL CLIMATOLOGICAL DATA (WS FORM: F-6) , PAGE 2

                                          STATION:  ANGLETON/LAKE_JACKS
                                          MONTH:    MARCH
                                          YEAR:     2017
                                          LATITUDE:   29  6 N
                                          LONGITUDE:  95 28 W

[TEMPERATURE DATA]      [PRECIPITATION DATA]       SYMBOLS USED IN COLUMN 16

AVERAGE MONTHLY: 68.9   TOTAL FOR MONTH:   2.15    1 = FOG OR MIST
DPTR FM NORMAL:   7.3   DPTR FM NORMAL:   -1.01    2 = FOG REDUCING VISIBILITY
HIGHEST:    86 ON 25, 1 GRTST 24HR  1.20 ON  5- 5      TO 1/4 MILE OR LESS
LOWEST:     44 ON 14                               3 = THUNDER
                        SNOW, ICE PELLETS, HAIL    4 = ICE PELLETS
                        TOTAL MONTH:   0.0 INCH    5 = HAIL
                        GRTST 24HR     0.0         6 = FREEZING RAIN OR DRIZZLE
                        GRTST DEPTH:   0           7 = DUSTSTORM OR SANDSTORM:
                                                       VSBY 1/2 MILE OR LESS
                                                   8 = SMOKE OR HAZE
[NO. OF DAYS WITH]      [WEATHER - DAYS WITH]      9 = BLOWING SNOW
                                                   X = TORNADO
MAX 32 OR BELOW:   0    0.01 INCH OR MORE:   8
MAX 90 OR ABOVE:   0    0.10 INCH OR MORE:   4
MIN 32 OR BELOW:   0    0.50 INCH OR MORE:   2
MIN  0 OR BELOW:   0    1.00 INCH OR MORE:   1

[HDD (BASE 65) ]
TOTAL THIS MO.    41    CLEAR  (SCALE 0-3)   7
DPTR FM NORMAL   -96    PTCLDY (SCALE 4-7)  13
TOTAL FM JUL 1   535    CLOUDY (SCALE 8-10)  7
DPTR FM NORMAL  -726

[CDD (BASE 65) ]
TOTAL THIS MO.   153
DPTR FM NORMAL   112    [PRESSURE DATA]
TOTAL FM JAN 1   358    HIGHEST SLP M ON M
DPTR FM NORMAL   281    LOWEST  SLP 29.79 ON 26

[REMARKS]
