000
CXUS54 KLCH 231410
CF6LCH
PRELIMINARY LOCAL CLIMATOLOGICAL DATA (WS FORM: F-6)

                                          STATION:   LAKE CHARLES
                                          MONTH:     OCTOBER
                                          YEAR:      2014
                                          LATITUDE:   30  7 N
                                          LONGITUDE:  93 13 W

  TEMPERATURE IN F:       :PCPN:    SNOW:  WIND      :SUNSHINE: SKY     :PK WND
================================================================================
1   2   3   4   5  6A  6B    7    8   9   10  11  12  13   14  15   16   17  18
                                     12Z  AVG MX 2MIN
DY MAX MIN AVG DEP HDD CDD  WTR  SNW DPTH SPD SPD DIR MIN PSBL S-S WX    SPD DR
================================================================================

 1  89  74  82   8   0  17 0.08  0.0    0  7.1 16 120   M    M   5 13     20 110
 2  89  77  83   9   0  18 0.04  0.0    0  8.7 17 190   M    M   4 1      25 210
 3  84  65  75   1   0  10 1.02  0.0    0  7.4 22 340   M    M   4 13     28 310
 4  75  55  65  -9   0   0 0.00  0.0    0  7.7 20  40   M    M   0        24  50
 5  82  54  68  -5   0   3 0.00  0.0    0  6.4 17 170   M    M   1        23 170
 6  84  64  74   1   0   9 0.60  0.0    0  3.8 33  20   M    M   2 13     47  20
 7  85  64  75   2   0  10 0.00  0.0    0  4.5 10 200   M    M   0 18     15 200
 8  87  68  78   6   0  13 0.00  0.0    0  3.7 10 180   M    M   4 12     14 190
 9  87  71  79   7   0  14 0.00  0.0    0  5.4 13 200   M    M   4 12     18 170
10  87  72  80   8   0  15 0.00  0.0    0  6.3 14 200   M    M   2 1      21 210
11  88  69  79   7   0  14 0.25  0.0    0  2.8 21 280   M    M   1 13     31 270
12  86  70  78   7   0  13 0.00  0.0    0  6.5 15 190   M    M   2 1      22 190
13  86  61  74   3   0   9 0.51  0.0    0 11.1 28 190   M    M   4 13     45 330
14  75  53  64  -7   1   0 0.00  0.0    0  7.6 18 330   M    M   0        24 320
15  81  52  67  -3   0   2 0.00  0.0    0  4.6 13 300   M    M   0        18 290
16  84  56  70   0   0   5 0.00  0.0    0  4.2 12 190   M    M   0 1      16 200
17  83  60  72   2   0   7 0.00  0.0    0  3.6 14 200   M    M   2 1      18 190
18  85  62  74   4   0   9 0.00  0.0    0  3.4 13  80   M    M   3 1      15  50
19  79  59  69   0   0   4 0.00  0.0    0  8.2 15  70   M    M   1        18  70
20  81  56  69   0   0   4 0.00  0.0    0  5.7 10  50   M    M   0 8      13  40
21  82  55  69   0   0   4 0.00  0.0    0  5.8 16  50   M    M   0 1      24  40
22  81  59  70   2   0   5 0.00  0.0    0  8.0 17  60   M    M   0 1      22  50
================================================================================
SM 1840 1376         1 185  2.50     0.0 132.5          M       39
================================================================================
AV 83.6 62.5                               6.0 FASTST   M    M   2    MAX(MPH)
                                 MISC ---->    33   M                 47    M
================================================================================
NOTES:
# LAST OF SEVERAL OCCURRENCES

COLUMN 17 PEAK WIND IN M.P.H.

PRELIMINARY LOCAL CLIMATOLOGICAL DATA (WS FORM: F-6) , PAGE 2

                                          STATION:  LAKE CHARLES
                                          MONTH:    OCTOBER
                                          YEAR:     2014
                                          LATITUDE:   30  7 N
                                          LONGITUDE:  93 13 W

[TEMPERATURE DATA]      [PRECIPITATION DATA]       SYMBOLS USED IN COLUMN 16

AVERAGE MONTHLY: 73.1   TOTAL FOR MONTH:   2.50    1 = FOG OR MIST
DPTR FM NORMAL:   1.7   DPTR FM NORMAL:   -0.85    2 = FOG REDUCING VISIBILITY
HIGHEST:    89 ON  2, 1 GRTST 24HR  1.06 ON  2- 3      TO 1/4 MILE OR LESS
LOWEST:     52 ON 15                               3 = THUNDER
                        SNOW, ICE PELLETS, HAIL    4 = ICE PELLETS
                        TOTAL MONTH:   0.0 INCH    5 = HAIL
                        GRTST 24HR     0.0         6 = FREEZING RAIN OR DRIZZLE
                        GRTST DEPTH:   0           7 = DUSTSTORM OR SANDSTORM:
                                                       VSBY 1/2 MILE OR LESS
                                                   8 = SMOKE OR HAZE
[NO. OF DAYS WITH]      [WEATHER - DAYS WITH]      9 = BLOWING SNOW
                                                   X = TORNADO
MAX 32 OR BELOW:   0    0.01 INCH OR MORE:   6
MAX 90 OR ABOVE:   0    0.10 INCH OR MORE:   4
MIN 32 OR BELOW:   0    0.50 INCH OR MORE:   3
MIN  0 OR BELOW:   0    1.00 INCH OR MORE:   1

[HDD (BASE 65) ]
TOTAL THIS MO.     1    CLEAR  (SCALE 0-3)  16
DPTR FM NORMAL   -13    PTCLDY (SCALE 4-7)   6
TOTAL FM JUL 1     1    CLOUDY (SCALE 8-10)  0
DPTR FM NORMAL   -14

[CDD (BASE 65) ]
TOTAL THIS MO.   185
DPTR FM NORMAL    29    [PRESSURE DATA]
TOTAL FM JAN 1  2644    HIGHEST SLP M ON M
DPTR FM NORMAL   -52    LOWEST  SLP 29.74 ON 13

[REMARKS]
