000
CXUS54 KLCH 262110
CF6LCH
PRELIMINARY LOCAL CLIMATOLOGICAL DATA (WS FORM: F-6)

                                          STATION:   LAKE CHARLES
                                          MONTH:     DECEMBER
                                          YEAR:      2014
                                          LATITUDE:   30  7 N
                                          LONGITUDE:  93 13 W

  TEMPERATURE IN F:       :PCPN:    SNOW:  WIND      :SUNSHINE: SKY     :PK WND
================================================================================
1   2   3   4   5  6A  6B    7    8   9   10  11  12  13   14  15   16   17  18
                                     12Z  AVG MX 2MIN
DY MAX MIN AVG DEP HDD CDD  WTR  SNW DPTH SPD SPD DIR MIN PSBL S-S WX    SPD DR
================================================================================

 1  78  55  67  10   0   2    T  0.0    0  6.5 13 340   M    M   6 1      19 200
 2  60  50  55  -1  10   0 0.00  0.0    0  7.4 14 360   M    M   7 1      19  20
 3  71  49  60   4   5   0 0.00  0.0    0  5.2  9  20   M    M   5 1      13  40
 4  71  52  62   6   3   0 0.00  0.0    0  4.7 10 100   M    M   7 12     12 110
 5  78  65  72  16   0   7 0.00  0.0    0  8.4 17 200   M    M   8 128    26 200
 6  79  59  69  14   0   4 0.01  0.0    0  9.3 21  50   M    M   8 12     24  50
 7  63  47  55   0  10   0 0.00  0.0    0 10.2 22  50   M    M   4        27  60
 8  65  41  53  -2  12   0 0.00  0.0    0  6.1 13  10   M    M   0 18     15 360
 9  69  41  55   0  10   0 0.00  0.0    0  3.0 10  40   M    M   0 18     13  40
10  64  42  53  -2  12   0 0.00  0.0    0  4.6 12  70   M    M   0        15  70
11  66  45  56   2   9   0 0.00  0.0    0  3.6  9  80   M    M   4 1      12  90
12  68  46  57   3   8   0 0.00  0.0    0  2.5  9 150   M    M   5 1      10 170
13  71  48  60   6   5   0    T    M    0  6.4 15 130   M    M   1 18     19 150
14  73  52  63   9   2   0 0.00  0.0    0 10.3 21 150   M    M   5 1      24 140
15  77  61  69  15   0   4 0.03  0.0    0 10.9 21 210   M    M   7 1      29 220
16  64  45  55   1  10   0 0.00  0.0    0  8.5 16 350   M    M   2        23 340
17  62  40  51  -2  14   0 0.00  0.0    0  6.2 13  80   M    M   2 18     15  80
18  65  52  59   6   6   0    T  0.0    0  8.4 16  40   M    M   9 1      19  50
19  58  50  54   1  11   0 1.00  0.0    0 12.7 16  30   M    M  10 13     16  30
20  61  46  54   1  11   0 0.00  0.0    0  9.2 15  40   M    M   6 1      20  40
21  53  40  47  -6  18   0 0.00  0.0    0  3.5 13 130   M    M   8 12     15 140
22  73  51  62   9   3   0 0.00  0.0    0  7.7 18 230   M    M   8 12     30 230
23  67  47  57   4   8   0 0.49  0.0    0  8.8 23 340   M    M   9 123    31 360
24  50  36  43  -9  22   0 0.00  0.0    0  7.8 17 320   M    M   3        24 330
25  60  34  47  -5  18   0 0.00  0.0    0  7.5 17 150   M    M   1        22 160
================================================================================
SM 1666 1194       207  17  1.53     0.0 179.4          M      125
================================================================================
AV 66.6 47.8                               7.2 FASTST   M    M   5    MAX(MPH)
                                 MISC ---->  # 23 340               # 31  360
================================================================================
NOTES:
# LAST OF SEVERAL OCCURRENCES

COLUMN 17 PEAK WIND IN M.P.H.

PRELIMINARY LOCAL CLIMATOLOGICAL DATA (WS FORM: F-6) , PAGE 2

                                          STATION:  LAKE CHARLES
                                          MONTH:    DECEMBER
                                          YEAR:     2014
                                          LATITUDE:   30  7 N
                                          LONGITUDE:  93 13 W

[TEMPERATURE DATA]      [PRECIPITATION DATA]       SYMBOLS USED IN COLUMN 16

AVERAGE MONTHLY: 57.2   TOTAL FOR MONTH:   1.53    1 = FOG OR MIST
DPTR FM NORMAL:   3.0   DPTR FM NORMAL:   -2.17    2 = FOG REDUCING VISIBILITY
HIGHEST:    79 ON  6    GRTST 24HR  1.00 ON 19-19      TO 1/4 MILE OR LESS
LOWEST:     34 ON 25                               3 = THUNDER
                        SNOW, ICE PELLETS, HAIL    4 = ICE PELLETS
                        TOTAL MONTH:   0.0 INCH    5 = HAIL
                        GRTST 24HR     0.0         6 = FREEZING RAIN OR DRIZZLE
                        GRTST DEPTH:   0           7 = DUSTSTORM OR SANDSTORM:
                                                       VSBY 1/2 MILE OR LESS
                                                   8 = SMOKE OR HAZE
[NO. OF DAYS WITH]      [WEATHER - DAYS WITH]      9 = BLOWING SNOW
                                                   X = TORNADO
MAX 32 OR BELOW:   0    0.01 INCH OR MORE:   4
MAX 90 OR ABOVE:   0    0.10 INCH OR MORE:   2
MIN 32 OR BELOW:   0    0.50 INCH OR MORE:   1
MIN  0 OR BELOW:   0    1.00 INCH OR MORE:   1

[HDD (BASE 65) ]
TOTAL THIS MO.   207    CLEAR  (SCALE 0-3)   8
DPTR FM NORMAL   -79    PTCLDY (SCALE 4-7)  12
TOTAL FM JUL 1   483    CLOUDY (SCALE 8-10)  5
DPTR FM NORMAL   -10

[CDD (BASE 65) ]
TOTAL THIS MO.    17
DPTR FM NORMAL    -8    [PRESSURE DATA]
TOTAL FM JAN 1  2704    HIGHEST SLP M ON M
DPTR FM NORMAL  -110    LOWEST  SLP 29.54 ON 23

[REMARKS]
