000
CXUS53 KLMK 260800
CF6LEX
PRELIMINARY LOCAL CLIMATOLOGICAL DATA (WS FORM: F-6)

                                          STATION:   LEXINGTON KY
                                          MONTH:     APRIL
                                          YEAR:      2017
                                          LATITUDE:   38  1 N
                                          LONGITUDE:  84 36 W

  TEMPERATURE IN F:       :PCPN:    SNOW:  WIND      :SUNSHINE: SKY     :PK WND
================================================================================
1   2   3   4   5  6A  6B    7    8   9   10  11  12  13   14  15   16   17  18
                                     12Z  AVG MX 2MIN
DY MAX MIN AVG DEP HDD CDD  WTR  SNW DPTH SPD SPD DIR MIN PSBL S-S WX    SPD DR
================================================================================

 1  49  42  46  -5  19   0    T  0.0    0  6.8 14 280   M    M  10 18     18 290
 2  67  45  56   5   9   0 0.00  0.0    0  9.2 14  90   M    M   4        19  50
 3  70  59  65  14   0   0 0.08  0.0    0 13.3 31 160   M    M   4        39 160
 4  72  53  63  11   2   0    T  0.0    0 12.3 22 250   M    M   6        31 230
 5  81  50  66  14   0   1 0.30  0.0    0 15.3 31 160   M    M   1 13     39 170
 6  56  42  49  -3  16   0 0.15  0.0    0 17.3 31 280   M    M  10 1      45 280
 7  57  36  47  -6  18   0 0.00  0.0    0 11.4 22 280   M    M   2        31 310
 8  63  34  49  -4  16   0 0.00  0.0    0  4.5 10 210   M    M   0        14 140
 9  77  46  62   9   3   0 0.00  0.0    0 11.5 21 190   M    M   0        27 200
10  81  59  70  16   0   5 0.00  0.0    0 13.9 29 210   M    M   0        39 220
11  71  56  64  10   1   0 0.27  0.0    0  7.7 16 240   M    M   7 13     21 290
12  71  48  60   6   5   0 0.00  0.0    0  6.2 13  70   M    M   0        16  30
13  78  52  65  11   0   0 0.00  0.0    0  6.2 15 130   M    M   0        18 120
14  82  50  66  11   0   1 0.00  0.0    0  4.6  9 140   M    M   0        11 260
15  83  64  74  19   0   9 0.00  0.0    0 10.3 23 210   M    M   2        28 230
16  76  61  69  13   0   4 0.42  0.0    0 10.9 28 280   M    M   8 13     37 280
17  75  60  68  12   0   3 0.01  0.0    0  7.4 14 360   M    M   8 1      17  40
18  73  60  67  11   0   2 0.02  0.0    0  8.3 15 130   M    M   8        19 170
19  81  62  72  16   0   7 0.03  0.0    0  9.1 18 230   M    M   4 1      24 220
20  83  63  73  16   0   8    T  0.0    0 11.6 23 220   M    M   3        30 220
21  69  54  62   5   3   0 0.07  0.0    0  8.9 16 350   M    M   7 1      21 220
22  54  45  50  -7  15   0 0.29  0.0    0 12.6 23  60   M    M   7 1      27  60
23  57  43  50  -8  15   0 0.01  0.0    0 14.8 24  30   M    M   7        31  50
24  70  54  62   4   3   0 0.00  0.0    0 11.4 23  50   M    M   9        27  50
25  74  51  63   5   2   0 0.00  0.0    0  5.7 10  90   M    M   3 1      13  80
================================================================================
SM 1770 1289       127  40  1.65     0.0 251.2          M      110
================================================================================
AV 70.8 51.6                              10.0 FASTST   M    M   4    MAX(MPH)
                                 MISC ---->  # 31 160               # 45  280
================================================================================
NOTES:
# LAST OF SEVERAL OCCURRENCES

COLUMN 17 PEAK WIND IN M.P.H.

PRELIMINARY LOCAL CLIMATOLOGICAL DATA (WS FORM: F-6) , PAGE 2

                                          STATION:  LEXINGTON KY
                                          MONTH:    APRIL
                                          YEAR:     2017
                                          LATITUDE:   38  1 N
                                          LONGITUDE:  84 36 W

[TEMPERATURE DATA]      [PRECIPITATION DATA]       SYMBOLS USED IN COLUMN 16

AVERAGE MONTHLY: 61.2   TOTAL FOR MONTH:   1.65    1 = FOG OR MIST
DPTR FM NORMAL:   6.7   DPTR FM NORMAL:   -1.28    2 = FOG REDUCING VISIBILITY
HIGHEST:    83 ON 20,15 GRTST 24HR  0.42 ON 16-16      TO 1/4 MILE OR LESS
LOWEST:     34 ON  8                               3 = THUNDER
                        SNOW, ICE PELLETS, HAIL    4 = ICE PELLETS
                        TOTAL MONTH:   0.0 INCH    5 = HAIL
                        GRTST 24HR     0.0         6 = FREEZING RAIN OR DRIZZLE
                        GRTST DEPTH:   0           7 = DUSTSTORM OR SANDSTORM:
                                                       VSBY 1/2 MILE OR LESS
                                                   8 = SMOKE OR HAZE
[NO. OF DAYS WITH]      [WEATHER - DAYS WITH]      9 = BLOWING SNOW
                                                   X = TORNADO
MAX 32 OR BELOW:   0    0.01 INCH OR MORE:  11
MAX 90 OR ABOVE:   0    0.10 INCH OR MORE:   5
MIN 32 OR BELOW:   0    0.50 INCH OR MORE:   0
MIN  0 OR BELOW:   0    1.00 INCH OR MORE:   0

[HDD (BASE 65) ]
TOTAL THIS MO.   127    CLEAR  (SCALE 0-3)  10
DPTR FM NORMAL  -151    PTCLDY (SCALE 4-7)  11
TOTAL FM JUL 1  3367    CLOUDY (SCALE 8-10)  4
DPTR FM NORMAL -1087

[CDD (BASE 65) ]
TOTAL THIS MO.    40
DPTR FM NORMAL    24    [PRESSURE DATA]
TOTAL FM JAN 1    49    HIGHEST SLP M ON M
DPTR FM NORMAL    31    LOWEST  SLP 29.36 ON  5

[REMARKS]
