000
CXUS53 KLMK 220800
CF6LEX
PRELIMINARY LOCAL CLIMATOLOGICAL DATA (WS FORM: F-6)

                                          STATION:   LEXINGTON KY
                                          MONTH:     SEPTEMBER
                                          YEAR:      2017
                                          LATITUDE:   38  1 N
                                          LONGITUDE:  84 36 W

  TEMPERATURE IN F:       :PCPN:    SNOW:  WIND      :SUNSHINE: SKY     :PK WND
================================================================================
1   2   3   4   5  6A  6B    7    8   9   10  11  12  13   14  15   16   17  18
                                     12Z  AVG MX 2MIN
DY MAX MIN AVG DEP HDD CDD  WTR  SNW DPTH SPD SPD DIR MIN PSBL S-S WX    SPD DR
================================================================================

 1  71  60  66  -7   0   1 2.04  0.0    0 18.7 31  60   M    M  10 1      42  60
 2  64  56  60 -13   5   0 0.11  0.0    0  6.1 16 170   M    M  10 1      22 160
 3  79  55  67  -6   0   2 0.00  0.0    0  7.3 13 220   M    M   7 12     16 220
 4  84  66  75   3   0  10 0.00  0.0    0 12.0 21 220   M    M   1        27 240
 5  73  55  64  -8   1   0 0.25  0.0    0  7.4 17 210   M    M   4 138    23 210
 6  70  49  60 -12   5   0 0.00  0.0    0  4.7 15 280   M    M   3 1      19 280
 7  70  47  59 -13   6   0 0.00  0.0    0  5.5 15 280   M    M   2        20 280
 8  76  47  62  -9   3   0 0.00  0.0    0  3.7 10 280   M    M   0        14 280
 9  74  52  63  -8   2   0 0.00  0.0    0  8.1 17  40   M    M   1        21  40
10  75  50  63  -7   2   0 0.00  0.0    0 10.0 18  40   M    M   0        22  80
11  67  54  61  -9   4   0    T  0.0    0 11.9 22  60   M    M   0        26  50
12  75  58  67  -3   0   2 0.42  0.0    0 13.3 23  70   M    M   8 1      31  60
13  64  60  62  -7   3   0 0.30  0.0    0  6.8 16 210   M    M  10 1      20 210
14  72  60  66  -3   0   1 0.06  0.0    0  4.4 10 280   M    M   8 1      13 270
15  82  56  69   1   0   4 0.00  0.0    0  3.1  8 190   M    M   5 12     10 180
16  85  62  74   6   0   9 0.00  0.0    0  3.0  9  60   M    M   1 1      12  30
17  86  60  73   5   0   8 0.00  0.0    0  1.5  8  10   M    M   1 12     11  30
18  86  63  75   8   0  10 0.00  0.0    0  3.6  7 150   M    M   1 1       9 130
19  79  67  73   6   0   8 0.56  0.0    0  4.8 14 120   M    M   6 13     16 350
20  86  63  75   9   0  10 0.00  0.0    0  3.0  8 250   M    M   1 12     10 210
21  89  65  77  11   0  12 0.00  0.0    0  2.7  9  60   M    M   1 1      12  50
================================================================================
SM 1607 1205        31  77  3.74     0.0 141.6          M       80
================================================================================
AV 76.5 57.4                               6.7 FASTST   M    M   4    MAX(MPH)
                                 MISC ---->  # 31  60               # 42   60
================================================================================
NOTES:
# LAST OF SEVERAL OCCURRENCES

COLUMN 17 PEAK WIND IN M.P.H.

PRELIMINARY LOCAL CLIMATOLOGICAL DATA (WS FORM: F-6) , PAGE 2

                                          STATION:  LEXINGTON KY
                                          MONTH:    SEPTEMBER
                                          YEAR:     2017
                                          LATITUDE:   38  1 N
                                          LONGITUDE:  84 36 W

[TEMPERATURE DATA]      [PRECIPITATION DATA]       SYMBOLS USED IN COLUMN 16

AVERAGE MONTHLY: 67.0   TOTAL FOR MONTH:   3.74    1 = FOG OR MIST
DPTR FM NORMAL:  -2.9   DPTR FM NORMAL:    1.71    2 = FOG REDUCING VISIBILITY
HIGHEST:    89 ON 21    GRTST 24HR  2.04 ON  1- 1      TO 1/4 MILE OR LESS
LOWEST:     47 ON  8, 7                            3 = THUNDER
                        SNOW, ICE PELLETS, HAIL    4 = ICE PELLETS
                        TOTAL MONTH:   0.0 INCH    5 = HAIL
                        GRTST 24HR     0.0         6 = FREEZING RAIN OR DRIZZLE
                        GRTST DEPTH:   0           7 = DUSTSTORM OR SANDSTORM:
                                                       VSBY 1/2 MILE OR LESS
                                                   8 = SMOKE OR HAZE
[NO. OF DAYS WITH]      [WEATHER - DAYS WITH]      9 = BLOWING SNOW
                                                   X = TORNADO
MAX 32 OR BELOW:   0    0.01 INCH OR MORE:   7
MAX 90 OR ABOVE:   0    0.10 INCH OR MORE:   6
MIN 32 OR BELOW:   0    0.50 INCH OR MORE:   2
MIN  0 OR BELOW:   0    1.00 INCH OR MORE:   1

[HDD (BASE 65) ]
TOTAL THIS MO.    31    CLEAR  (SCALE 0-3)  11
DPTR FM NORMAL    13    PTCLDY (SCALE 4-7)   5
TOTAL FM JUL 1    31    CLOUDY (SCALE 8-10)  5
DPTR FM NORMAL    11

[CDD (BASE 65) ]
TOTAL THIS MO.    77
DPTR FM NORMAL   -44    [PRESSURE DATA]
TOTAL FM JAN 1  1158    HIGHEST SLP M ON M
DPTR FM NORMAL    20    LOWEST  SLP 29.72 ON 12

[REMARKS]
