000
CXUS54 KSHV 191300
CF6LFK
PRELIMINARY LOCAL CLIMATOLOGICAL DATA (WS FORM: F-6)

                                          STATION:   LUFKIN
                                          MONTH:     DECEMBER
                                          YEAR:      2014
                                          LATITUDE:   31 14 N
                                          LONGITUDE:  94 45 W

  TEMPERATURE IN F:       :PCPN:    SNOW:  WIND      :SUNSHINE: SKY     :PK WND
================================================================================
1   2   3   4   5  6A  6B    7    8   9   10  11  12  13   14  15   16   17  18
                                     12Z  AVG MX 2MIN
DY MAX MIN AVG DEP HDD CDD  WTR  SNW DPTH SPD SPD DIR MIN PSBL S-S WX    SPD DR
================================================================================

 1  70  46  58   5   7   0 0.01  0.0    0  6.4 16 320   M    M   9 128    21 330
 2  57  43  50  -3  15   0    T  0.0    0  4.8 12 360   M    M  10 18     14 320
 3  62  52  57   4   8   0 0.00  0.0    0  2.6  9  90   M    M  10 128    11  80
 4  74  56  65  13   0   0 0.00  0.0    0  5.3 12 140   M    M  10 128    15 150
 5  81  66  74  22   0   9 0.15  0.0    0  7.0 16 200   M    M   8 12     22 220
 6  71  57  64  12   1   0 0.00  0.0    0  7.0 15  20   M    M   9 128    21  20
 7  63  49  56   4   9   0 0.00  0.0    0  6.1 14  70   M    M   5 8      18  70
 8  68  39  54   3  11   0 0.00  0.0    0  1.8  9  30   M    M   0 18     13 300
 9  71  38  55   4  10   0 0.00  0.0    0  1.2  8  80   M    M   1 128    11  50
10  61  41  51   0  14   0 0.00  0.0    0  4.4 10  90   M    M   2 18     15  90
11  68  52  60   9   5   0 0.02  0.0    0  5.4 10  80   M    M   9 8      12 120
12  73  53  63  13   2   0 0.03  0.0    0  5.5 12 170   M    M   8 128    15 180
13  74  47  61  11   4   0 0.00  0.0    0  4.6 12 130   M    M   8 128    15 120
14  76  58  67  17   0   2    T  0.0    0 11.9 20 150   M    M   9 128    26 150
15  79  53  66  16   0   1 0.11  0.0    0  7.8 18 250   M    M   5 18     24 250
16  62  41  52   2  13   0 0.00  0.0    0  5.6 14 320   M    M   0        20 330
17  55  38  47  -3  18   0    T  0.0    0  4.4 16 100   M    M   6        20 100
18  60  52  56   6   9   0    T  0.0    0  5.2 10  80   M    M  10 8      14  70
================================================================================
SM 1225  881       126  12  0.32     0.0  97.0          M      119
================================================================================
AV 68.1 48.9                               5.4 FASTST   M    M   7    MAX(MPH)
                                 MISC ---->  # 20 150               # 26  150
================================================================================
NOTES:
# LAST OF SEVERAL OCCURRENCES

COLUMN 17 PEAK WIND IN M.P.H.

PRELIMINARY LOCAL CLIMATOLOGICAL DATA (WS FORM: F-6) , PAGE 2

                                          STATION:  LUFKIN
                                          MONTH:    DECEMBER
                                          YEAR:     2014
                                          LATITUDE:   31 14 N
                                          LONGITUDE:  94 45 W

[TEMPERATURE DATA]      [PRECIPITATION DATA]       SYMBOLS USED IN COLUMN 16

AVERAGE MONTHLY: 58.5   TOTAL FOR MONTH:   0.32    1 = FOG OR MIST
DPTR FM NORMAL:   7.3   DPTR FM NORMAL:   -2.35    2 = FOG REDUCING VISIBILITY
HIGHEST:    81 ON  5    GRTST 24HR  0.15 ON  5- 5      TO 1/4 MILE OR LESS
LOWEST:     38 ON 17, 9                            3 = THUNDER
                        SNOW, ICE PELLETS, HAIL    4 = ICE PELLETS
                        TOTAL MONTH:   0.0 INCH    5 = HAIL
                        GRTST 24HR     0.0         6 = FREEZING RAIN OR DRIZZLE
                        GRTST DEPTH:   0           7 = DUSTSTORM OR SANDSTORM:
                                                       VSBY 1/2 MILE OR LESS
                                                   8 = SMOKE OR HAZE
[NO. OF DAYS WITH]      [WEATHER - DAYS WITH]      9 = BLOWING SNOW
                                                   X = TORNADO
MAX 32 OR BELOW:   0    0.01 INCH OR MORE:   5
MAX 90 OR ABOVE:   0    0.10 INCH OR MORE:   2
MIN 32 OR BELOW:   0    0.50 INCH OR MORE:   0
MIN  0 OR BELOW:   0    1.00 INCH OR MORE:   0

[HDD (BASE 65) ]
TOTAL THIS MO.   126    CLEAR  (SCALE 0-3)   4
DPTR FM NORMAL  -132    PTCLDY (SCALE 4-7)   6
TOTAL FM JUL 1   422    CLOUDY (SCALE 8-10)  8
DPTR FM NORMAL  -143

[CDD (BASE 65) ]
TOTAL THIS MO.    12
DPTR FM NORMAL     8    [PRESSURE DATA]
TOTAL FM JAN 1  2980    HIGHEST SLP M ON M
DPTR FM NORMAL   393    LOWEST  SLP 29.84 ON 15

[REMARKS]
