000
CXUS54 KLCH 252110
CF6LFT
PRELIMINARY LOCAL CLIMATOLOGICAL DATA (WS FORM: F-6)

                                          STATION:   LAFAYETTE
                                          MONTH:     OCTOBER
                                          YEAR:      2014
                                          LATITUDE:   30 12 N
                                          LONGITUDE:  92  0 W

  TEMPERATURE IN F:       :PCPN:    SNOW:  WIND      :SUNSHINE: SKY     :PK WND
================================================================================
1   2   3   4   5  6A  6B    7    8   9   10  11  12  13   14  15   16   17  18
                                     12Z  AVG MX 2MIN
DY MAX MIN AVG DEP HDD CDD  WTR  SNW DPTH SPD SPD DIR MIN PSBL S-S WX    SPD DR
================================================================================

 1  88  75  82   7   0  17 0.12  0.0    0  3.7 14 190   M    M   5 1      19 190
 2  91  77  84  10   0  19 0.06  0.0    0  8.0 20 210   M    M   5 1      24 210
 3  83  65  74   0   0   9 0.46  0.0    0  8.4 24 310   M    M   4 13     32 310
 4  74  55  65  -9   0   0 0.00  0.0    0  8.1 21  20   M    M   0        26  40
 5  80  53  67  -7   0   2 0.00  0.0    0  4.3 17 200   M    M   0        26 140
 6  84  63  74   1   0   9 0.29  0.0    0  3.9 21 290   M    M   1 13     27 290
 7  89  64  77   4   0  12 0.00  0.0    0  3.3 12 190   M    M   1 1      15 170
 8  88  67  78   5   0  13 0.00  0.0    0  1.5  8  60   M    M   3 18     12  40
 9  89  72  81   9   0  16 0.00  0.0    0  5.8 15 190   M    M   4 1      20 190
10  90  72  81   9   0  16 0.00  0.0    0  4.9 15 200   M    M   2 12     20 250
11  89  69  79   7   0  14 0.06  0.0    0  2.7 14 220   M    M   4 12     16 210
12  89  70  80   9   0  15 0.00  0.0    0  5.2 16 190   M    M   2 1      22 170
13  87  62  75   4   0  10 1.14  0.0    0 11.1 33 250   M    M   7 138    42 250
14  75  55  65  -6   0   0 0.00  0.0    0  8.9 18 300   M    M   0        26 280
15  79  53  66  -5   0   1 0.00  0.0    0  5.7 16 290   M    M   0        20 330
16  84  54  69  -1   0   4 0.00  0.0    0  4.5 13 250   M    M   0 12     17 280
17  84  58  71   1   0   6 0.00  0.0    0  3.5 13 210   M    M   1 1      17 240
18  86  60  73   3   0   8 0.00  0.0    0  2.8 13  30   M    M   2 1      17  30
19  79  57  68  -1   0   3 0.00  0.0    0  5.9 12  60   M    M   0        16  60
20  81  54  68  -1   0   3 0.00  0.0    0  3.2 10 360   M    M   0        13  10
21  81  54  68  -1   0   3 0.00  0.0    0  4.5 14  20   M    M   0        17  40
22  81  58  70   1   0   5 0.00  0.0    0  5.6 14  20   M    M   0        17  60
23  77  51  64  -4   1   0 0.00  0.0    0  6.2 13  10   M    M   0        16  20
24  77  50  64  -4   1   0 0.00  0.0    0  4.5 13  20   M    M   0        18 360
================================================================================
SM 2005 1468         2 185  2.13     0.0 126.2          M       41
================================================================================
AV 83.5 61.2                               5.3 FASTST   M    M   2    MAX(MPH)
                                 MISC ---->  # 33 250               # 42  250
================================================================================
NOTES:
# LAST OF SEVERAL OCCURRENCES

COLUMN 17 PEAK WIND IN M.P.H.

PRELIMINARY LOCAL CLIMATOLOGICAL DATA (WS FORM: F-6) , PAGE 2

                                          STATION:  LAFAYETTE
                                          MONTH:    OCTOBER
                                          YEAR:     2014
                                          LATITUDE:   30 12 N
                                          LONGITUDE:  92  0 W

[TEMPERATURE DATA]      [PRECIPITATION DATA]       SYMBOLS USED IN COLUMN 16

AVERAGE MONTHLY: 72.4   TOTAL FOR MONTH:   2.13    1 = FOG OR MIST
DPTR FM NORMAL:   1.0   DPTR FM NORMAL:   -1.92    2 = FOG REDUCING VISIBILITY
HIGHEST:    91 ON  2    GRTST 24HR  1.14 ON 13-13      TO 1/4 MILE OR LESS
LOWEST:     50 ON 24                               3 = THUNDER
                        SNOW, ICE PELLETS, HAIL    4 = ICE PELLETS
                        TOTAL MONTH:   0.0 INCH    5 = HAIL
                        GRTST 24HR     0.0         6 = FREEZING RAIN OR DRIZZLE
                        GRTST DEPTH:   0           7 = DUSTSTORM OR SANDSTORM:
                                                       VSBY 1/2 MILE OR LESS
                                                   8 = SMOKE OR HAZE
[NO. OF DAYS WITH]      [WEATHER - DAYS WITH]      9 = BLOWING SNOW
                                                   X = TORNADO
MAX 32 OR BELOW:   0    0.01 INCH OR MORE:   6
MAX 90 OR ABOVE:   2    0.10 INCH OR MORE:   4
MIN 32 OR BELOW:   0    0.50 INCH OR MORE:   1
MIN  0 OR BELOW:   0    1.00 INCH OR MORE:   1

[HDD (BASE 65) ]
TOTAL THIS MO.     2    CLEAR  (SCALE 0-3)  18
DPTR FM NORMAL   -16    PTCLDY (SCALE 4-7)   6
TOTAL FM JUL 1     2    CLOUDY (SCALE 8-10)  0
DPTR FM NORMAL   -17

[CDD (BASE 65) ]
TOTAL THIS MO.   185
DPTR FM NORMAL    13    [PRESSURE DATA]
TOTAL FM JAN 1  2695    HIGHEST SLP M ON M
DPTR FM NORMAL  -165    LOWEST  SLP 29.74 ON 13

[REMARKS]
