241
CXUS54 KFWD 220730
CF6LHB
PRELIMINARY LOCAL CLIMATOLOGICAL DATA (WS FORM: F-6)

                                          STATION:   HEARNE
                                          MONTH:     OCTOBER
                                          YEAR:      2017
                                          LATITUDE:   30 52 N
                                          LONGITUDE:  96 36 W

  TEMPERATURE IN F:       :PCPN:    SNOW:  WIND      :SUNSHINE: SKY     :PK WND
================================================================================
1   2   3   4   5  6A  6B    7    8   9   10  11  12  13   14  15   16   17  18
                                     12Z  AVG MX 2MIN
DY MAX MIN AVG DEP HDD CDD  WTR  SNW DPTH SPD SPD DIR MIN PSBL S-S WX    SPD DR
================================================================================

 1  88  57  73   M   0   8 0.00  0.0    0  1.8  8 160   M    M   0         M  M
 2  88  66  77   M   0  12 0.00  0.0    0  4.4 10  80   M    M   3 1       M  M
 3  90  72  81   M   0  16 0.70  0.0    0  2.3 17 130   M    M   7 13     33 130
 4  88  73  81   M   0  16 0.00  0.0    0  3.2  8  90   M    M   3         M  M
 5  88  65  77   M   0  12 0.00  0.0    0  1.5  7  50   M    M   1         M  M
 6  86  63  75   M   0  10 0.00  0.0    0  2.2  8 100   M    M   1         M  M
 7  88  62  75   M   0  10 0.00  0.0    0  1.3  6 340   M    M   1         M  M
 8  89  64  77   M   0  12 0.00  0.0    0  2.8  9 170   M    M   2         M  M
 9  92  70  81   M   0  16 0.00  0.0    0  6.2 14 170   M    M   3 1      20 180
10  75  58  67   M   0   2 0.00  0.0    0 11.7 21 320   M    M   5        25 310
11  79  53  66   M   0   1 0.00  0.0    0  4.3 12 350   M    M   0        16 360
12  87  56  72   M   0   7 0.00  0.0    0  0.9  7 150   M    M   0         M  M
13  90  69  80   M   0  15 0.00  0.0    0  4.1  9 170   M    M   3 12     16 170
14  91  69  80   M   0  15 0.00  0.0    0  4.8 12 160   M    M   5 12     17 160
15  78  55  67   M   0   2 0.00  0.0    0  8.9 21 340   M    M   4        28 340
16  76  47  62   M   3   0 0.00  0.0    0  6.8 14 340   M    M   0        20  20
17  77  40  59   M   6   0 0.00  0.0    0  1.2  6  20   M    M   0         M  M
18  82  40  61   M   4   0 0.00  0.0    0  1.6  6 140   M    M   0         M  M
19  84  51  68   M   0   3 0.00  0.0    0  2.1  7 190   M    M   2 1       M  M
20  86  64  75   M   0  10    M  0.0    0  4.7 13 120   M    M   5        17 120
21  89  71  80   M   0  15 0.00  0.0    0  7.9 14 170   M    M   7        20 150
================================================================================
SM 1791 1265        13 182  0.70     0.0  84.7          M       52
================================================================================
AV 85.3 60.2                               4.0 FASTST   M    M   2    MAX(MPH)
                                 MISC ---->    21   M                 33    M
================================================================================
NOTES:
# LAST OF SEVERAL OCCURRENCES

COLUMN 17 PEAK WIND IN M.P.H.

PRELIMINARY LOCAL CLIMATOLOGICAL DATA (WS FORM: F-6) , PAGE 2

                                          STATION:  HEARNE
                                          MONTH:    OCTOBER
                                          YEAR:     2017
                                          LATITUDE:   30 52 N
                                          LONGITUDE:  96 36 W

[TEMPERATURE DATA]      [PRECIPITATION DATA]       SYMBOLS USED IN COLUMN 16

AVERAGE MONTHLY: 72.8   TOTAL FOR MONTH:   0.70    1 = FOG OR MIST
DPTR FM NORMAL:     M   DPTR FM NORMAL:       M    2 = FOG REDUCING VISIBILITY
HIGHEST:    92 ON  9    GRTST 24HR  0.70 ON  3- 3      TO 1/4 MILE OR LESS
LOWEST:     40 ON 18,17                            3 = THUNDER
                        SNOW, ICE PELLETS, HAIL    4 = ICE PELLETS
                        TOTAL MONTH:   0.0 INCH    5 = HAIL
                        GRTST 24HR     0.0         6 = FREEZING RAIN OR DRIZZLE
                        GRTST DEPTH:   0           7 = DUSTSTORM OR SANDSTORM:
                                                       VSBY 1/2 MILE OR LESS
                                                   8 = SMOKE OR HAZE
[NO. OF DAYS WITH]      [WEATHER - DAYS WITH]      9 = BLOWING SNOW
                                                   X = TORNADO
MAX 32 OR BELOW:   0    0.01 INCH OR MORE:   1
MAX 90 OR ABOVE:   4    0.10 INCH OR MORE:   1
MIN 32 OR BELOW:   0    0.50 INCH OR MORE:   1
MIN  0 OR BELOW:   0    1.00 INCH OR MORE:   0

[HDD (BASE 65) ]
TOTAL THIS MO.    13    CLEAR  (SCALE 0-3)  12
DPTR FM NORMAL     M    PTCLDY (SCALE 4-7)   9
TOTAL FM JUL 1    13    CLOUDY (SCALE 8-10)  0
DPTR FM NORMAL     M

[CDD (BASE 65) ]
TOTAL THIS MO.   182
DPTR FM NORMAL     M    [PRESSURE DATA]
TOTAL FM JAN 1  2786    HIGHEST SLP M ON M
DPTR FM NORMAL     M    LOWEST  SLP M ON M

[REMARKS]
