000
CXUS55 KPUB 261059
CF6LHX
PRELIMINARY LOCAL CLIMATOLOGICAL DATA (WS FORM: F-6)

                                          STATION:   LA JUNTA CO
                                          MONTH:     JUNE
                                          YEAR:      2017
                                          LATITUDE:   38  2 N
                                          LONGITUDE: 103 31 W

  TEMPERATURE IN F:       :PCPN:    SNOW:  WIND      :SUNSHINE: SKY     :PK WND
================================================================================
1   2   3   4   5  6A  6B    7    8   9   10  11  12  13   14  15   16   17  18
                                     12Z  AVG MX 2MIN
DY MAX MIN AVG DEP HDD CDD  WTR  SNW DPTH SPD SPD DIR MIN PSBL S-S WX    SPD DR
================================================================================

 1  88  52  70   2   0   5 0.00  0.0    0  8.1 18 160   M    M   2        32 140
 2  88  56  72   4   0   7 0.35  0.0    0  9.1 30 150   M    M   1 3      36 160
 3  78  56  67  -1   0   2 0.02  0.0    0  5.6 33 260   M    M   2 38     42 260
 4  83  53  68  -1   0   3 0.00  0.0    0  6.3 12 120   M    M   0        17 280
 5  88  56  72   3   0   7 0.00  0.0    0  6.8 21 190   M    M   0        25 180
 6  88  57  73   3   0   8 0.01  0.0    0  7.3 36 300   M    M   1 13     44 300
 7  83  58  71   1   0   6 0.00  0.0    0  8.1 22 230   M    M   0        26 220
 8  85  57  71   1   0   6 0.00  0.0    0  9.1 20  40   M    M   0        25  80
 9  94  57  76   6   0  11 0.00  0.0    0  8.2 17 190   M    M   2 128    26  90
10  99  57  78   7   0  13 0.00  0.0    0  8.9 20 200   M    M   0        29  90
11  94  58  76   5   0  11 0.00  0.0    0  9.1 22 260   M    M   0 8      24 250
12  98  61  80   8   0  15 0.00  0.0    0 11.1 26 140   M    M   1 8      41 260
13  91  62  77   5   0  12 0.00  0.0    0 14.5 26 280   M    M   0        33 280
14  90  52  71  -1   0   6 0.00  0.0    0 10.0 25 140   M    M   0        30 130
15  94  52  73   1   0   8 0.00  0.0    0  7.0 20 290   M    M   0 8      26 280
16  98  57  78   5   0  13 0.00  0.0    0  8.1 15 270   M    M   0        20 250
17 101  58  80   7   0  15    T  0.0    0  9.6 37  60   M    M   1        44  50
18  86  61  74   0   0   9 0.00  0.0    0  9.7 22 130   M    M   4        27 130
19  90  57  74   0   0   9 0.00  0.0    0  9.4 20  90   M    M   0        30  40
20  99  57  78   4   0  13 0.00  0.0    0  5.2 21  10   M    M   0        27  10
21 102  65  84  10   0  19 0.00  0.0    0 10.9 33 300   M    M   0        42 300
22 102  65  84   9   0  19    T  0.0    0 14.7 40  50   M    M   1        50 360
23  71  60  66  -9   0   1    T  0.0    0  8.9 25  60   M    M   8        31  60
24  80  61  71  -4   0   6 0.00  0.0    0 10.1 20 170   M    M   7        25 140
25  86  58  72  -4   0   7 0.00  0.0    0 11.9 28  80   M    M   5 3      34  80
================================================================================
SM 2256 1443         0 231  0.38     0.0 227.7          M       35
================================================================================
AV 90.2 57.7                               9.1 FASTST   M    M   1    MAX(MPH)
                                 MISC ---->  # 40  50               # 50  360
================================================================================
NOTES:
# LAST OF SEVERAL OCCURRENCES

COLUMN 17 PEAK WIND IN M.P.H.

PRELIMINARY LOCAL CLIMATOLOGICAL DATA (WS FORM: F-6) , PAGE 2

                                          STATION:  LA JUNTA CO
                                          MONTH:    JUNE
                                          YEAR:     2017
                                          LATITUDE:   38  2 N
                                          LONGITUDE: 103 31 W

[TEMPERATURE DATA]      [PRECIPITATION DATA]       SYMBOLS USED IN COLUMN 16

AVERAGE MONTHLY: 74.0   TOTAL FOR MONTH:   0.38    1 = FOG OR MIST
DPTR FM NORMAL:   2.2   DPTR FM NORMAL:   -0.76    2 = FOG REDUCING VISIBILITY
HIGHEST:   102 ON 22,21 GRTST 24HR  0.35 ON  2- 2      TO 1/4 MILE OR LESS
LOWEST:     52 ON 15,14                            3 = THUNDER
                        SNOW, ICE PELLETS, HAIL    4 = ICE PELLETS
                        TOTAL MONTH:   0.0 INCH    5 = HAIL
                        GRTST 24HR     0.0         6 = FREEZING RAIN OR DRIZZLE
                        GRTST DEPTH:   0           7 = DUSTSTORM OR SANDSTORM:
                                                       VSBY 1/2 MILE OR LESS
                                                   8 = SMOKE OR HAZE
[NO. OF DAYS WITH]      [WEATHER - DAYS WITH]      9 = BLOWING SNOW
                                                   X = TORNADO
MAX 32 OR BELOW:   0    0.01 INCH OR MORE:   3
MAX 90 OR ABOVE:  13    0.10 INCH OR MORE:   1
MIN 32 OR BELOW:   0    0.50 INCH OR MORE:   0
MIN  0 OR BELOW:   0    1.00 INCH OR MORE:   0

[HDD (BASE 65) ]
TOTAL THIS MO.     0    CLEAR  (SCALE 0-3)  21
DPTR FM NORMAL   -15    PTCLDY (SCALE 4-7)   4
TOTAL FM JUL 1  4296    CLOUDY (SCALE 8-10)  0
DPTR FM NORMAL  -974

[CDD (BASE 65) ]
TOTAL THIS MO.   231
DPTR FM NORMAL    43    [PRESSURE DATA]
TOTAL FM JAN 1   293    HIGHEST SLP M ON M
DPTR FM NORMAL    32    LOWEST  SLP 29.63 ON 10

[REMARKS]
