000
CXUS55 KPUB 291059
CF6LHX
PRELIMINARY LOCAL CLIMATOLOGICAL DATA (WS FORM: F-6)

                                          STATION:   LA JUNTA CO
                                          MONTH:     AUGUST
                                          YEAR:      2015
                                          LATITUDE:   38  2 N
                                          LONGITUDE: 103 31 W

  TEMPERATURE IN F:       :PCPN:    SNOW:  WIND      :SUNSHINE: SKY     :PK WND
================================================================================
1   2   3   4   5  6A  6B    7    8   9   10  11  12  13   14  15   16   17  18
                                     12Z  AVG MX 2MIN
DY MAX MIN AVG DEP HDD CDD  WTR  SNW DPTH SPD SPD DIR MIN PSBL S-S WX    SPD DR
================================================================================

 1  96  62  79   1   0  14 0.03  0.0    0  6.9 30 300   M    M   0 3      40 290
 2  97  68  83   5   0  18 0.00  0.0    0  8.1 23  70   M    M   0        27  70
 3  89  57  73  -5   0   8 0.64  0.0    0  7.5 43 270   M    M   1 13     58 240
 4  96  59  78   0   0  13 0.00  0.0    0  8.8 20  70   M    M   0        27  70
 5  96  62  79   1   0  14 0.00  0.0    0 11.0 26 140   M    M   0        34 150
 6 102  68  85   7   0  20 0.00  0.0    0 11.0 22 280   M    M   0 8      26 280
 7  96  70  83   6   0  18 0.15  0.0    0  7.8 31 150   M    M   3 13     42 150
 8  94  66  80   3   0  15 0.04  0.0    0  7.5 16 120   M    M   0 38     20 110
 9  93  65  79   2   0  14 0.00  0.0    0  6.9 20  90   M    M   2        23  90
10  91  67  79   2   0  14 0.00  0.0    0  9.2 32 150   M    M   2        39 150
11  90  64  77   0   0  12 0.00  0.0    0 10.1 22 160   M    M   2 3      26 150
12  99  65  82   5   0  17 0.00  0.0    0  7.1 16 260   M    M   0        22 270
13 101  64  83   6   0  18 0.10  0.0    0  9.0 30 330   M    M   1 3      37 330
14  97  66  82   5   0  17 0.01  0.0    0  8.7 22 260   M    M   1        27 270
15 101  69  85   9   0  20 0.00  0.0    0  9.7 25  20   M    M   0        31  20
16  97  66  82   6   0  17 0.01  0.0    0  8.9 31 340   M    M   1 3      39  10
17  90  62  76   0   0  11 0.89  0.0    0 11.2 37 350   M    M   0 13     47 350
18  82  59  71  -5   0   6    T  0.0    0 11.2 22  60   M    M   3 3      25  70
19  74  57  66 -10   0   1 0.00  0.0    0  6.7 14  70   M    M   7        17  60
20  90  55  73  -3   0   8 0.00  0.0    0  9.1 17 180   M    M   0        23 160
21  99  57  78   2   0  13 0.00  0.0    0  9.3 15 170   M    M   0        20 160
22 103  62  83   8   0  18 0.00  0.0    0 14.5 32  50   M    M   2 8      41  50
23  81  57  69  -6   0   4 0.00  0.0    0 11.0 23 120   M    M   3 8      29 110
24  91  51  71  -4   0   6 0.00  0.0    0  6.7 17  80   M    M   0        20  80
25  99  56  78   3   0  13 0.00  0.0    0  6.2 16 110   M    M   0 18     19 110
26 101  60  81   6   0  16 0.00  0.0    0  9.9 25 240   M    M   0        33 230
27  97  67  82   8   0  17    T  0.0    0  9.6 33 350   M    M   2 3      40 330
28  92  61  77   3   0  12 0.00  0.0    0  8.5 18 360   M    M   0        24  10
================================================================================
SM 2634 1742         0 374  1.87     0.0 252.1          M       30
================================================================================
AV 94.1 62.2                               9.0 FASTST   M    M   1    MAX(MPH)
                                 MISC ---->  # 43 270               # 58  240
================================================================================
NOTES:
# LAST OF SEVERAL OCCURRENCES

COLUMN 17 PEAK WIND IN M.P.H.

PRELIMINARY LOCAL CLIMATOLOGICAL DATA (WS FORM: F-6) , PAGE 2

                                          STATION:  LA JUNTA CO
                                          MONTH:    AUGUST
                                          YEAR:     2015
                                          LATITUDE:   38  2 N
                                          LONGITUDE: 103 31 W

[TEMPERATURE DATA]      [PRECIPITATION DATA]       SYMBOLS USED IN COLUMN 16

AVERAGE MONTHLY: 78.1   TOTAL FOR MONTH:   1.87    1 = FOG OR MIST
DPTR FM NORMAL:   1.7   DPTR FM NORMAL:    0.38    2 = FOG REDUCING VISIBILITY
HIGHEST:   103 ON 22    GRTST 24HR  0.89 ON 17-17      TO 1/4 MILE OR LESS
LOWEST:     51 ON 24                               3 = THUNDER
                        SNOW, ICE PELLETS, HAIL    4 = ICE PELLETS
                        TOTAL MONTH:   0.0 INCH    5 = HAIL
                        GRTST 24HR     0.0         6 = FREEZING RAIN OR DRIZZLE
                        GRTST DEPTH:   0           7 = DUSTSTORM OR SANDSTORM:
                                                       VSBY 1/2 MILE OR LESS
                                                   8 = SMOKE OR HAZE
[NO. OF DAYS WITH]      [WEATHER - DAYS WITH]      9 = BLOWING SNOW
                                                   X = TORNADO
MAX 32 OR BELOW:   0    0.01 INCH OR MORE:   8
MAX 90 OR ABOVE:  24    0.10 INCH OR MORE:   4
MIN 32 OR BELOW:   0    0.50 INCH OR MORE:   2
MIN  0 OR BELOW:   0    1.00 INCH OR MORE:   0

[HDD (BASE 65) ]
TOTAL THIS MO.     0    CLEAR  (SCALE 0-3)  27
DPTR FM NORMAL     0    PTCLDY (SCALE 4-7)   1
TOTAL FM JUL 1     0    CLOUDY (SCALE 8-10)  0
DPTR FM NORMAL    -1

[CDD (BASE 65) ]
TOTAL THIS MO.   374
DPTR FM NORMAL    53    [PRESSURE DATA]
TOTAL FM JAN 1  1112    HIGHEST SLP M ON M
DPTR FM NORMAL    60    LOWEST  SLP 29.68 ON 18

[REMARKS]
