000
CXUS55 KPIH 271200
CF6LLJ

PRELIMINARY LOCAL CLIMATOLOGICAL DATA (WS FORM: F-6)

                                          STATION:   CHALLIS ID
                                          MONTH:     JULY
                                          YEAR:      2017
                                          LATITUDE:   44 31 N
                                          LONGITUDE: 114 13 W

  TEMPERATURE IN F:       :PCPN:    SNOW:  WIND      :SUNSHINE: SKY     :PK WND
================================================================================
1   2   3   4   5  6A  6B    7    8   9   10  11  12  13   14  15   16   17  18
                                     12Z  AVG MX 2MIN
DY MAX MIN AVG DEP HDD CDD  WTR  SNW DPTH SPD SPD DIR MIN PSBL S-S WX    SPD DR
================================================================================

 1  88  50  69   4   0   4 0.00    M    M  3.7 15 360   M    M   0 3      27  90
 2  87  51  69   3   0   4 0.01    M    M  3.3 30 310   M    M   1        41 290
 3  93  48  71   5   0   6 0.00    M    M  5.5 18 270   M    M   1        27 280
 4  94  49  72   6   0   7 0.00    M    M  4.7 23 230   M    M   0        29 230
 5  91  55  73   7   0   8 0.01    M    M  3.3 37 310   M    M   0 3      51 310
 6  95  50  73   6   0   8    T    M    M  3.5 15 150   M    M   0        24 150
 7  94  53  74   7   0   9 0.00    M    M  3.1 10  90   M    M   0        13 300
 8  99  57  78  11   0  13 0.00    M    M  3.6 21 270   M    M   0        31 270
 9  92  59  76   8   0  11    T    M    M  4.8 16 260   M    M   0 3      21 270
10  93  56  75   7   0  10 0.00    M    M  7.6 28 230   M    M   0        38 190
11  87  52  70   2   0   5 0.00    M    M  5.1 24 200   M    M   2        33 200
12  90  49  70   2   0   5 0.00    M    M  3.5 10 310   M    M   0        13  70
13  97  51  74   5   0   9 0.00    M    M  4.9 17 270   M    M   0        24 240
14  91  54  73   4   0   8 0.00    M    M  3.1 20 160   M    M   0        25 170
15  94  57  76   7   0  11 0.12    M    M  5.3 25 300   M    M   0 3      34 300
16  91  54  73   4   0   8 0.00    M    M  6.8 24 220   M    M   0        35 250
17  90  49  70   1   0   5 0.00    M    M  6.2 24 280   M    M   0        30 300
18  93  54  74   4   0   9    T    M    M  5.4 20 200   M    M   1        26 240
19  95  47  71   1   0   6 0.00    M    M  5.7 23 220   M    M   0        28 220
20  92  47  70   0   0   5 0.00    M    M  7.4 25 270   M    M   0        34 260
21  90  45  68  -2   0   3 0.00    M    M  4.5 16 280   M    M   0        20 260
22  91  48  70   0   0   5 0.00    M    M  3.4 12 320   M    M   0        15 320
23  95  50  73   3   0   8 0.00    M    M  3.4 17 220   M    M   0        21 220
24  89  50  70   0   0   5    T    M    M  5.4 31 320   M    M   1 3      43  10
25  84  61  73   3   0   8 0.13    M    M  6.0 20 150   M    M   4 3      26 150
26  80  52  66  -4   0   1 0.01    M    M  4.2 14 360   M    M   2        23 210
================================================================================
SM 2375 1348         0 181  0.28    M    123.4          M       12
================================================================================
AV 91.4 51.9                               4.7 FASTST   M    M   0    MAX(MPH)
                                 MISC ---->  # 37 310               # 51  310
================================================================================
NOTES:
# LAST OF SEVERAL OCCURRENCES
PRECIPITATION SUSPECT DURING FREEZING/FROZEN EVENTS

COLUMN 17 PEAK WIND IN M.P.H.

PRELIMINARY LOCAL CLIMATOLOGICAL DATA (WS FORM: F-6) , PAGE 2

                                          STATION:  CHALLIS ID
                                          MONTH:    JULY
                                          YEAR:     2017
                                          LATITUDE:   44 31 N
                                          LONGITUDE: 114 13 W

[TEMPERATURE DATA]      [PRECIPITATION DATA]       SYMBOLS USED IN COLUMN 16

AVERAGE MONTHLY: 71.6   TOTAL FOR MONTH:   0.28    1 = FOG OR MIST
DPTR FM NORMAL:   3.2   DPTR FM NORMAL:   -0.42    2 = FOG REDUCING VISIBILITY
HIGHEST:    99 ON  8    GRTST 24HR  0.13 ON 25-25      TO 1/4 MILE OR LESS
LOWEST:     45 ON 21                               3 = THUNDER
                        SNOW, ICE PELLETS, HAIL    4 = ICE PELLETS
                        TOTAL MONTH:    M          5 = HAIL
                        GRTST 24HR    M  ON   M    6 = FREEZING RAIN OR DRIZZLE
                        GRTST DEPTH:  M  ON   M    7 = DUSTSTORM OR SANDSTORM:
                                                       VSBY 1/2 MILE OR LESS
                                                   8 = SMOKE OR HAZE
[NO. OF DAYS WITH]      [WEATHER - DAYS WITH]      9 = BLOWING SNOW
                                                   X = TORNADO
MAX 32 OR BELOW:   0    0.01 INCH OR MORE:   5
MAX 90 OR ABOVE:  20    0.10 INCH OR MORE:   2
MIN 32 OR BELOW:   0    0.50 INCH OR MORE:   0
MIN  0 OR BELOW:   0    1.00 INCH OR MORE:   0

[HDD (BASE 65) ]
TOTAL THIS MO.     0    CLEAR  (SCALE 0-3)  25
DPTR FM NORMAL   -18    PTCLDY (SCALE 4-7)   1
TOTAL FM JUL 1     0    CLOUDY (SCALE 8-10)  0
DPTR FM NORMAL   -18

[CDD (BASE 65) ]
TOTAL THIS MO.   181
DPTR FM NORMAL    76    [PRESSURE DATA]
TOTAL FM JAN 1   220    HIGHEST SLP 29.89 ON 13
DPTR FM NORMAL    91    LOWEST  SLP 29.74 ON 10

[REMARKS]
