000
CXUS53 KLMK 250800
CF6LOU
PRELIMINARY LOCAL CLIMATOLOGICAL DATA (WS FORM: F-6)

                                          STATION:   LOUISVILLE BOWMAN KY
                                          MONTH:     JANUARY
                                          YEAR:      2015
                                          LATITUDE:   38 13 N
                                          LONGITUDE:  85 40 W

  TEMPERATURE IN F:       :PCPN:    SNOW:  WIND      :SUNSHINE: SKY     :PK WND
================================================================================
1   2   3   4   5  6A  6B    7    8   9   10  11  12  13   14  15   16   17  18
                                     12Z  AVG MX 2MIN
DY MAX MIN AVG DEP HDD CDD  WTR  SNW DPTH SPD SPD DIR MIN PSBL S-S WX    SPD DR
================================================================================

 1  40  22  31  -4  34   0 0.00    M    M  8.0 20 230   M    M   2        24 250
 2  38  35  37   2  28   0 0.01    M    M  2.4 12 230   M    M  10 18     15 220
 3  62  38  50  15  15   0 0.27    M    M  8.1 22 180   M    M  10 13     34 180
 4  61  24  43   8  22   0 0.09    M    M 14.9 24 260   M    M  10 1      31 300
 5  25  16  21 -14  44   0 0.00    M    M  7.3 18 280   M    M   2        25 280
 6  33  22  28  -6  37   0 0.00    M    M  8.5 18 290   M    M   8        22 290
 7  22   5  14 -20  51   0    T    M    M 13.9 24 300   M    M   6        32 320
 8  27   1  14 -20  51   0 0.00    M    M  9.3 23 230   M    M   3        33 220
 9  28  13  21 -13  44   0 0.00    M    M 11.7 23 310   M    M   4        32 230
10  27   7  17 -17  48   0 0.00    M    M  2.5 14 310   M    M   0        18 320
11  44  18  31  -3  34   0 0.06    M    M  3.1 10 200   M    M   9 1      15 200
12  39  31  35   1  30   0 0.11    M    M  6.0 15 360   M    M  10 1      20 350
13  31  24  28  -6  37   0 0.00    M    M  8.2 16  30   M    M  10        21  30
14  33  25  29  -5  36   0 0.00    M    M  3.5  9 260   M    M   8        12 220
15  37  28  33  -1  32   0 0.00    M    M  5.3 13 210   M    M   6        15 200
16  46  24  35   1  30   0 0.00    M    M  1.9  8 220   M    M   0 18     11 220
17  56  28  42   8  23   0 0.00    M    M  8.8 22 210   M    M   1 18     27 190
18  52  32  42   8  23   0 0.08    M    M  9.2 24 230   M    M   3 1      37 230
19  57  27  42   8  23   0 0.00    M    M  0.5  7  50   M    M   0         9  60
20  58  27  43   9  22   0 0.00    M    M  3.9 13 310   M    M   2        16 300
21  54  33  44  10  21   0 0.00    M    M  8.8 25 280   M    M   3        33 290
22  40  29  35   1  30   0 0.00    M    M  2.8  9  30   M    M   8        13  30
23  38  32  35   1  30   0 0.11    M    M  3.7  9  50   M    M   8 1      13  30
24  44  27  36   2  29   0 0.00    M    M  6.9 17 300   M    M   3 18     21 300
================================================================================
SM  992  568       774   0  0.73    M    159.2          M      126
================================================================================
AV 41.3 23.7                               6.6 FASTST   M    M   5    MAX(MPH)
                                 MISC ---->  # 25 280               # 37  230
================================================================================
NOTES:
# LAST OF SEVERAL OCCURRENCES

COLUMN 17 PEAK WIND IN M.P.H.

PRELIMINARY LOCAL CLIMATOLOGICAL DATA (WS FORM: F-6) , PAGE 2

                                          STATION:  LOUISVILLE BOWMAN KY
                                          MONTH:    JANUARY
                                          YEAR:     2015
                                          LATITUDE:   38 13 N
                                          LONGITUDE:  85 40 W

[TEMPERATURE DATA]      [PRECIPITATION DATA]       SYMBOLS USED IN COLUMN 16

AVERAGE MONTHLY: 32.5   TOTAL FOR MONTH:   0.73    1 = FOG OR MIST
DPTR FM NORMAL:  -1.7   DPTR FM NORMAL:   -1.96    2 = FOG REDUCING VISIBILITY
HIGHEST:    62 ON  3    GRTST 24HR  0.34 ON  3- 4      TO 1/4 MILE OR LESS
LOWEST:      1 ON  8                               3 = THUNDER
                        SNOW, ICE PELLETS, HAIL    4 = ICE PELLETS
                        TOTAL MONTH:    M          5 = HAIL
                        GRTST 24HR    M  ON   M    6 = FREEZING RAIN OR DRIZZLE
                        GRTST DEPTH:  M  ON   M    7 = DUSTSTORM OR SANDSTORM:
                                                       VSBY 1/2 MILE OR LESS
                                                   8 = SMOKE OR HAZE
[NO. OF DAYS WITH]      [WEATHER - DAYS WITH]      9 = BLOWING SNOW
                                                   X = TORNADO
MAX 32 OR BELOW:   6    0.01 INCH OR MORE:   7
MAX 90 OR ABOVE:   0    0.10 INCH OR MORE:   3
MIN 32 OR BELOW:  21    0.50 INCH OR MORE:   0
MIN  0 OR BELOW:   0    1.00 INCH OR MORE:   0

[HDD (BASE 65) ]
TOTAL THIS MO.   774    CLEAR  (SCALE 0-3)   9
DPTR FM NORMAL    36    PTCLDY (SCALE 4-7)   7
TOTAL FM JUL 1  2518    CLOUDY (SCALE 8-10)  8
DPTR FM NORMAL   116

[CDD (BASE 65) ]
TOTAL THIS MO.     0
DPTR FM NORMAL     0    [PRESSURE DATA]
TOTAL FM JAN 1     0    HIGHEST SLP M ON M
DPTR FM NORMAL     0    LOWEST  SLP 29.73 ON  4

[REMARKS]
