000
CXUS53 KLMK 210800
CF6LOU
PRELIMINARY LOCAL CLIMATOLOGICAL DATA (WS FORM: F-6)

                                          STATION:   LOUISVILLE BOWMAN KY
                                          MONTH:     OCTOBER
                                          YEAR:      2014
                                          LATITUDE:   38 13 N
                                          LONGITUDE:  85 40 W

  TEMPERATURE IN F:       :PCPN:    SNOW:  WIND      :SUNSHINE: SKY     :PK WND
================================================================================
1   2   3   4   5  6A  6B    7    8   9   10  11  12  13   14  15   16   17  18
                                     12Z  AVG MX 2MIN
DY MAX MIN AVG DEP HDD CDD  WTR  SNW DPTH SPD SPD DIR MIN PSBL S-S WX    SPD DR
================================================================================

 1  84  57  71   8   0   6 0.00    M    M  2.5  8 170   M    M   0        14 150
 2  87  61  74  11   0   9 0.00    M    M  6.2 15 210   M    M   2        21 200
 3  78  49  64   2   1   0 0.23    M    M 12.5 29 280   M    M   9 1      39 280
 4  58  42  50 -12  15   0 0.00    M    M 11.0 23 260   M    M   5        33 250
 5  66  38  52 -10  13   0    T    M    M  5.1 15 230   M    M   5        20 230
 6  69  49  59  -2   6   0 0.24    M    M  4.4 29 300   M    M   5 13     37 310
 7  74  49  62   1   3   0 0.15    M    M  6.7 21 250   M    M   4 1      32 260
 8  74  48  61   1   4   0 0.00    M    M  3.5 15 270   M    M   0        20 300
 9  71  48  60   0   5   0    T    M    M  2.8 10 320   M    M   5        13 360
10  60  53  57  -3   8   0 0.81    M    M  6.0 20 290   M    M  10 1      24 280
11  59  52  56  -4   9   0    T    M    M  5.1 12  60   M    M  10 1      15  60
12  71  53  62   3   3   0    T    M    M  4.7 10 150   M    M   8        16 140
13  78  65  72  13   0   7 0.94    M    M  7.8 21 250   M    M   7 13     27 170
14  68  58  63   4   2   0 0.93    M    M  9.8 21 110   M    M   9 1      32 230
15  58  54  56  -2   9   0 0.25    M    M  6.4 13 270   M    M  10 1      17 200
16  60  52  56  -2   9   0    T    M    M  7.6 14 270   M    M  10 1      17 240
17  74  51  63   5   2   0 0.00    M    M 10.0 21 320   M    M   2        27 260
18  60  49  55  -3  10   0 0.00    M    M  9.2 15 350   M    M  10        22 360
19  61  46  54  -3  11   0 0.00    M    M  2.8  8 290   M    M   5        11 340
20  68  45  57   0   8   0 0.27    M    M  4.1 17 220   M    M   5 1238   24 220
================================================================================
SM 1378 1019       118  22  3.82    M    128.2          M      121
================================================================================
AV 68.9 51.0                               6.4 FASTST   M    M   6    MAX(MPH)
                                 MISC ---->  # 29 280               # 39  280
================================================================================
NOTES:
# LAST OF SEVERAL OCCURRENCES

COLUMN 17 PEAK WIND IN M.P.H.

PRELIMINARY LOCAL CLIMATOLOGICAL DATA (WS FORM: F-6) , PAGE 2

                                          STATION:  LOUISVILLE BOWMAN KY
                                          MONTH:    OCTOBER
                                          YEAR:     2014
                                          LATITUDE:   38 13 N
                                          LONGITUDE:  85 40 W

[TEMPERATURE DATA]      [PRECIPITATION DATA]       SYMBOLS USED IN COLUMN 16

AVERAGE MONTHLY: 59.9   TOTAL FOR MONTH:   3.82    1 = FOG OR MIST
DPTR FM NORMAL:   0.1   DPTR FM NORMAL:    1.71    2 = FOG REDUCING VISIBILITY
HIGHEST:    87 ON  2    GRTST 24HR  1.41 ON 13-14      TO 1/4 MILE OR LESS
LOWEST:     38 ON  5                               3 = THUNDER
                        SNOW, ICE PELLETS, HAIL    4 = ICE PELLETS
                        TOTAL MONTH:    M          5 = HAIL
                        GRTST 24HR    M  ON   M    6 = FREEZING RAIN OR DRIZZLE
                        GRTST DEPTH:  M  ON   M    7 = DUSTSTORM OR SANDSTORM:
                                                       VSBY 1/2 MILE OR LESS
                                                   8 = SMOKE OR HAZE
[NO. OF DAYS WITH]      [WEATHER - DAYS WITH]      9 = BLOWING SNOW
                                                   X = TORNADO
MAX 32 OR BELOW:   0    0.01 INCH OR MORE:   8
MAX 90 OR ABOVE:   0    0.10 INCH OR MORE:   8
MIN 32 OR BELOW:   0    0.50 INCH OR MORE:   3
MIN  0 OR BELOW:   0    1.00 INCH OR MORE:   0

[HDD (BASE 65) ]
TOTAL THIS MO.   118    CLEAR  (SCALE 0-3)   4
DPTR FM NORMAL   -10    PTCLDY (SCALE 4-7)   8
TOTAL FM JUL 1   150    CLOUDY (SCALE 8-10)  8
DPTR FM NORMAL   -14

[CDD (BASE 65) ]
TOTAL THIS MO.    22
DPTR FM NORMAL    -5    [PRESSURE DATA]
TOTAL FM JAN 1  1534    HIGHEST SLP M ON M
DPTR FM NORMAL    94    LOWEST  SLP 29.60 ON 14

[REMARKS]
