000
CXUS54 KCRP 201300
CF6LRD
PRELIMINARY LOCAL CLIMATOLOGICAL DATA (WS FORM: F-6)

                                          STATION:   LAREDO
                                          MONTH:     NOVEMBER
                                          YEAR:      2017
                                          LATITUDE:   27 31 N
                                          LONGITUDE:  99 28 W

  TEMPERATURE IN F:       :PCPN:    SNOW:  WIND      :SUNSHINE: SKY     :PK WND
================================================================================
1   2   3   4   5  6A  6B    7    8   9   10  11  12  13   14  15   16   17  18
                                     12Z  AVG MX 2MIN
DY MAX MIN AVG DEP HDD CDD  WTR  SNW DPTH SPD SPD DIR MIN PSBL S-S WX    SPD DR
================================================================================

 1  84  56  70  -1   0   5 0.00  0.0    0  4.0  9 150   M    M   2         M  M
 2  92  69  81  10   0  16 0.00  0.0    0  0.0  M   M   M    M   0 1       M  M
 3  90  72  81  10   0  16 0.00  0.0    0   M   M   M   M    M   3 1       M  M
 4  90  76  83  13   0  18 0.00  0.0    0   M   M   M   M    M   6         M  M
 5  92  70  81  11   0  16 0.00  0.0    0 99.9100   M   M    M   1       100  M
 6  91  69  80  11   0  15 0.00  0.0    0  0.0  M   M   M    M   1         M  M
 7  90  69  80  11   0  15 0.00  0.0    0  6.9 12 140   M    M   0         M  M
 8  75  53  64  -5   1   0    T  0.0    0   M   M   M   M    M  10         M  M
 9  57  49  53 -15  12   0    T  0.0    0   M   M   M   M    M  10 1       M  M
10  64  56  60  -8   5   0 0.02  0.0    0   M   M   M   M    M  10 18      M  M
11  67  59  63  -5   2   0 0.13  0.0    0   M   M   M   M    M  10 1       M  M
12  79  66  73   6   0   8 0.01  0.0    0  4.6 10 330   M    M  10 1       M  M
13  76  68  72   5   0   7 0.46  0.0    0  5.5  8  90   M    M  10 1       M  M
14  80  68  74   8   0   9 0.00  0.0    0   M   M   M   M    M   8         M  M
15  86  65  76  10   0  11 0.00  0.0    0   M   M   M   M    M   0         M  M
16  83  66  75   9   0  10 0.00  0.0    0   M   M   M   M    M   5 18      M  M
17  89  69  79  14   0  14 0.00  0.0    0 13.0  M   M   M    M   3         M  M
18  86  65  76  11   0  11 0.00  0.0    0   M   M   M   M    M   4         M  M
19  67  50  59  -5   6   0 0.00  0.0    0   M   M   M   M    M   0         M  M
================================================================================
SM 1538 1215        26 171  0.62     0.0 133.9          M       93
================================================================================
AV 81.0 64.0                              16.7 FASTST   M    M   5    MAX(MPH)
                                 MISC ---->   100   M                100    M
================================================================================
NOTES:
# LAST OF SEVERAL OCCURRENCES

COLUMN 17 PEAK WIND IN M.P.H.

PRELIMINARY LOCAL CLIMATOLOGICAL DATA (WS FORM: F-6) , PAGE 2

                                          STATION:  LAREDO
                                          MONTH:    NOVEMBER
                                          YEAR:     2017
                                          LATITUDE:   27 31 N
                                          LONGITUDE:  99 28 W

[TEMPERATURE DATA]      [PRECIPITATION DATA]       SYMBOLS USED IN COLUMN 16

AVERAGE MONTHLY: 72.5   TOTAL FOR MONTH:   0.62    1 = FOG OR MIST
DPTR FM NORMAL:   4.6   DPTR FM NORMAL:   -0.20    2 = FOG REDUCING VISIBILITY
HIGHEST:    92 ON  5, 2 GRTST 24HR  0.46 ON 13-13      TO 1/4 MILE OR LESS
LOWEST:     49 ON  9                               3 = THUNDER
                        SNOW, ICE PELLETS, HAIL    4 = ICE PELLETS
                        TOTAL MONTH:   0.0 INCH    5 = HAIL
                        GRTST 24HR     0.0         6 = FREEZING RAIN OR DRIZZLE
                        GRTST DEPTH:   0           7 = DUSTSTORM OR SANDSTORM:
                                                       VSBY 1/2 MILE OR LESS
                                                   8 = SMOKE OR HAZE
[NO. OF DAYS WITH]      [WEATHER - DAYS WITH]      9 = BLOWING SNOW
                                                   X = TORNADO
MAX 32 OR BELOW:   0    0.01 INCH OR MORE:   4
MAX 90 OR ABOVE:   6    0.10 INCH OR MORE:   2
MIN 32 OR BELOW:   0    0.50 INCH OR MORE:   0
MIN  0 OR BELOW:   0    1.00 INCH OR MORE:   0

[HDD (BASE 65) ]
TOTAL THIS MO.    26    CLEAR  (SCALE 0-3)   9
DPTR FM NORMAL   -19    PTCLDY (SCALE 4-7)   3
TOTAL FM JUL 1    49    CLOUDY (SCALE 8-10)  7
DPTR FM NORMAL    -8

[CDD (BASE 65) ]
TOTAL THIS MO.   171
DPTR FM NORMAL    73    [PRESSURE DATA]
TOTAL FM JAN 1  4813    HIGHEST SLP M ON M
DPTR FM NORMAL   586    LOWEST  SLP 29.82 ON M

[REMARKS]
