000
CXUS54 KFWD 200730
CF6LUD
PRELIMINARY LOCAL CLIMATOLOGICAL DATA (WS FORM: F-6)

                                          STATION:   DECATUR
                                          MONTH:     OCTOBER
                                          YEAR:      2017
                                          LATITUDE:   33 15 N
                                          LONGITUDE:  97 30 W

  TEMPERATURE IN F:       :PCPN:    SNOW:  WIND      :SUNSHINE: SKY     :PK WND
================================================================================
1   2   3   4   5  6A  6B    7    8   9   10  11  12  13   14  15   16   17  18
                                     12Z  AVG MX 2MIN
DY MAX MIN AVG DEP HDD CDD  WTR  SNW DPTH SPD SPD DIR MIN PSBL S-S WX    SPD DR
================================================================================

 1  84  61  73   4   0   8    M  0.0    0  6.9 12 160   M    M   0        16 160
 2  88  67  78  10   0  13 0.00  0.0    0 10.3 16 160   M    M   2        22 150
 3  87  73  80  12   0  15 0.00  0.0    0  6.8 13 130   M    M   8 1      16 130
 4  85  71  78  10   0  13 0.00  0.0    0  7.3 14 170   M    M   5 1      17 170
 5  88  66  77  10   0  12 0.00  0.0    0  5.5  9 140   M    M   1         M  M
 6  87  70  79  12   0  14 0.00  0.0    0  8.8 15 170   M    M   1        22 170
 7  84  66  75   8   0  10 0.00  0.0    0  6.3 13 190   M    M   2        20 180
 8  88  60  74   8   0   9 0.00  0.0    0  5.0  9 150   M    M   0         M  M
 9  92  56  74   8   0   9 0.00  0.0    0 10.7 16 160   M    M   2        22 330
10  67  50  59  -7   6   0 0.00  0.0    0  9.1 16 320   M    M   2 8      27 310
11  75   M   M   M   M   M 0.00  0.0    0  2.3  6 140   M    M   0         M  M
12  85  57  71   6   0   6 0.00  0.0    0  6.7 12 180   M    M   0         M  M
13  90  65  78  13   0  13 0.00  0.0    0  8.4 12 170   M    M   0        18 200
14  91  71  81  16   0  16 0.00  0.0    0 11.1 18 170   M    M   0        22 180
15  78  51  65   1   0   0    M  0.0    0  9.3 14 340   M    M   2        29 360
16  73   M   M   M   M   M 0.00  0.0    0  5.0 12  60   M    M   2 8      17  60
17  74  52  63  -1   2   0 0.00  0.0    0  6.3 12 160   M    M   0 8       M  M
18  81  51  66   3   0   1 0.00  0.0    0  8.1 12 150   M    M   0        17 170
19  81  52  67   4   0   2 0.00  0.0    0  7.8 10 120   M    M   0        16 170
================================================================================
SM 1578 1039         8 141  0.00     0.0 141.7          M       27
================================================================================
AV 83.1 61.1                               7.5 FASTST   M    M   1    MAX(MPH)
                                 MISC ---->    18   M                 29    M
================================================================================
NOTES:
# LAST OF SEVERAL OCCURRENCES

COLUMN 17 PEAK WIND IN M.P.H.

PRELIMINARY LOCAL CLIMATOLOGICAL DATA (WS FORM: F-6) , PAGE 2

                                          STATION:  DECATUR
                                          MONTH:    OCTOBER
                                          YEAR:     2017
                                          LATITUDE:   33 15 N
                                          LONGITUDE:  97 30 W

[TEMPERATURE DATA]      [PRECIPITATION DATA]       SYMBOLS USED IN COLUMN 16

AVERAGE MONTHLY: 72.1   TOTAL FOR MONTH:   0.00    1 = FOG OR MIST
DPTR FM NORMAL:   6.2   DPTR FM NORMAL:   -2.62    2 = FOG REDUCING VISIBILITY
HIGHEST:    92 ON  9    GRTST 24HR  0.00 ON 19-19      TO 1/4 MILE OR LESS
LOWEST:     50 ON 10                               3 = THUNDER
                        SNOW, ICE PELLETS, HAIL    4 = ICE PELLETS
                        TOTAL MONTH:   0.0 INCH    5 = HAIL
                        GRTST 24HR     0.0         6 = FREEZING RAIN OR DRIZZLE
                        GRTST DEPTH:   0           7 = DUSTSTORM OR SANDSTORM:
                                                       VSBY 1/2 MILE OR LESS
                                                   8 = SMOKE OR HAZE
[NO. OF DAYS WITH]      [WEATHER - DAYS WITH]      9 = BLOWING SNOW
                                                   X = TORNADO
MAX 32 OR BELOW:   0    0.01 INCH OR MORE:   0
MAX 90 OR ABOVE:   3    0.10 INCH OR MORE:   0
MIN 32 OR BELOW:   0    0.50 INCH OR MORE:   0
MIN  0 OR BELOW:   0    1.00 INCH OR MORE:   0

[HDD (BASE 65) ]
TOTAL THIS MO.     8    CLEAR  (SCALE 0-3)  17
DPTR FM NORMAL   -40    PTCLDY (SCALE 4-7)   2
TOTAL FM JUL 1     8    CLOUDY (SCALE 8-10)  0
DPTR FM NORMAL   -52

[CDD (BASE 65) ]
TOTAL THIS MO.   141
DPTR FM NORMAL    79    [PRESSURE DATA]
TOTAL FM JAN 1  2477    HIGHEST SLP M ON M
DPTR FM NORMAL   409    LOWEST  SLP M ON M

[REMARKS]
