000
CXUS51 KRNK 011044
CF6LWB

PRELIMINARY LOCAL CLIMATOLOGICAL DATA (WS FORM: F-6)

                                          STATION:   LEWISBURG WV
                                          MONTH:     JANUARY
                                          YEAR:      2015
                                          LATITUDE:   37 52 N
                                          LONGITUDE:  80 24 W

  TEMPERATURE IN F:       :PCPN:    SNOW:  WIND      :SUNSHINE: SKY     :PK WND
================================================================================
1   2   3   4   5  6A  6B    7    8   9   10  11  12  13   14  15   16   17  18
                                     12Z  AVG MX 2MIN
DY MAX MIN AVG DEP HDD CDD  WTR  SNW DPTH SPD SPD DIR MIN PSBL S-S WX    SPD DR
================================================================================

 1  37  22  30   1  35   0    M  0.0    0  7.8 16 240   M    M   3        22 240
 2  39  33  36   7  29   0    M  0.0    0  4.6  9 270   M    M   9        17 280
 3  44  35  40  12  25   0    M  0.0    0  4.8 10  10   M    M  10 1       M  M
 4  64  37  51  23  14   0    M  0.0    0  8.8 21 230   M    M   9 1      32 280
 5  37  22  30   2  35   0    M    T    0  9.9 18 320   M    M   5        26 280
 6  34  22  28   0  37   0    M    T    0  5.3 16 290   M    M   9        25 290
 7  26   4  15 -13  50   0    M    T    T 11.6 18 310   M    M   9        37 310
 8  17   1   9 -19  56   0    M  0.0    T  5.8 15 330   M    M   2        20 320
 9  30  17  24  -4  41   0    M  0.0    0  7.1 18 270   M    M   5        28 280
10  28   8  18 -10  47   0    M  0.0    0  5.3 12 270   M    M   0        18 290
11  42   7  25  -3  40   0    M  0.0    0  1.9  7  20   M    M   5         M  M
12  43  34  39  11  26   0    M  0.0    0  2.4  8  20   M    M  10 12      M  M
13  37  29  33   5  32   0    M  0.0    0  4.1  7  90   M    M  10 1       M  M
14  33  27  30   2  35   0    M    T    0  2.9  8 310   M    M  10 1       M  M
15  33  20  27  -1  38   0    M    T    0  3.5  8 250   M    M   9         M  M
16  35  27  31   3  34   0    M  0.0    0  6.7 14 270   M    M   5        24 270
17  50  18  34   6  31   0    M  0.0    0  2.0 10 170   M    M   0 1      16 190
18  47  25  36   8  29   0    M    T    0  5.8 14 270   M    M   6        24 270
19  51  29  40  12  25   0    M  0.0    0  4.7 13 280   M    M   3        18 280
20  55  22  39  11  26   0    M  0.0    0  2.0  9 290   M    M   2         M  M
21  49  28  39  10  26   0    M    T    0  2.5 12 270   M    M   6        18 270
22  37  26  32   3  33   0    M  0.0    0  2.8  8 290   M    M   7        16 290
23  35  25  30   1  35   0    M    T    0  2.7  8  20   M    M   9 146     M  M
24  36  31  34   5  31   0    M    T    0  5.6 16 290   M    M   9 146    30 290
25  45  30  38   9  27   0    M  0.0    0  3.6  8  20   M    M   5 1      17 290
26  40  25  33   4  32   0    M    T    0  5.1 10 280   M    M  10 1      17 290
27  30  18  24  -5  41   0    M    T    0  7.6 14 310   M    M   5        21 310
28  36  16  26  -3  39   0    M    T    0  3.1  7 310   M    M   1         M  M
29  39  19  29   0  36   0    M    T    0  4.9 10  20   M    M   5 4       M  M
30  38  19  29   0  36   0    M    T    0  8.6 21 330   M    M   8        30 300
31  38  15  27  -2  38   0    M  0.0    0  5.4 13 260   M    M   1        20 290
================================================================================
SM 1205  691      1059   0    M     T    158.9          M      187
================================================================================
AV 38.9 22.3                               5.1 FASTST   M    M   6    MAX(MPH)
                                 MISC ---->  # 21 230               # 37  310
================================================================================
NOTES:
# LAST OF SEVERAL OCCURRENCES

COLUMN 17 PEAK WIND IN M.P.H.

PRELIMINARY LOCAL CLIMATOLOGICAL DATA (WS FORM: F-6) , PAGE 2

                                          STATION:  LEWISBURG WV
                                          MONTH:    JANUARY
                                          YEAR:     2015
                                          LATITUDE:   37 52 N
                                          LONGITUDE:  80 24 W

[TEMPERATURE DATA]      [PRECIPITATION DATA]       SYMBOLS USED IN COLUMN 16

AVERAGE MONTHLY: 30.6   TOTAL FOR MONTH:      M    1 = FOG OR MIST
DPTR FM NORMAL:   2.1   DPTR FM NORMAL:       M    2 = FOG REDUCING VISIBILITY
HIGHEST:    64 ON  4    GRTST 24HR    M  ON   M        TO 1/4 MILE OR LESS
LOWEST:      1 ON  8                               3 = THUNDER
                        SNOW, ICE PELLETS, HAIL    4 = ICE PELLETS
                        TOTAL MONTH:    T          5 = HAIL
                        GRTST 24HR    T  ON 30-30  6 = FREEZING RAIN OR DRIZZLE
                        GRTST DEPTH:   0           7 = DUSTSTORM OR SANDSTORM:
                                                       VSBY 1/2 MILE OR LESS
                                                   8 = SMOKE OR HAZE
[NO. OF DAYS WITH]      [WEATHER - DAYS WITH]      9 = BLOWING SNOW
                                                   X = TORNADO
MAX 32 OR BELOW:   5    0.01 INCH OR MORE:   0
MAX 90 OR ABOVE:   0    0.10 INCH OR MORE:   0
MIN 32 OR BELOW:  27    0.50 INCH OR MORE:   0
MIN  0 OR BELOW:   0    1.00 INCH OR MORE:   0

[HDD (BASE 65) ]
TOTAL THIS MO.  1059    CLEAR  (SCALE 0-3)   7
DPTR FM NORMAL   -72    PTCLDY (SCALE 4-7)  11
TOTAL FM JUL 1  3084    CLOUDY (SCALE 8-10) 13
DPTR FM NORMAL  -409

[CDD (BASE 65) ]
TOTAL THIS MO.     0
DPTR FM NORMAL     0    [PRESSURE DATA]
TOTAL FM JAN 1     0    HIGHEST SLP M ON M
DPTR FM NORMAL     0    LOWEST  SLP M ON M

[REMARKS]

DUE TO HIGHLY SUSPECT PRECIPITATION VALUES FROM THE AUTOMATED RAIN
GAUGE...ALL LIQUID PRECIPITATION DATA WILL BE CODED AS MISSING.
#FINAL-01-15#
