000
CXUS53 KTOP 300200
CF6LWC
PRELIMINARY LOCAL CLIMATOLOGICAL DATA (WS FORM: F-6)

                                          STATION:   Lawrence KS
                                          MONTH:     SEPTEMBER
                                          YEAR:      2014
                                          LATITUDE:   39  0 N
                                          LONGITUDE:  95 13 W

  TEMPERATURE IN F:       :PCPN:    SNOW:  WIND      :SUNSHINE: SKY     :PK WND
================================================================================
1   2   3   4   5  6A  6B    7    8   9   10  11  12  13   14  15   16   17  18
                                     12Z  AVG MX 2MIN
DY MAX MIN AVG DEP HDD CDD  WTR  SNW DPTH SPD SPD DIR MIN PSBL S-S WX    SPD DR
================================================================================

 1   M   M   M   M   M   M 1.00    M    M  8.2 17 150   M    M   7 3      24 190
 2   M   M   M   M   M   M 0.00    M    M  4.0  8 180   M    M   5 128     M  M
 3  88  64  76   3   0  11 2.57    M    M 12.5 23 180   M    M   3 13     30 160
 4  94  76  85  12   0  20 0.00    M    M 14.1 26 200   M    M   0        33 220
 5  81  62  72   0   0   7 0.15    M    M  8.9 18 330   M    M   5 1      23 200
 6  75  53  64  -8   1   0    T    M    M  6.0 13  20   M    M   2        17  40
 7  78  48  63  -9   2   0 0.00    M    M  4.7 12 160   M    M   0 1      19 140
 8  86  53  70  -1   0   5 0.00    M    M  8.1 18 200   M    M   2        23 200
 9  93  71  82  11   0  17 0.00    M    M 13.4 31 190   M    M   2 138    43 190
10  83  60  72   2   0   7 0.38    M    M 10.4 21 330   M    M   9 138    26 340
11  61  53  57 -13   8   0    T    M    M  8.5 15  10   M    M  10 1      20 360
12  55  38  47 -23  18   0 0.01    M    M  8.5 18  10   M    M   9 18     23 360
13  64  34  49 -20  16   0 0.00    M    M  4.4 14 160   M    M   2 12     18 130
14  74  51  63  -6   2   0 0.00    M    M  6.4 16 170   M    M   6        20 160
15  71  47  59  -9   6   0    T    M    M  7.4 16 330   M    M   6 18     21 340
16  73  43  58 -10   7   0 0.00    M    M  4.2 10 130   M    M   1 1      12 140
17  76  58  67  -1   0   2 0.38    M    M  4.5 13 150   M    M   9 1238   13 150
18  69  56  63  -4   2   0 0.00    M    M  6.1 13  70   M    M   8 128    19  80
19  81  58  70   3   0   5 0.00    M    M  8.7 16 170   M    M   5 128    19 170
20  85  61  73   7   0   8 0.00    M    M  6.5 16 220   M    M   1 128    20 250
21  79  50  65  -1   0   0 0.00    M    M  8.3 20 340   M    M   1 12     29 360
22  75  43  59  -6   6   0 0.00    M    M  3.8 10 170   M    M   0        13 160
23  76  48  62  -3   3   0 0.05    M    M  8.0 20 160   M    M   1 1      25 140
24  72  58  65   1   0   0 0.06    M    M  7.1 16 150   M    M   7 1      20 160
25  84  58  71   7   0   6 0.00    M    M  6.4 14 170   M    M   4        16 150
26  83  55  69   5   0   4 0.01    M    M  5.8 16 180   M    M   3 138    21 170
27  82  51  67   4   0   2 0.00    M    M  5.3 16 140   M    M   1 128    19 160
28  84  50  67   4   0   2 0.00    M    M  1.9 12 110   M    M   3 128    15 150
================================================================================
SM 2022 1399        71  96  4.61    M    202.1          M      112
================================================================================
AV 77.8 53.8                               7.2 FASTST   M    M   4    MAX(MPH)
                                 MISC ---->  # 31 190               # 43  190
================================================================================
NOTES:
# LAST OF SEVERAL OCCURRENCES

COLUMN 17 PEAK WIND IN M.P.H.

PRELIMINARY LOCAL CLIMATOLOGICAL DATA (WS FORM: F-6) , PAGE 2

                                          STATION:  Lawrence KS
                                          MONTH:    SEPTEMBER
                                          YEAR:     2014
                                          LATITUDE:   39  0 N
                                          LONGITUDE:  95 13 W

[TEMPERATURE DATA]      [PRECIPITATION DATA]       SYMBOLS USED IN COLUMN 16

AVERAGE MONTHLY: 65.8   TOTAL FOR MONTH:   4.61    1 = FOG OR MIST
DPTR FM NORMAL:  -2.7   DPTR FM NORMAL:    0.69    2 = FOG REDUCING VISIBILITY
HIGHEST:    94 ON  4    GRTST 24HR  2.57 ON  3- 3      TO 1/4 MILE OR LESS
LOWEST:     34 ON 13                               3 = THUNDER
                        SNOW, ICE PELLETS, HAIL    4 = ICE PELLETS
                        TOTAL MONTH:    M          5 = HAIL
                        GRTST 24HR    M  ON   M    6 = FREEZING RAIN OR DRIZZLE
                        GRTST DEPTH:  M  ON   M    7 = DUSTSTORM OR SANDSTORM:
                                                       VSBY 1/2 MILE OR LESS
                                                   8 = SMOKE OR HAZE
[NO. OF DAYS WITH]      [WEATHER - DAYS WITH]      9 = BLOWING SNOW
                                                   X = TORNADO
MAX 32 OR BELOW:   0    0.01 INCH OR MORE:   9
MAX 90 OR ABOVE:   2    0.10 INCH OR MORE:   5
MIN 32 OR BELOW:   0    0.50 INCH OR MORE:   2
MIN  0 OR BELOW:   0    1.00 INCH OR MORE:   2

[HDD (BASE 65) ]
TOTAL THIS MO.    71    CLEAR  (SCALE 0-3)  15
DPTR FM NORMAL    22    PTCLDY (SCALE 4-7)   9
TOTAL FM JUL 1    72    CLOUDY (SCALE 8-10)  4
DPTR FM NORMAL    20

[CDD (BASE 65) ]
TOTAL THIS MO.    96
DPTR FM NORMAL   -52    [PRESSURE DATA]
TOTAL FM JAN 1  1403    HIGHEST SLP M ON M
DPTR FM NORMAL    64    LOWEST  SLP 29.49 ON  9

[REMARKS]
