000
CXUS53 KTOP 270200
CF6LWC
PRELIMINARY LOCAL CLIMATOLOGICAL DATA (WS FORM: F-6)

                                          STATION:   Lawrence KS
                                          MONTH:     MARCH
                                          YEAR:      2015
                                          LATITUDE:   39  0 N
                                          LONGITUDE:  95 13 W

  TEMPERATURE IN F:       :PCPN:    SNOW:  WIND      :SUNSHINE: SKY     :PK WND
================================================================================
1   2   3   4   5  6A  6B    7    8   9   10  11  12  13   14  15   16   17  18
                                     12Z  AVG MX 2MIN
DY MAX MIN AVG DEP HDD CDD  WTR  SNW DPTH SPD SPD DIR MIN PSBL S-S WX    SPD DR
================================================================================

 1  36  19  28 -11  37   0    T    M    M  2.8 12 300   M    M   6 1      17 310
 2  40  16  28 -11  37   0 0.00    M    M  8.5 22 130   M    M   3 18     27 130
 3  49  27  38  -1  27   0 0.00    M    M 12.8 22 220   M    M   8 18     31 200
 4  31  19  25 -15  40   0    T    M    M 11.6 25 360   M    M   4 8      33  10
 5  33   4  19 -21  46   0 0.00    M    M  5.2 12 160   M    M   0        15 170
 6  61  21  41   0  24   0 0.00    M    M 11.3 21 220   M    M   0        30 220
 7  71  33  52  11  13   0 0.00    M    M  7.9 17 220   M    M   0 8      22 210
 8  70  30  50   9  15   0 0.00    M    M  6.5 22  60   M    M   0        26  50
 9  63  27  45   3  20   0 0.00    M    M  3.7 10 240   M    M   0 1      13 240
10  73  32  53  11  12   0 0.00    M    M  3.2  9 300   M    M   1 128    13 300
11  76  30  53  11  12   0 0.00    M    M  3.2  9  90   M    M   0 8      11  70
12  74  33  54  11  11   0 0.00    M    M  5.4 16 130   M    M   0 18     22 180
13  76  33  55  12  10   0 0.00    M    M  8.9 21  20   M    M   0 1      27  10
14  68  29  49   5  16   0 0.00    M    M  8.9 21  10   M    M   0 18     24  30
15  76  23  50   6  15   0 0.00    M    M  7.1 20 230   M    M   0        26 210
16  84  44  64  20   1   0 0.00    M    M 12.7 26 210   M    M   0        34 200
17  61  40  51   6  14   0 0.00    M    M 14.5 23  30   M    M   1 8      34  20
18  44  37  41  -4  24   0 0.31    M    M  9.5 17 110   M    M   7 1      21 100
19  42  37  40  -6  25   0 0.10    M    M  4.3  9  10   M    M   8 1      12  90
20  67  29  48   2  17   0 0.00    M    M  3.8 10 210   M    M   4 128    14 220
21  73  34  54   8  11   0 0.00    M    M  5.1 14  70   M    M   0 1      16  80
22  74  36  55   8  10   0 0.00    M    M  5.7 18 160   M    M   0 1      23 150
23  61  37  49   2  16   0 0.00    M    M  9.7 24  90   M    M   3        32  90
24  54  41  48   0  17   0 0.08    M    M 11.6 21 110   M    M  10 13     26 100
25  55  40  48   0  17   0 0.17    M    M  9.7 24  10   M    M   9 128    29  10
================================================================================
SM 1512  751       487   0  0.66    M    193.6          M       64
================================================================================
AV 60.5 30.0                               7.7 FASTST   M    M   3    MAX(MPH)
                                 MISC ---->  # 26 210               # 34  200
================================================================================
NOTES:
# LAST OF SEVERAL OCCURRENCES

COLUMN 17 PEAK WIND IN M.P.H.

PRELIMINARY LOCAL CLIMATOLOGICAL DATA (WS FORM: F-6) , PAGE 2

                                          STATION:  Lawrence KS
                                          MONTH:    MARCH
                                          YEAR:     2015
                                          LATITUDE:   39  0 N
                                          LONGITUDE:  95 13 W

[TEMPERATURE DATA]      [PRECIPITATION DATA]       SYMBOLS USED IN COLUMN 16

AVERAGE MONTHLY: 45.3   TOTAL FOR MONTH:   0.66    1 = FOG OR MIST
DPTR FM NORMAL:   2.0   DPTR FM NORMAL:   -1.41    2 = FOG REDUCING VISIBILITY
HIGHEST:    84 ON 16    GRTST 24HR  0.31 ON 18-18      TO 1/4 MILE OR LESS
LOWEST:      4 ON  5                               3 = THUNDER
                        SNOW, ICE PELLETS, HAIL    4 = ICE PELLETS
                        TOTAL MONTH:    M          5 = HAIL
                        GRTST 24HR    M  ON   M    6 = FREEZING RAIN OR DRIZZLE
                        GRTST DEPTH:  M  ON   M    7 = DUSTSTORM OR SANDSTORM:
                                                       VSBY 1/2 MILE OR LESS
                                                   8 = SMOKE OR HAZE
[NO. OF DAYS WITH]      [WEATHER - DAYS WITH]      9 = BLOWING SNOW
                                                   X = TORNADO
MAX 32 OR BELOW:   1    0.01 INCH OR MORE:   4
MAX 90 OR ABOVE:   0    0.10 INCH OR MORE:   3
MIN 32 OR BELOW:  13    0.50 INCH OR MORE:   0
MIN  0 OR BELOW:   0    1.00 INCH OR MORE:   0

[HDD (BASE 65) ]
TOTAL THIS MO.   487    CLEAR  (SCALE 0-3)  17
DPTR FM NORMAL   -57    PTCLDY (SCALE 4-7)   5
TOTAL FM JUL 1  4776    CLOUDY (SCALE 8-10)  3
DPTR FM NORMAL   217

[CDD (BASE 65) ]
TOTAL THIS MO.     0
DPTR FM NORMAL     0    [PRESSURE DATA]
TOTAL FM JAN 1     0    HIGHEST SLP M ON M
DPTR FM NORMAL     0    LOWEST  SLP 29.71 ON  3

[REMARKS]
