000
CXUS53 KDMX 240920
CF6LWD
PRELIMINARY LOCAL CLIMATOLOGICAL DATA (WS FORM: F-6)

                                          STATION:   LAMONI IA
                                          MONTH:     FEBRUARY
                                          YEAR:      2018
                                          LATITUDE:   40 37 N
                                          LONGITUDE:  93 56 W

  TEMPERATURE IN F:       :PCPN:    SNOW:  WIND      :SUNSHINE: SKY     :PK WND
================================================================================
1   2   3   4   5  6A  6B    7    8   9   10  11  12  13   14  15   16   17  18
                                     12Z  AVG MX 2MIN
DY MAX MIN AVG DEP HDD CDD  WTR  SNW DPTH SPD SPD DIR MIN PSBL S-S WX    SPD DR
================================================================================

 1  35   8  22  -3  43   0 0.00  0.0    0 14.0 28 350   M    M   1        33 350
 2  27   4  16  -9  49   0 0.00  0.0    0  7.9 17 180   M    M   3 8      23 170
 3  48  22  35   9  30   0 0.01    M    0 15.3 29 210   M    M   7        34 210
 4  29   2  16 -10  49   0    T    T    0 13.6 28 340   M    M   5 8      37 330
 5  16   0   8 -18  57   0 0.11    M    M  7.1 17 180   M    M   6 18     22 160
 6  14  -1   7 -19  58   0 0.13    M    M  6.6 17 360   M    M   5 18     22 340
 7  21   5  13 -13  52   0    T    M    M  5.8 13 290   M    M   6 1      16 320
 8  34  16  25  -1  40   0 0.00  0.0    M  8.0 14  50   M    M   5        19  60
 9  25   8  17 -10  48   0    T    M    M 15.8 24  20   M    M   9 18     31  30
10  15   6  11 -16  54   0 0.15    M    M 10.2 17  10   M    M   7 18     23  10
11  22   6  14 -13  51   0 0.06    M    M  7.8 16 300   M    M   3 1      18 300
12  24   2  13 -14  52   0 0.00  0.0    M  9.4 14  50   M    M   0        19  90
13  45  16  31   3  34   0 0.00  0.0    M  9.5 18 170   M    M   5        23 150
14  48  31  40  12  25   0 0.00  0.0    M 11.3 18 210   M    M   1 1      24 210
15  49  29  39  11  26   0 0.00  0.0    M 10.8 29 340   M    M   2 18     38 340
16  32  13  23  -5  42   0 0.00  0.0    M 10.6 25 340   M    M   1        33 350
17  47  23  35   6  30   0 0.00  0.0    M 11.3 26 290   M    M   4        32 310
18  54  27  41  12  24   0 0.00  0.0    M 14.2 32 180   M    M   2        41 180
19  57  28  43  14  22   0 0.03    M    M  9.1 20 300   M    M  10 1268   23 300
20  30  17  24  -6  41   0 0.73    M    M 13.0 21 320   M    M   9 136    27 310
21  27  12  20 -10  45   0 0.00  0.0    M 12.0 16  40   M    M   3        23 350
22  32  24  28  -2  37   0 0.27    M    M  8.4 15  60   M    M  10 16     21  50
23  38  26  32   1  33   0 0.01    M    0  8.5 20 290   M    M   7 1      23 290
================================================================================
SM  769  324       942   0  1.50    T    240.2          M      111
================================================================================
AV 33.4 14.1                              10.4 FASTST   M    M   5    MAX(MPH)
                                 MISC ---->  # 32 180               # 41  180
================================================================================
NOTES:
# LAST OF SEVERAL OCCURRENCES

COLUMN 17 PEAK WIND IN M.P.H.

PRELIMINARY LOCAL CLIMATOLOGICAL DATA (WS FORM: F-6) , PAGE 2

                                          STATION:  LAMONI IA
                                          MONTH:    FEBRUARY
                                          YEAR:     2018
                                          LATITUDE:   40 37 N
                                          LONGITUDE:  93 56 W

[TEMPERATURE DATA]      [PRECIPITATION DATA]       SYMBOLS USED IN COLUMN 16

AVERAGE MONTHLY: 23.8   TOTAL FOR MONTH:   1.50    1 = FOG OR MIST
DPTR FM NORMAL:  -3.8   DPTR FM NORMAL:    0.42    2 = FOG REDUCING VISIBILITY
HIGHEST:    57 ON 19    GRTST 24HR  0.74 ON 19-20      TO 1/4 MILE OR LESS
LOWEST:     -1 ON  6                               3 = THUNDER
                        SNOW, ICE PELLETS, HAIL    4 = ICE PELLETS
                        TOTAL MONTH:    T          5 = HAIL
                        GRTST 24HR    T  ON  4- 4  6 = FREEZING RAIN OR DRIZZLE
                        GRTST DEPTH:   0           7 = DUSTSTORM OR SANDSTORM:
                                                       VSBY 1/2 MILE OR LESS
                                                   8 = SMOKE OR HAZE
[NO. OF DAYS WITH]      [WEATHER - DAYS WITH]      9 = BLOWING SNOW
                                                   X = TORNADO
MAX 32 OR BELOW:  13    0.01 INCH OR MORE:   9
MAX 90 OR ABOVE:   0    0.10 INCH OR MORE:   5
MIN 32 OR BELOW:  23    0.50 INCH OR MORE:   1
MIN  0 OR BELOW:   2    1.00 INCH OR MORE:   0

[HDD (BASE 65) ]
TOTAL THIS MO.   942    CLEAR  (SCALE 0-3)   8
DPTR FM NORMAL    81    PTCLDY (SCALE 4-7)  11
TOTAL FM JUL 1  4432    CLOUDY (SCALE 8-10)  4
DPTR FM NORMAL  -121

[CDD (BASE 65) ]
TOTAL THIS MO.     0
DPTR FM NORMAL     0    [PRESSURE DATA]
TOTAL FM JAN 1     0    HIGHEST SLP  0.00 ON M
DPTR FM NORMAL     0    LOWEST  SLP 29.64 ON M

[REMARKS]
