000
CXUS53 KDMX 220920
CF6LWD
PRELIMINARY LOCAL CLIMATOLOGICAL DATA (WS FORM: F-6)

                                          STATION:   LAMONI IA
                                          MONTH:     SEPTEMBER
                                          YEAR:      2014
                                          LATITUDE:   40 37 N
                                          LONGITUDE:  93 56 W

  TEMPERATURE IN F:       :PCPN:    SNOW:  WIND      :SUNSHINE: SKY     :PK WND
================================================================================
1   2   3   4   5  6A  6B    7    8   9   10  11  12  13   14  15   16   17  18
                                     12Z  AVG MX 2MIN
DY MAX MIN AVG DEP HDD CDD  WTR  SNW DPTH SPD SPD DIR MIN PSBL S-S WX    SPD DR
================================================================================

 1  79  65  72   1   0   7 0.01  0.0    0  9.7 23 240   M    M   3 3      30 170
 2  80  60  70   0   0   5 0.00  0.0    0  5.8 15 290   M    M   1 12     18 260
 3  82  64  73   3   0   8 0.00  0.0    0 10.3 18 190   M    M   3 12     25 190
 4  90  73  82  12   0  17 0.00  0.0    0 13.1 24 200   M    M   1        33 200
 5  78  56  67  -2   0   2 0.45  0.0    0  9.5 25 360   M    M   7 13     32 240
 6  72  51  62  -7   3   0 0.00  0.0    0  5.8 14  40   M    M   0        18  40
 7  73  51  62  -7   3   0 0.00  0.0    0  4.9 13 150   M    M   0        17 190
 8  78  54  66  -2   0   1 0.00  0.0    0  8.5 17 150   M    M   3        22 140
 9  79  68  74   6   0   9 3.62  0.0    0  9.4 30  50   M    M   5 13     37  50
10  72  53  63  -5   2   0 0.31  0.0    0 12.5 21 350   M    M   9 13     28 340
11  57  50  54 -13  11   0 0.00  0.0    0  9.5 20  10   M    M   9        22  10
12  52  40  46 -21  19   0 0.09  0.0    0  9.1 18  20   M    M   8 1      26  40
13  60  38  49 -17  16   0 0.00  0.0    0  4.7 14 150   M    M   0        17 170
14  69  47  58  -8   7   0 0.00  0.0    0  5.9 12 150   M    M   5        16 180
15  64  48  56  -9   9   0 0.07  0.0    0  8.5 22 350   M    M   8 13     27  10
16  67  43  55 -10  10   0 0.00  0.0    0  3.5  9 180   M    M   1 1      13 190
17  77  56  67   2   0   2 0.03  0.0    0  4.4  9 140   M    M   6 1      12 160
18  69  55  62  -2   3   0 0.00  0.0    0  5.5 13 100   M    M   4 128    18  90
19  76  55  66   2   0   1 0.00  0.0    0 11.2 21 180   M    M   3 1      25 180
20  81  64  73  10   0   8 0.03  0.0    0 10.7 25 310   M    M   3 1      43 300
21  70  51  61  -2   4   0 0.00  0.0    0 10.3 22 340   M    M   2        28 330
================================================================================
SM 1525 1142        87  60  4.61     0.0 172.8          M       81
================================================================================
AV 72.6 54.4                               8.2 FASTST   M    M   4    MAX(MPH)
                                 MISC ---->  # 30  50               # 43  300
================================================================================
NOTES:
# LAST OF SEVERAL OCCURRENCES

COLUMN 17 PEAK WIND IN M.P.H.

PRELIMINARY LOCAL CLIMATOLOGICAL DATA (WS FORM: F-6) , PAGE 2

                                          STATION:  LAMONI IA
                                          MONTH:    SEPTEMBER
                                          YEAR:     2014
                                          LATITUDE:   40 37 N
                                          LONGITUDE:  93 56 W

[TEMPERATURE DATA]      [PRECIPITATION DATA]       SYMBOLS USED IN COLUMN 16

AVERAGE MONTHLY: 63.5   TOTAL FOR MONTH:   4.61    1 = FOG OR MIST
DPTR FM NORMAL:  -3.5   DPTR FM NORMAL:    1.98    2 = FOG REDUCING VISIBILITY
HIGHEST:    90 ON  4    GRTST 24HR  3.93 ON  9-10      TO 1/4 MILE OR LESS
LOWEST:     38 ON 13                               3 = THUNDER
                        SNOW, ICE PELLETS, HAIL    4 = ICE PELLETS
                        TOTAL MONTH:   0.0 INCH    5 = HAIL
                        GRTST 24HR     0.0         6 = FREEZING RAIN OR DRIZZLE
                        GRTST DEPTH:   0           7 = DUSTSTORM OR SANDSTORM:
                                                       VSBY 1/2 MILE OR LESS
                                                   8 = SMOKE OR HAZE
[NO. OF DAYS WITH]      [WEATHER - DAYS WITH]      9 = BLOWING SNOW
                                                   X = TORNADO
MAX 32 OR BELOW:   0    0.01 INCH OR MORE:   8
MAX 90 OR ABOVE:   1    0.10 INCH OR MORE:   3
MIN 32 OR BELOW:   0    0.50 INCH OR MORE:   1
MIN  0 OR BELOW:   0    1.00 INCH OR MORE:   1

[HDD (BASE 65) ]
TOTAL THIS MO.    87    CLEAR  (SCALE 0-3)  11
DPTR FM NORMAL    46    PTCLDY (SCALE 4-7)   7
TOTAL FM JUL 1    94    CLOUDY (SCALE 8-10)  3
DPTR FM NORMAL    45

[CDD (BASE 65) ]
TOTAL THIS MO.    60
DPTR FM NORMAL   -20    [PRESSURE DATA]
TOTAL FM JAN 1   877    HIGHEST SLP M ON M
DPTR FM NORMAL   -41    LOWEST  SLP 29.51 ON 10

[REMARKS]
