000
CXUS53 KILX 010900
CF6LWV
PRELIMINARY LOCAL CLIMATOLOGICAL DATA (WS FORM: F-6)

                                          STATION:   LAWRENCEVILLE IL AIRPORT
                                          MONTH:     JUNE
                                          YEAR:      2015
                                          LATITUDE:   38 45 N
                                          LONGITUDE:  87 36 W

  TEMPERATURE IN F:       :PCPN:    SNOW:  WIND      :SUNSHINE: SKY     :PK WND
================================================================================
1   2   3   4   5  6A  6B    7    8   9   10  11  12  13   14  15   16   17  18
                                     12Z  AVG MX 2MIN
DY MAX MIN AVG DEP HDD CDD  WTR  SNW DPTH SPD SPD DIR MIN PSBL S-S WX    SPD DR
================================================================================

 1  62  56  59 -12   6   0 0.01    M    M  8.5 15  30   M    M  10        18  40
 2  72  56  64  -7   1   0 0.00    M    M  4.5 10  60   M    M   7        14  50
 3  74  53  64  -7   1   0 0.00    M    M  4.7 12  90   M    M   3 18     14  90
 4  82  52  67  -5   0   2 0.00    M    M  3.6 14 240   M    M   3 128    17 250
 5  87  61  74   2   0   9 0.00    M    M  4.0 12  30   M    M   2 18     16  10
 6  82  61  72   0   0   7 0.00    M    M  6.4 13  40   M    M   0        15  40
 7  93  65  79   7   0  14 0.10    M    M 13.9 30 350   M    M   1 138    38 350
 8  79  66  73   0   0   8 1.75    M    M  8.9 21 170   M    M   6 13     26 170
 9  88  64  76   3   0  11 0.00    M    M  4.5 16 330   M    M   1 1      20 340
10  91  65  78   5   0  13 0.00  0.0    0  7.3 16 210   M    M   0 18     20 220
11  92  67  80   6   0  15 0.00    M    M  6.8 25 200   M    M   1 1      32 200
12  93  73  83   9   0  18 0.08    M    M 12.6 24 240   M    M   2 13     29 240
13  89  73  81   7   0  16 0.01    M    M 11.8 25 220   M    M   4        32 210
14  90  72  81   7   0  16 0.17    M    M 10.8 29 210   M    M   2 13     36 210
15  90  71  81   6   0  16 0.01    M    M 11.1 24 220   M    M   5        30 220
16  85  75  80   5   0  15 0.10    M    M  7.2 13 240   M    M   6 1       M  M
17  84  72  78   3   0  13 1.04    M    M  6.8 16 170   M    M   5 13     21 160
18  87  71  79   4   0  14 0.21    M    M  6.2 13 250   M    M   3 13     14 240
19  81  71  76   0   0  11 3.37    M    M  8.7 23 320   M    M   8 13     30 320
20  81  71  76   0   0  11    T  0.0    0 10.0 17 310   M    M   7        22 300
21  86  69  78   2   0  13 0.01    M    M  6.6 20  20   M    M   2 138    28 360
22  88  70  79   3   0  14 1.00    M    M 10.6 18 210   M    M   3 13     23 210
23  87  67  77   1   0  12 0.00    M    M  9.2 22 210   M    M   2        29 210
24  83  65  74  -2   0   9 0.00    M    M  3.9 17 190   M    M   1        28 210
25  85  68  77   0   0  12 0.50    M    M  5.6 22 340   M    M   5 13     28 340
26  79  68  74  -3   0   9 0.39    M    M  5.8 20 310   M    M   5 13     23 310
27  78  60  69  -8   0   4    T    M    M 10.5 22 330   M    M   5        26 340
28  80  55  68  -9   0   3 0.18    M    M  6.7 17 330   M    M   3 13     21 340
29  80  67  74  -3   0   9 0.09    M    M  9.7 18 290   M    M   5 13     23 300
30  84  64  74  -3   0   9    T    M    M  7.2 17 260   M    M   1 13     22 250
================================================================================
SM 2512 1968         8 303  9.02     0.0 234.1          M      108
================================================================================
AV 83.7 65.6                               7.8 FASTST   M    M   4    MAX(MPH)
                                 MISC ---->  # 30 350               # 38  350
================================================================================
NOTES:
# LAST OF SEVERAL OCCURRENCES

COLUMN 17 PEAK WIND IN M.P.H.

PRELIMINARY LOCAL CLIMATOLOGICAL DATA (WS FORM: F-6) , PAGE 2

                                          STATION:  LAWRENCEVILLE IL AIRPORT
                                          MONTH:    JUNE
                                          YEAR:     2015
                                          LATITUDE:   38 45 N
                                          LONGITUDE:  87 36 W

[TEMPERATURE DATA]      [PRECIPITATION DATA]       SYMBOLS USED IN COLUMN 16

AVERAGE MONTHLY: 74.7   TOTAL FOR MONTH:   9.02    1 = FOG OR MIST
DPTR FM NORMAL:   0.2   DPTR FM NORMAL:    5.04    2 = FOG REDUCING VISIBILITY
HIGHEST:    93 ON 12, 7 GRTST 24HR  3.52 ON 18-19      TO 1/4 MILE OR LESS
LOWEST:     52 ON  4                               3 = THUNDER
                        SNOW, ICE PELLETS, HAIL    4 = ICE PELLETS
                        TOTAL MONTH:   0.0 INCH    5 = HAIL
                        GRTST 24HR     0.0         6 = FREEZING RAIN OR DRIZZLE
                        GRTST DEPTH:   0           7 = DUSTSTORM OR SANDSTORM:
                                                       VSBY 1/2 MILE OR LESS
                                                   8 = SMOKE OR HAZE
[NO. OF DAYS WITH]      [WEATHER - DAYS WITH]      9 = BLOWING SNOW
                                                   X = TORNADO
MAX 32 OR BELOW:   0    0.01 INCH OR MORE:  17
MAX 90 OR ABOVE:   6    0.10 INCH OR MORE:  11
MIN 32 OR BELOW:   0    0.50 INCH OR MORE:   5
MIN  0 OR BELOW:   0    1.00 INCH OR MORE:   4

[HDD (BASE 65) ]
TOTAL THIS MO.     8    CLEAR  (SCALE 0-3)  15
DPTR FM NORMAL     1    PTCLDY (SCALE 4-7)  14
TOTAL FM JUL 1  5330    CLOUDY (SCALE 8-10)  1
DPTR FM NORMAL   650

[CDD (BASE 65) ]
TOTAL THIS MO.   303
DPTR FM NORMAL    13    [PRESSURE DATA]
TOTAL FM JAN 1   458    HIGHEST SLP 30.19 ON 24
DPTR FM NORMAL    29    LOWEST  SLP 29.73 ON 20

[REMARKS]
#FINAL-06-15#
