000
CXUS53 KILX 300900
CF6LWV
PRELIMINARY LOCAL CLIMATOLOGICAL DATA (WS FORM: F-6)

                                          STATION:   LAWRENCEVILLE IL AIRPORT
                                          MONTH:     SEPTEMBER
                                          YEAR:      2014
                                          LATITUDE:   38 45 N
                                          LONGITUDE:  87 36 W

  TEMPERATURE IN F:       :PCPN:    SNOW:  WIND      :SUNSHINE: SKY     :PK WND
================================================================================
1   2   3   4   5  6A  6B    7    8   9   10  11  12  13   14  15   16   17  18
                                     12Z  AVG MX 2MIN
DY MAX MIN AVG DEP HDD CDD  WTR  SNW DPTH SPD SPD DIR MIN PSBL S-S WX    SPD DR
================================================================================

 1  85  73  79   5   0  14    T    M    M 11.3 23 210   M    M   6 1      30 220
 2  81  64  73  -1   0   8 1.99    M    M  6.1 23 330   M    M   7 123    28 330
 3  86  62  74   0   0   9 0.00    M    M  3.1  8 200   M    M   5 12     12 120
 4  89  65  77   3   0  12 0.00    M    M  5.3 13 210   M    M   0 18     17 190
 5  93  70  82   9   0  17 0.03    M    M  6.9 23 320   M    M   1 13     30 330
 6  75  59  67  -6   0   2 0.01    M    M  8.9 17 350   M    M   4 1      20 350
 7  78  55  67  -6   0   2 0.00    M    M  7.1 14 100   M    M   1        18  30
 8  81  54  68  -4   0   3 0.00    M    M  3.3  8 110   M    M   0 1      14 320
 9  81  56  69  -3   0   4 0.00    M    M  4.7 13 190   M    M   0 1      15 150
10  86  70  78   6   0  13 0.66    M    M 13.4 35 300   M    M   5 138    43 290
11  71  57  64  -7   1   0    T    M    M 11.0 17 360   M    M   9 18     22 360
12  64  54  59 -12   6   0 0.00    M    M  9.2 23 330   M    M  10 1      26 340
13  65  46  56 -15   9   0 0.00    M    M  9.0 20 340   M    M   3        24  10
14  71  44  58 -12   7   0 0.00    M    M  2.5  9 360   M    M   0 1      12  10
15  73  47  60 -10   5   0 0.10    M    M  5.8 21 150   M    M   7 1      26 150
16  66  47  57 -13   8   0 0.00    M    M  5.1 15 350   M    M   7 12     18 350
17  70  44  57 -12   8   0    T    M    M  3.5 10 100   M    M   7 128    14 100
18  76  52  64  -5   1   0 0.00    M    M  6.3 14 100   M    M   4 1      18  40
19  78  49  64  -4   1   0 0.00    M    M  6.0 14 130   M    M   0 18     19 140
20  86  53  70   2   0   5 0.00    M    M  8.0 20 220   M    M   1 128    25 210
21  79  54  67   0   0   2 0.14    M    M 12.8 26 290   M    M   2 13     34 280
22  72  47  60  -7   5   0 0.00    M    M  5.6 13  10   M    M   0        17 360
23  75  43  59  -8   6   0 0.00    M    M  4.9 12  90   M    M   0 12     15  80
24  79  45  62  -4   3   0 0.00    M    M  3.7 10 160   M    M   0 18     14 130
25  83  50  67   1   0   2 0.00    M    M  2.3  8  40   M    M   0 128    10  30
26  85  52  69   4   0   4 0.00    M    M  3.8  9  80   M    M   0 1      13  60
27  85  56  71   6   0   6 0.00    M    M  4.6 12  90   M    M   0 1      19  20
28  86  59  73   9   0   8 0.00    M    M  2.9 10  40   M    M   1 18     13  50
29  86  53  70   6   0   5 0.00    M    M  3.3 14 330   M    M   0 128    18 350
================================================================================
SM 2285 1580        60 116  2.93    M    180.4          M       80
================================================================================
AV 78.8 54.5                               6.2 FASTST   M    M   3    MAX(MPH)
                                 MISC ---->  # 35 300               # 43  290
================================================================================
NOTES:
# LAST OF SEVERAL OCCURRENCES

COLUMN 17 PEAK WIND IN M.P.H.

PRELIMINARY LOCAL CLIMATOLOGICAL DATA (WS FORM: F-6) , PAGE 2

                                          STATION:  LAWRENCEVILLE IL AIRPORT
                                          MONTH:    SEPTEMBER
                                          YEAR:     2014
                                          LATITUDE:   38 45 N
                                          LONGITUDE:  87 36 W

[TEMPERATURE DATA]      [PRECIPITATION DATA]       SYMBOLS USED IN COLUMN 16

AVERAGE MONTHLY: 66.6   TOTAL FOR MONTH:   2.93    1 = FOG OR MIST
DPTR FM NORMAL:  -3.0   DPTR FM NORMAL:   -0.12    2 = FOG REDUCING VISIBILITY
HIGHEST:    93 ON  5    GRTST 24HR  1.99 ON  2- 2      TO 1/4 MILE OR LESS
LOWEST:     43 ON 23                               3 = THUNDER
                        SNOW, ICE PELLETS, HAIL    4 = ICE PELLETS
                        TOTAL MONTH:    M          5 = HAIL
                        GRTST 24HR    M  ON   M    6 = FREEZING RAIN OR DRIZZLE
                        GRTST DEPTH:  M  ON   M    7 = DUSTSTORM OR SANDSTORM:
                                                       VSBY 1/2 MILE OR LESS
                                                   8 = SMOKE OR HAZE
[NO. OF DAYS WITH]      [WEATHER - DAYS WITH]      9 = BLOWING SNOW
                                                   X = TORNADO
MAX 32 OR BELOW:   0    0.01 INCH OR MORE:   6
MAX 90 OR ABOVE:   1    0.10 INCH OR MORE:   4
MIN 32 OR BELOW:   0    0.50 INCH OR MORE:   2
MIN  0 OR BELOW:   0    1.00 INCH OR MORE:   1

[HDD (BASE 65) ]
TOTAL THIS MO.    60    CLEAR  (SCALE 0-3)  18
DPTR FM NORMAL    27    PTCLDY (SCALE 4-7)   9
TOTAL FM JUL 1    60    CLOUDY (SCALE 8-10)  2
DPTR FM NORMAL    26

[CDD (BASE 65) ]
TOTAL THIS MO.   116
DPTR FM NORMAL   -52    [PRESSURE DATA]
TOTAL FM JAN 1  1189    HIGHEST SLP M ON M
DPTR FM NORMAL  -162    LOWEST  SLP 29.70 ON 10

[REMARKS]
