000
CXUS53 KILX 190900
CF6LWV
PRELIMINARY LOCAL CLIMATOLOGICAL DATA (WS FORM: F-6)

                                          STATION:   LAWRENCEVILLE IL AIRPORT
                                          MONTH:     DECEMBER
                                          YEAR:      2014
                                          LATITUDE:   38 45 N
                                          LONGITUDE:  87 36 W

  TEMPERATURE IN F:       :PCPN:    SNOW:  WIND      :SUNSHINE: SKY     :PK WND
================================================================================
1   2   3   4   5  6A  6B    7    8   9   10  11  12  13   14  15   16   17  18
                                     12Z  AVG MX 2MIN
DY MAX MIN AVG DEP HDD CDD  WTR  SNW DPTH SPD SPD DIR MIN PSBL S-S WX    SPD DR
================================================================================

 1  38  32  35  -5  30   0 0.16    M    M 12.8 22 360   M    M   8 16     27  10
 2  36  31  34  -5  31   0 0.00    M    M  7.2 16 240   M    M  10 18     19 230
 3  46  30  38  -1  27   0 0.00    M    M  6.2 18 240   M    M   3 1      22 260
 4  39  32  36  -2  29   0 0.10    M    M  7.0 13  90   M    M   9 1      15 100
 5  47  38  43   5  22   0 1.82    M    M  7.4 17  20   M    M  10 12     22  30
 6  47  38  43   5  22   0 0.32    M    M 14.1 24 350   M    M  10 18     30  20
 7  43  30  37   0  28   0 0.00    M    M  7.1 16 110   M    M   1 18     18  90
 8  45  31  38   1  27   0 0.02    M    M  6.9 17 310   M    M   6 18     22 300
 9  41  34  38   2  27   0    T    M    M 13.1 24 300   M    M   9 1      28 300
10  37  33  35  -1  30   0 0.00    M    M  8.7 13 320   M    M  10        16 360
11  37  25  31  -5  34   0 0.00    M    M  5.4 13 340   M    M   8 1      16 340
12  38  22  30  -5  35   0 0.00    M    M  2.1  8 190   M    M   7 18      9 190
13  48  37  43   8  22   0 0.00    M    M  4.1  9 170   M    M  10 18     12 200
14  48  43  46  11  19   0 0.00    M    M  6.2 14 140   M    M  10 12     16 140
15  52  44  48  14  17   0 0.02    M    M 11.9 22 120   M    M  10 13     30 240
16  50  32  41   7  24   0 0.02    M    M 16.1 26 290   M    M  10 1      33 290
17  32  26  29  -5  36   0 0.00    M    M  9.3 17 290   M    M  10 18     20 300
18  32  26  29  -5  36   0 0.00    M    M  3.5  9  40   M    M  10 8      11  40
================================================================================
SM  756  584       496   0  2.46    M    149.1          M      151
================================================================================
AV 42.0 32.4                               8.3 FASTST   M    M   8    MAX(MPH)
                                 MISC ---->  # 26 290               # 33  290
================================================================================
NOTES:
# LAST OF SEVERAL OCCURRENCES

COLUMN 17 PEAK WIND IN M.P.H.

PRELIMINARY LOCAL CLIMATOLOGICAL DATA (WS FORM: F-6) , PAGE 2

                                          STATION:  LAWRENCEVILLE IL AIRPORT
                                          MONTH:    DECEMBER
                                          YEAR:     2014
                                          LATITUDE:   38 45 N
                                          LONGITUDE:  87 36 W

[TEMPERATURE DATA]      [PRECIPITATION DATA]       SYMBOLS USED IN COLUMN 16

AVERAGE MONTHLY: 37.2   TOTAL FOR MONTH:   2.46    1 = FOG OR MIST
DPTR FM NORMAL:   0.8   DPTR FM NORMAL:    0.56    2 = FOG REDUCING VISIBILITY
HIGHEST:    52 ON 15    GRTST 24HR  2.14 ON  5- 6      TO 1/4 MILE OR LESS
LOWEST:     22 ON 12                               3 = THUNDER
                        SNOW, ICE PELLETS, HAIL    4 = ICE PELLETS
                        TOTAL MONTH:    M          5 = HAIL
                        GRTST 24HR    M  ON   M    6 = FREEZING RAIN OR DRIZZLE
                        GRTST DEPTH:  M  ON   M    7 = DUSTSTORM OR SANDSTORM:
                                                       VSBY 1/2 MILE OR LESS
                                                   8 = SMOKE OR HAZE
[NO. OF DAYS WITH]      [WEATHER - DAYS WITH]      9 = BLOWING SNOW
                                                   X = TORNADO
MAX 32 OR BELOW:   2    0.01 INCH OR MORE:   7
MAX 90 OR ABOVE:   0    0.10 INCH OR MORE:   4
MIN 32 OR BELOW:  11    0.50 INCH OR MORE:   1
MIN  0 OR BELOW:   0    1.00 INCH OR MORE:   1

[HDD (BASE 65) ]
TOTAL THIS MO.   496    CLEAR  (SCALE 0-3)   1
DPTR FM NORMAL   -19    PTCLDY (SCALE 4-7)   5
TOTAL FM JUL 1  1631    CLOUDY (SCALE 8-10) 12
DPTR FM NORMAL   258

[CDD (BASE 65) ]
TOTAL THIS MO.     0
DPTR FM NORMAL     0    [PRESSURE DATA]
TOTAL FM JAN 1  1218    HIGHEST SLP M ON M
DPTR FM NORMAL  -169    LOWEST  SLP 29.69 ON 15

[REMARKS]
