000
CXUS55 KEAX 280736
CF6LXT
PRELIMINARY LOCAL CLIMATOLOGICAL DATA (WS FORM: F-6)

                                          STATION:   Lee`s Summit MO
                                          MONTH:     FEBRUARY
                                          YEAR:      2015
                                          LATITUDE:   38 57 N
                                          LONGITUDE:  94 22 W

  TEMPERATURE IN F:       :PCPN:    SNOW:  WIND      :SUNSHINE: SKY     :PK WND
================================================================================
1   2   3   4   5  6A  6B    7    8   9   10  11  12  13   14  15   16   17  18
                                     12Z  AVG MX 2MIN
DY MAX MIN AVG DEP HDD CDD  WTR  SNW DPTH SPD SPD DIR MIN PSBL S-S WX    SPD DR
================================================================================

 1  34  16  25  -5  40   0 0.33    M    M 13.4 29 300   M    M  10 12     36 300
 2  25   5  15 -15  50   0    T    M    M  8.1 23 340   M    M   2        29 340
 3  50  22  36   5  29   0 0.00    M    M 10.8 29 220   M    M   0        36 220
 4  38   9  24  -7  41   0 0.02    M    M 12.6 24  10   M    M   4 1      29  10
 5  28   2  15 -16  50   0 0.00    M    M  7.4 15 190   M    M   1        19 200
 6  55  26  41  10  24   0 0.00    M    M 13.8 25 220   M    M   0        33 230
 7  64  38  51  19  14   0 0.00    M    M 15.5 23 220   M    M   0 1      28 210
 8  67  41  54  22  11   0 0.00    M    M 12.1 22 300   M    M   0 8      28 300
 9  41  33  37   5  28   0 0.00    M    M 10.2 20  10   M    M  10 18     25  10
10  50  27  39   7  26   0 0.00    M    M  6.3 13 140   M    M   2        19 140
11  40  26  33   0  32   0 0.00    M    M 12.7 28 340   M    M   5        33 340
12  31  11  21 -12  44   0    T    M    M 10.3 32 350   M    M   5        38 350
13  46  21  34   1  31   0 0.00    M    M  6.5 14 280   M    M   2        19 290
14  40  16  28  -6  37   0 0.00    M    M 13.5 30  20   M    M   2        37  20
15  20  12  16 -18  49   0 0.08    M    M 13.3 21  70   M    M   7 1      25  70
16  23  12  18 -16  47   0 0.03    M    M  6.7 13  40   M    M   8 18     14  40
17  33  17  25  -9  40   0    T    M    M  8.2 23 300   M    M   7 18     29 310
18  20   8  14 -21  51   0 0.00    M    M 11.6 25 310   M    M   1        33 310
19  18   4  11 -24  54   0 0.02    M    M  4.7 12 120   M    M   6 1      14 130
20  36  11  24 -12  41   0 0.13    M    M  7.0 15 190   M    M   6 168    21 190
21  48  27  38   2  27   0 0.11    M    M  9.1 22  10   M    M   5 168    30  10
22  27  14  21 -15  44   0 0.00    M    M 14.8 22  20   M    M   5        28  20
23  23   8  16 -20  49   0 0.00    M    M  6.9 17  10   M    M   0        21  10
24  45  16  31  -6  34   0 0.00    M    M 10.3 23 240   M    M   0        29 240
25  53  21  37   0  28   0    T    M    M 11.4 31 340   M    M   3 1      40 320
26  22   7  15 -23  50   0    T    M    M 17.3 30 350   M    M   3        37 350
27  19   2  11 -27  54   0 0.00    M    M  5.2 13  10   M    M   4        15  10
================================================================================
SM  996  452      1025   0  0.72    M    279.7          M       98
================================================================================
AV 36.9 16.7                              10.4 FASTST   M    M   4    MAX(MPH)
                                 MISC ---->  # 32 350               # 40  320
================================================================================
NOTES:
# LAST OF SEVERAL OCCURRENCES

COLUMN 17 PEAK WIND IN M.P.H.

PRELIMINARY LOCAL CLIMATOLOGICAL DATA (WS FORM: F-6) , PAGE 2

                                          STATION:  Lee`s Summit MO
                                          MONTH:    FEBRUARY
                                          YEAR:     2015
                                          LATITUDE:   38 57 N
                                          LONGITUDE:  94 22 W

[TEMPERATURE DATA]      [PRECIPITATION DATA]       SYMBOLS USED IN COLUMN 16

AVERAGE MONTHLY: 26.8   TOTAL FOR MONTH:   0.72    1 = FOG OR MIST
DPTR FM NORMAL:  -6.9   DPTR FM NORMAL:   -0.90    2 = FOG REDUCING VISIBILITY
HIGHEST:    67 ON  8    GRTST 24HR  0.96 ON 31- 1      TO 1/4 MILE OR LESS
LOWEST:      2 ON 27, 5                            3 = THUNDER
                        SNOW, ICE PELLETS, HAIL    4 = ICE PELLETS
                        TOTAL MONTH:    M          5 = HAIL
                        GRTST 24HR    M  ON   M    6 = FREEZING RAIN OR DRIZZLE
                        GRTST DEPTH:  M  ON   M    7 = DUSTSTORM OR SANDSTORM:
                                                       VSBY 1/2 MILE OR LESS
                                                   8 = SMOKE OR HAZE
[NO. OF DAYS WITH]      [WEATHER - DAYS WITH]      9 = BLOWING SNOW
                                                   X = TORNADO
MAX 32 OR BELOW:  11    0.01 INCH OR MORE:   7
MAX 90 OR ABOVE:   0    0.10 INCH OR MORE:   3
MIN 32 OR BELOW:  24    0.50 INCH OR MORE:   0
MIN  0 OR BELOW:   0    1.00 INCH OR MORE:   0

[HDD (BASE 65) ]
TOTAL THIS MO.  1025    CLEAR  (SCALE 0-3)  14
DPTR FM NORMAL   181    PTCLDY (SCALE 4-7)  11
TOTAL FM JUL 1  3965    CLOUDY (SCALE 8-10)  2
DPTR FM NORMAL    34

[CDD (BASE 65) ]
TOTAL THIS MO.     0
DPTR FM NORMAL     0    [PRESSURE DATA]
TOTAL FM JAN 1     0    HIGHEST SLP  0.00 ON M
DPTR FM NORMAL     0    LOWEST  SLP  0.00 ON M

[REMARKS]
