000
CXUS55 KPUB 271059
CF6LXV
PRELIMINARY LOCAL CLIMATOLOGICAL DATA (WS FORM: F-6)

                                          STATION:   LEADVILLE CO
                                          MONTH:     AUGUST
                                          YEAR:      2014
                                          LATITUDE:   39 15 N
                                          LONGITUDE: 106 18 W

  TEMPERATURE IN F:       :PCPN:    SNOW:  WIND      :SUNSHINE: SKY     :PK WND
================================================================================
1   2   3   4   5  6A  6B    7    8   9   10  11  12  13   14  15   16   17  18
                                     12Z  AVG MX 2MIN
DY MAX MIN AVG DEP HDD CDD  WTR  SNW DPTH SPD SPD DIR MIN PSBL S-S WX    SPD DR
================================================================================

 1  56  38  47  -7  18   0 0.02  0.0    0  4.4 14 180   M    M   9 13     18 190
 2  69  33  51  -3  14   0    T  0.0    0  4.2 14 190   M    M   2 12     20 150
 3  71  40  56   2   9   0 0.13  0.0    0  5.4 23  20   M    M   6 3      34  30
 4  66  43  55   1  10   0 0.24  0.0    0  4.2 17  10   M    M   7 13     23  10
 5  65  45  55   1  10   0 0.19  0.0    0  6.1 21 300   M    M   5 13     24 300
 6  67  40  54   0  11   0 0.05  0.0    0  7.4 24 270   M    M   4 1      32 260
 7  68  39  54   0  11   0    T  0.0    0  8.2 21 270   M    M   3 3      37 310
 8  68  34  51  -3  14   0 0.00  0.0    0  6.4 18 300   M    M   3        28 330
 9  66  33  50  -4  15   0 0.00  0.0    0  6.8 29 340   M    M   2        41 340
10  66  32  49  -5  16   0 0.03  0.0    0  3.5 18  10   M    M   4 13     23  10
11  71  39  55   2  10   0 0.00  0.0    0  3.8 16 190   M    M   5 1      21 190
12  74  36  55   2  10   0 0.06  0.0    0  5.2 25 170   M    M   4 13     32 180
13  70  43  57   4   8   0 0.16  0.0    0  3.6 22 180   M    M   8 1      26 120
14  64  43  54   1  11   0 0.03  0.0    0  6.0 21 360   M    M   6 1      26 350
15  69  39  54   1  11   0 0.00  0.0    0  6.9 28 360   M    M   2        37 360
16  71  36  54   1  11   0 0.00  0.0    0  4.4 16 350   M    M   1        22 330
17  72  35  54   1  11   0 0.00  0.0    0  5.5 20 280   M    M   1 3      27 330
18  69  34  52   0  13   0    T  0.0    0  4.8 23 340   M    M   1 3      27 340
19  66  37  52   0  13   0    T  0.0    0  4.2 33 170   M    M   4 3      42 170
20  66  46  56   4   9   0 0.01  0.0    0  7.6 17 350   M    M   8 1      24 340
21  65  36  51  -1  14   0    T  0.0    0  6.8 17 350   M    M   5        24 330
22  57  44  51  -1  14   0    T  0.0    0  7.1 21 190   M    M   8 3      25 180
23  57  33  45  -7  20   0    T  0.0    0  8.2 22 310   M    M   9 1      31 290
24  63  39  51   0  14   0 0.00  0.0    0  8.2 22 290   M    M   4        28 300
25  65  37  51   0  14   0 0.12  0.0    0  5.4 30 230   M    M   4 13     40 230
26  64  35  50  -1  15   0 0.33  0.0    0  6.0 18 350   M    M   7 1      24 350
================================================================================
SM 1725  989       326   0  1.37     0.0 150.3          M      122
================================================================================
AV 66.3 38.0                               5.8 FASTST   M    M   5    MAX(MPH)
                                 MISC ---->  # 33 170               # 42  170
================================================================================
NOTES:
# LAST OF SEVERAL OCCURRENCES

COLUMN 17 PEAK WIND IN M.P.H.

PRELIMINARY LOCAL CLIMATOLOGICAL DATA (WS FORM: F-6) , PAGE 2

                                          STATION:  LEADVILLE CO
                                          MONTH:    AUGUST
                                          YEAR:     2014
                                          LATITUDE:   39 15 N
                                          LONGITUDE: 106 18 W

[TEMPERATURE DATA]      [PRECIPITATION DATA]       SYMBOLS USED IN COLUMN 16

AVERAGE MONTHLY: 52.2   TOTAL FOR MONTH:   1.37    1 = FOG OR MIST
DPTR FM NORMAL:  -0.7   DPTR FM NORMAL:   -0.36    2 = FOG REDUCING VISIBILITY
HIGHEST:    74 ON 12    GRTST 24HR  0.43 ON  4- 5      TO 1/4 MILE OR LESS
LOWEST:     32 ON 10                               3 = THUNDER
                        SNOW, ICE PELLETS, HAIL    4 = ICE PELLETS
                        TOTAL MONTH:   0.0 INCH    5 = HAIL
                        GRTST 24HR     0.0         6 = FREEZING RAIN OR DRIZZLE
                        GRTST DEPTH:   0           7 = DUSTSTORM OR SANDSTORM:
                                                       VSBY 1/2 MILE OR LESS
                                                   8 = SMOKE OR HAZE
[NO. OF DAYS WITH]      [WEATHER - DAYS WITH]      9 = BLOWING SNOW
                                                   X = TORNADO
MAX 32 OR BELOW:   0    0.01 INCH OR MORE:  12
MAX 90 OR ABOVE:   0    0.10 INCH OR MORE:   6
MIN 32 OR BELOW:   1    0.50 INCH OR MORE:   0
MIN  0 OR BELOW:   0    1.00 INCH OR MORE:   0

[HDD (BASE 65) ]
TOTAL THIS MO.   326    CLEAR  (SCALE 0-3)   8
DPTR FM NORMAL    12    PTCLDY (SCALE 4-7)  15
TOTAL FM JUL 1   593    CLOUDY (SCALE 8-10)  3
DPTR FM NORMAL   -57

[CDD (BASE 65) ]
TOTAL THIS MO.     0
DPTR FM NORMAL     0    [PRESSURE DATA]
TOTAL FM JAN 1     0    HIGHEST SLP M ON M
DPTR FM NORMAL     0    LOWEST  SLP 29.76 ON 20

[REMARKS]
