000
CXUS51 KRNK 200940 AAA
CF6LYH

PRELIMINARY LOCAL CLIMATOLOGICAL DATA (WS FORM: F-6)

                                          STATION:   LYNCHBURG VA
                                          MONTH:     OCTOBER
                                          YEAR:      2014
                                          LATITUDE:   37 19 N
                                          LONGITUDE:  79 12 W

  TEMPERATURE IN F:       :PCPN:    SNOW:  WIND      :SUNSHINE: SKY     :PK WND
================================================================================
1   2   3   4   5  6A  6B    7    8   9   10  11  12  13   14  15   16   17  18
                                     12Z  AVG MX 2MIN
DY MAX MIN AVG DEP HDD CDD  WTR  SNW DPTH SPD SPD DIR MIN PSBL S-S WX    SPD DR
================================================================================

 1  76  59  68   7   0   3 0.00  0.0    0  1.7  9 180   M    M   8 1      13 180
 2  79  59  69   8   0   4    T  0.0    0  3.3 10 180   M    M   6 18     15 160
 3  78  63  71  11   0   6 0.31  0.0    0  6.0 18 180   M    M   8 1      22 180
 4  66  41  54  -6  11   0    T  0.0    0  5.8 18 260   M    M   3        27 260
 5  62  33  48 -12  17   0 0.00  0.0    0  4.7 18 210   M    M   0        23 210
 6  72  39  56  -3   9   0    T  0.0    0  8.0 22 180   M    M   2        28 190
 7  71  51  61   2   4   0 0.91  0.0    0  5.1 25 180   M    M   8 13     34 180
 8  76  52  64   5   1   0 0.17  0.0    0  5.8 14 220   M    M   1 1      20 260
 9  73  46  60   2   5   0 0.00  0.0    0  2.5 13 210   M    M   1        17 220
10  63  51  57  -1   8   0 0.02  0.0    0  4.2 12  30   M    M   7 1      14  50
11  58  54  56  -2   9   0 0.03  0.0    0  6.6 13  40   M    M  10 1      16  40
12  54  51  53  -4  12   0 0.28  0.0    0  7.2 15  40   M    M  10 1      19  10
13  63  52  58   1   7   0 0.26  0.0    0  2.6  8  20   M    M   9 12     11  30
14  73  61  67  10   0   2 0.46  0.0    0 11.5 18 160   M    M   9 1      28 170
15  70  53  62   6   3   0 1.09  0.0    0  4.9 21 210   M    M   7 1      29 200
16  67  46  57   1   8   0 0.00  0.0    0  3.6 13 220   M    M   3 12     17 210
17  70  47  59   3   6   0 0.00  0.0    0  6.0 16 200   M    M   0        19  30
18  66  50  58   2   7   0 0.00  0.0    0  6.8 15 270   M    M   4        23 280
19  63  37  50  -5  15   0 0.00  0.0    0  3.6 13 300   M    M   1        20 320
================================================================================
SM 1300  945       122  15  3.53     0.0  99.9          M       97
================================================================================
AV 68.4 49.7                               5.3 FASTST   M    M   5    MAX(MPH)
                                 MISC ---->  # 25 180               # 34  180
================================================================================
NOTES:
# LAST OF SEVERAL OCCURRENCES

COLUMN 17 PEAK WIND IN M.P.H.

PRELIMINARY LOCAL CLIMATOLOGICAL DATA (WS FORM: F-6) , PAGE 2

                                          STATION:  LYNCHBURG VA
                                          MONTH:    OCTOBER
                                          YEAR:     2014
                                          LATITUDE:   37 19 N
                                          LONGITUDE:  79 12 W

[TEMPERATURE DATA]      [PRECIPITATION DATA]       SYMBOLS USED IN COLUMN 16

AVERAGE MONTHLY: 59.1   TOTAL FOR MONTH:   3.53    1 = FOG OR MIST
DPTR FM NORMAL:   1.0   DPTR FM NORMAL:    1.66    2 = FOG REDUCING VISIBILITY
HIGHEST:    79 ON  2    GRTST 24HR  1.43 ON 14-15      TO 1/4 MILE OR LESS
LOWEST:     33 ON  5                               3 = THUNDER
                        SNOW, ICE PELLETS, HAIL    4 = ICE PELLETS
                        TOTAL MONTH:   0.0 INCH    5 = HAIL
                        GRTST 24HR     0.0         6 = FREEZING RAIN OR DRIZZLE
                        GRTST DEPTH:   0           7 = DUSTSTORM OR SANDSTORM:
                                                       VSBY 1/2 MILE OR LESS
                                                   8 = SMOKE OR HAZE
[NO. OF DAYS WITH]      [WEATHER - DAYS WITH]      9 = BLOWING SNOW
                                                   X = TORNADO
MAX 32 OR BELOW:   0    0.01 INCH OR MORE:   9
MAX 90 OR ABOVE:   0    0.10 INCH OR MORE:   7
MIN 32 OR BELOW:   0    0.50 INCH OR MORE:   2
MIN  0 OR BELOW:   0    1.00 INCH OR MORE:   1

[HDD (BASE 65) ]
TOTAL THIS MO.   122    CLEAR  (SCALE 0-3)   6
DPTR FM NORMAL   -22    PTCLDY (SCALE 4-7)   8
TOTAL FM JUL 1   153    CLOUDY (SCALE 8-10)  5
DPTR FM NORMAL   -52

[CDD (BASE 65) ]
TOTAL THIS MO.    15
DPTR FM NORMAL     4    [PRESSURE DATA]
TOTAL FM JAN 1   967    HIGHEST SLP M ON M
DPTR FM NORMAL   -60    LOWEST  SLP 29.68 ON  4

[REMARKS]
DUE TO A SYSTEM FAILURE CAUSING MISSING TEMPERATURES ON
AUGUST 21-24...THE SEASONAL TOTAL AND DEPARTURE FROM NORMAL
FOR CDD WILL BE CALCULATED WITHOUT DATA FROM THOSE DATES.
