000
CXUS51 KRNK 300750
CF6LYH

PRELIMINARY LOCAL CLIMATOLOGICAL DATA (WS FORM: F-6)

                                          STATION:   LYNCHBURG VA
                                          MONTH:     MARCH
                                          YEAR:      2017
                                          LATITUDE:   37 19 N
                                          LONGITUDE:  79 12 W

  TEMPERATURE IN F:       :PCPN:    SNOW:  WIND      :SUNSHINE: SKY     :PK WND
================================================================================
1   2   3   4   5  6A  6B    7    8   9   10  11  12  13   14  15   16   17  18
                                     12Z  AVG MX 2MIN
DY MAX MIN AVG DEP HDD CDD  WTR  SNW DPTH SPD SPD DIR MIN PSBL S-S WX    SPD DR
================================================================================

 1  75  52  64  23   1   0 0.27  0.0    0 12.0 28 210   M    M   4 1      42 240
 2  58  39  49   7  16   0 0.00  0.0    0  9.6 18 300   M    M   0        31 290
 3  44  27  36  -6  29   0 0.00  0.0    0  6.1 20 310   M    M   2        32 310
 4  49  21  35  -7  30   0 0.00  0.0    0  3.6 14 250   M    M   0        20 300
 5  46  24  35  -7  30   0 0.00  0.0    0  4.3 13  50   M    M   0        16  40
 6  61  26  44   1  21   0 0.00  0.0    0  4.9 15 200   M    M   4        20 200
 7  66  46  56  13   9   0 0.09  0.0    0 11.8 25 190   M    M   8 1      35 190
 8  66  48  57  14   8   0    T  0.0    0  8.3 21 200   M    M   3        28 210
 9  71  41  56  12   9   0 0.00  0.0    0  6.0 18 260   M    M   0        28 270
10  62  36  49   5  16   0    T  0.0    0  8.7 22 310   M    M   3        36 320
11  47  27  37  -7  28   0 0.00  0.0    0  6.6 18 300   M    M   0        28 310
12  49  27  38  -6  27   0 0.00  0.0    0  3.1 10  20   M    M   0        15 220
13  44  26  35 -10  30   0 0.43    T    0  9.6 22  30   M    M   5 16     27  40
14  47  24  36  -9  29   0 0.32    T    0  9.4 20 290   M    M   7 16     32 310
15  34  18  26 -19  39   0 0.00  0.0    0  9.7 23 300   M    M   0        32 270
16  42  22  32 -14  33   0 0.00  0.0    0  5.7 15 270   M    M   0        24 290
17  52  22  37  -9  28   0 0.21  0.0    0  4.0 15 210   M    M   5 1      23 210
18  68  37  53   7  12   0 0.12  0.0    0  5.7 16 300   M    M   4 13     25 240
19  56  36  46  -1  19   0 0.00  0.0    0  6.5 16  20   M    M   3        25  20
20  60  27  44  -3  21   0 0.04  0.0    0  3.4 10 180   M    M   2        14 180
21  72  42  57  10   8   0 0.01  0.0    0  4.6 15 260   M    M   1        22 250
22  57  32  45  -3  20   0 0.00  0.0    0  6.7 18  20   M    M   1        27 320
23  51  25  38 -10  27   0 0.00  0.0    0  4.9 10 150   M    M   0        16 260
24  68  30  49   1  16   0 0.00  0.0    0  8.6 21 190   M    M   3        25 190
25  75  50  63  14   2   0 0.00  0.0    0  7.1 18 180   M    M   0        22 240
26  72  50  61  12   4   0 0.10  0.0    0  6.0 18 190   M    M   7 1      26 180
27  76  50  63  14   2   0 0.03  0.0    0  6.6 17 180   M    M   4 1      21 180
28  75  53  64  14   1   0 0.23  0.0    0  5.5 14 240   M    M   4 13     23 250
29  72  48  60  10   5   0 0.00  0.0    0  4.3 12  70   M    M   4        16 110
================================================================================
SM 1715 1006       520   0  1.85    T    193.3          M       74
================================================================================
AV 59.1 34.7                               6.7 FASTST   M    M   3    MAX(MPH)
                                 MISC ---->  # 28 210               # 42  240
================================================================================
NOTES:
# LAST OF SEVERAL OCCURRENCES

COLUMN 17 PEAK WIND IN M.P.H.

PRELIMINARY LOCAL CLIMATOLOGICAL DATA (WS FORM: F-6) , PAGE 2

                                          STATION:  LYNCHBURG VA
                                          MONTH:    MARCH
                                          YEAR:     2017
                                          LATITUDE:   37 19 N
                                          LONGITUDE:  79 12 W

[TEMPERATURE DATA]      [PRECIPITATION DATA]       SYMBOLS USED IN COLUMN 16

AVERAGE MONTHLY: 46.9   TOTAL FOR MONTH:   1.85    1 = FOG OR MIST
DPTR FM NORMAL:   1.4   DPTR FM NORMAL:   -1.49    2 = FOG REDUCING VISIBILITY
HIGHEST:    76 ON 27    GRTST 24HR  0.43 ON 13-13      TO 1/4 MILE OR LESS
LOWEST:     18 ON 15                               3 = THUNDER
                        SNOW, ICE PELLETS, HAIL    4 = ICE PELLETS
                        TOTAL MONTH:    T          5 = HAIL
                        GRTST 24HR    T  ON 14-14  6 = FREEZING RAIN OR DRIZZLE
                        GRTST DEPTH:   0           7 = DUSTSTORM OR SANDSTORM:
                                                       VSBY 1/2 MILE OR LESS
                                                   8 = SMOKE OR HAZE
[NO. OF DAYS WITH]      [WEATHER - DAYS WITH]      9 = BLOWING SNOW
                                                   X = TORNADO
MAX 32 OR BELOW:   0    0.01 INCH OR MORE:  11
MAX 90 OR ABOVE:   0    0.10 INCH OR MORE:   7
MIN 32 OR BELOW:  15    0.50 INCH OR MORE:   0
MIN  0 OR BELOW:   0    1.00 INCH OR MORE:   0

[HDD (BASE 65) ]
TOTAL THIS MO.   520    CLEAR  (SCALE 0-3)  18
DPTR FM NORMAL   -46    PTCLDY (SCALE 4-7)  11
TOTAL FM JUL 1  3229    CLOUDY (SCALE 8-10)  0
DPTR FM NORMAL  -761

[CDD (BASE 65) ]
TOTAL THIS MO.     0
DPTR FM NORMAL     0    [PRESSURE DATA]
TOTAL FM JAN 1     1    HIGHEST SLP M ON M
DPTR FM NORMAL     1    LOWEST  SLP 29.67 ON  1


[REMARKS]
DUE TO A POWER OUTAGE CAUSING A MISSING LOW TEMPERATURE ON
FEBRUARY 23...THE SEASONAL HEATING DEGREE DAY TOTAL AND DEPARTURE
FROM NORMAL WILL BE CALCULATED WITHOUT DATA FROM THIS DATE.
