000
CXUS54 KLZK 231330
CF6M19
PRELIMINARY LOCAL CLIMATOLOGICAL DATA (WS FORM: F-6)

                                          STATION:   Newport Airport
                                          MONTH:     SEPTEMBER
                                          YEAR:      2014
                                          LATITUDE:   35 35 N
                                          LONGITUDE:  91 16 W

  TEMPERATURE IN F:       :PCPN:    SNOW:  WIND      :SUNSHINE: SKY     :PK WND
================================================================================
1   2   3   4   5  6A  6B    7    8   9   10  11  12  13   14  15   16   17  18
                                     12Z  AVG MX 2MIN
DY MAX MIN AVG DEP HDD CDD  WTR  SNW DPTH SPD SPD DIR MIN PSBL S-S WX    SPD DR
================================================================================

 1  92  73  83   5   0  18 0.00  0.0    0 10.5 20 200   M    M   2        23 190
 2  85  71  78   1   0  13 0.02  0.0    0  7.2 17  10   M    M   2 1      16 180
 3  91  66  79   2   0  14 0.00  0.0    0  5.9 14 150   M    M   0         M  M
 4  95  72  84   7   0  19 0.00  0.0    0  8.7 14 220   M    M   0 1      17 190
 5  97  73  85   9   0  20    T  0.0    0  5.1 13 130   M    M   0 3      16 130
 6  86  69  78   2   0  13 0.00  0.0    0 10.6 18 360   M    M   4        29  30
 7  83  62  73  -3   0   8 0.00  0.0    0  9.3 15  30   M    M   0        18  20
 8  87  62  75   0   0  10 0.00  0.0    0  4.2 14 110   M    M   1         M  M
 9  94  67  81   6   0  16 0.00  0.0    0  9.1 15 170   M    M   1         M  M
10  95  74  85  10   0  20 0.00  0.0    0 14.0 23 200   M    M   1 1      28 200
11  81  64  73  -1   0   8 0.36  0.0    0 10.7 18  30   M    M  10 13     28  30
12  64  58  61 -13   4   0 0.00  0.0    0 14.5 17  10   M    M  10 1      21 350
13  68  55  62 -12   3   0    T  0.0    0 15.2 23  30   M    M   5        28  10
14  75  51  63 -10   2   0    T  0.0    0  8.3 13  20   M    M   0         M  M
15  81  61  71  -2   0   6 0.01  0.0    0  3.6  9 210   M    M   3         M  M
16  78  63  71  -1   0   6 0.00  0.0    0  7.5 15  40   M    M   6         M  M
17  68  60  64  -8   1   0    T  0.0    0  4.9  9  70   M    M   5 13      M  M
18  77  60  69  -3   0   4 0.00  0.0    0  7.5 17  30   M    M   6 1      24  30
19  85  64  75   4   0  10    T  0.0    0  4.7 10  20   M    M   5 18      M  M
20  93  62  78   7   0  13 0.00  0.0    0  5.0 13 200   M    M   2 128     M  M
21  90  60  75   5   0  10 0.00  0.0    0  9.3 18 360   M    M   2        22 360
22  77  54  66  -4   0   1 0.00  0.0    0 10.2 15  30   M    M   0 8      24  10
================================================================================
SM 1842 1401        10 209  0.39     0.0 186.0          M       65
================================================================================
AV 83.7 63.7                               8.5 FASTST   M    M   3    MAX(MPH)
                                 MISC ---->  # 23 200                 29    M
================================================================================
NOTES:
# LAST OF SEVERAL OCCURRENCES

COLUMN 17 PEAK WIND IN M.P.H.

PRELIMINARY LOCAL CLIMATOLOGICAL DATA (WS FORM: F-6) , PAGE 2

                                          STATION:  Newport Airport
                                          MONTH:    SEPTEMBER
                                          YEAR:     2014
                                          LATITUDE:   35 35 N
                                          LONGITUDE:  91 16 W

[TEMPERATURE DATA]      [PRECIPITATION DATA]       SYMBOLS USED IN COLUMN 16

AVERAGE MONTHLY: 73.7   TOTAL FOR MONTH:   0.39    1 = FOG OR MIST
DPTR FM NORMAL:  -0.3   DPTR FM NORMAL:   -1.82    2 = FOG REDUCING VISIBILITY
HIGHEST:    97 ON  5    GRTST 24HR  0.36 ON 11-11      TO 1/4 MILE OR LESS
LOWEST:     51 ON 14                               3 = THUNDER
                        SNOW, ICE PELLETS, HAIL    4 = ICE PELLETS
                        TOTAL MONTH:   0.0 INCH    5 = HAIL
                        GRTST 24HR     0.0         6 = FREEZING RAIN OR DRIZZLE
                        GRTST DEPTH:   0           7 = DUSTSTORM OR SANDSTORM:
                                                       VSBY 1/2 MILE OR LESS
                                                   8 = SMOKE OR HAZE
[NO. OF DAYS WITH]      [WEATHER - DAYS WITH]      9 = BLOWING SNOW
                                                   X = TORNADO
MAX 32 OR BELOW:   0    0.01 INCH OR MORE:   3
MAX 90 OR ABOVE:   8    0.10 INCH OR MORE:   1
MIN 32 OR BELOW:   0    0.50 INCH OR MORE:   0
MIN  0 OR BELOW:   0    1.00 INCH OR MORE:   0

[HDD (BASE 65) ]
TOTAL THIS MO.    10    CLEAR  (SCALE 0-3)  14
DPTR FM NORMAL     4    PTCLDY (SCALE 4-7)   6
TOTAL FM JUL 1    10    CLOUDY (SCALE 8-10)  2
DPTR FM NORMAL     4

[CDD (BASE 65) ]
TOTAL THIS MO.   209
DPTR FM NORMAL     3    [PRESSURE DATA]
TOTAL FM JAN 1  1731    HIGHEST SLP M ON M
DPTR FM NORMAL   -55    LOWEST  SLP M ON M

[REMARKS]
