000
CXUS56 KHNX 161146
CF6MAE
PRELIMINARY LOCAL CLIMATOLOGICAL DATA (WS FORM: F-6)

                                          STATION:   MADERA CA AIRPORT
                                          MONTH:     JANUARY
                                          YEAR:      2018
                                          LATITUDE:   36 58 N
                                          LONGITUDE: 120  7 W

  TEMPERATURE IN F:       :PCPN:    SNOW:  WIND      :SUNSHINE: SKY     :PK WND
================================================================================
1   2   3   4   5  6A  6B    7    8   9   10  11  12  13   14  15   16   17  18
                                     12Z  AVG MX 2MIN
DY MAX MIN AVG DEP HDD CDD  WTR  SNW DPTH SPD SPD DIR MIN PSBL S-S WX    SPD DR
================================================================================

 1  64  32  48   4  17   0 0.00  0.0    0  2.0  8  70   M    M   3 128     9  70
 2  59  41  50   6  15   0 0.00  0.0    0  2.1  8  90   M    M   0 18      8  90
 3  63  38  51   7  14   0 0.00  0.0    0  5.0 14 280   M    M   3 18     17 290
 4  69  49  59  15   6   0 0.14  0.0    0  6.6 16 140   M    M   3 128    19 170
 5  73  50  62  18   3   0    T  0.0    0  4.5  9 150   M    M   0 18     12 160
 6  59  46  53   9  12   0 0.05  0.0    0  6.1 14 340   M    M   7 12     17 330
 7  65  44  55  10  10   0 0.00  0.0    0  2.2 12 170   M    M   5 128    13 160
 8  61  53  57  12   8   0 0.33  0.0    0  9.2 17 130   M    M   9 1      21 110
 9  60  51  56  11   9   0 0.38  0.0    0  5.9 23 140   M    M  10 1      27 130
10  58  46  52   7  13   0    T  0.0    0  6.6 13 350   M    M   8 1      15 350
11  63  43  53   8  12   0 0.00  0.0    0  2.4  8 240   M    M   5 12     10 160
12  58  40  49   4  16   0 0.00  0.0    0  3.5 12 320   M    M   8 128    14 330
13  54  49  52   7  13   0 0.00  0.0    0  3.6  9 150   M    M  10 18     10 140
14  56  47  52   7  13   0 0.00  0.0    0  2.8  9 250   M    M   6 18     11 260
15  58  42  50   5  15   0 0.00  0.0    0  4.3 10 120   M    M   6 128    12 240
================================================================================
SM  920  671       176   0  0.90     0.0  66.8          M       83
================================================================================
AV 61.3 44.7                               4.5 FASTST   M    M   6    MAX(MPH)
                                 MISC ---->  # 23 140               # 27  130
================================================================================
NOTES:
# LAST OF SEVERAL OCCURRENCES

COLUMN 17 PEAK WIND IN M.P.H.

PRELIMINARY LOCAL CLIMATOLOGICAL DATA (WS FORM: F-6) , PAGE 2

                                          STATION:  MADERA CA AIRPORT
                                          MONTH:    JANUARY
                                          YEAR:     2018
                                          LATITUDE:   36 58 N
                                          LONGITUDE: 120  7 W

[TEMPERATURE DATA]      [PRECIPITATION DATA]       SYMBOLS USED IN COLUMN 16

AVERAGE MONTHLY: 53.0   TOTAL FOR MONTH:   0.90    1 = FOG OR MIST
DPTR FM NORMAL:   8.4   DPTR FM NORMAL:   -0.60    2 = FOG REDUCING VISIBILITY
HIGHEST:    73 ON  5    GRTST 24HR  0.38 ON  9- 9      TO 1/4 MILE OR LESS
LOWEST:     32 ON  1                               3 = THUNDER
                        SNOW, ICE PELLETS, HAIL    4 = ICE PELLETS
                        TOTAL MONTH:   0.0 INCH    5 = HAIL
                        GRTST 24HR     0.0         6 = FREEZING RAIN OR DRIZZLE
                        GRTST DEPTH:   0           7 = DUSTSTORM OR SANDSTORM:
                                                       VSBY 1/2 MILE OR LESS
                                                   8 = SMOKE OR HAZE
[NO. OF DAYS WITH]      [WEATHER - DAYS WITH]      9 = BLOWING SNOW
                                                   X = TORNADO
MAX 32 OR BELOW:   0    0.01 INCH OR MORE:   4
MAX 90 OR ABOVE:   0    0.10 INCH OR MORE:   3
MIN 32 OR BELOW:   1    0.50 INCH OR MORE:   0
MIN  0 OR BELOW:   0    1.00 INCH OR MORE:   0

[HDD (BASE 65) ]
TOTAL THIS MO.   176    CLEAR  (SCALE 0-3)   5
DPTR FM NORMAL  -129    PTCLDY (SCALE 4-7)   7
TOTAL FM JUL 1  1062    CLOUDY (SCALE 8-10)  3
DPTR FM NORMAL  -318

[CDD (BASE 65) ]
TOTAL THIS MO.     0
DPTR FM NORMAL     0    [PRESSURE DATA]
TOTAL FM JAN 1     0    HIGHEST SLP M ON M
DPTR FM NORMAL     0    LOWEST  SLP 29.51 ON  9

[REMARKS]
