000
CXUS56 KHNX 291146
CF6MAE
PRELIMINARY LOCAL CLIMATOLOGICAL DATA (WS FORM: F-6)

                                          STATION:   MADERA CA AIRPORT
                                          MONTH:     APRIL
                                          YEAR:      2016
                                          LATITUDE:   36 58 N
                                          LONGITUDE: 120  7 W

  TEMPERATURE IN F:       :PCPN:    SNOW:  WIND      :SUNSHINE: SKY     :PK WND
================================================================================
1   2   3   4   5  6A  6B    7    8   9   10  11  12  13   14  15   16   17  18
                                     12Z  AVG MX 2MIN
DY MAX MIN AVG DEP HDD CDD  WTR  SNW DPTH SPD SPD DIR MIN PSBL S-S WX    SPD DR
================================================================================

 1  76  43  60   4   5   0 0.00  0.0    0  3.0  8 330   M    M   0        11 310
 2  81  45  63   7   2   0 0.00  0.0    0  3.0  9 330   M    M   0 18     11 330
 3  82  49  66  10   0   1 0.00  0.0    0  5.4 14 330   M    M   0 18     18 330
 4  80  49  65   8   0   0 0.00  0.0    0  8.6 23 330   M    M   0        29 330
 5  80  46  63   6   2   0 0.00  0.0    0  4.5 12 330   M    M   0 8      14 340
 6  87  50  69  12   0   4 0.00  0.0    0  2.5  9  30   M    M   0        11  30
 7  80  56  68  11   0   3 0.00  0.0    0  5.8 16 300   M    M   0 1      21 310
 8  72  56  64   6   1   0 0.28  0.0    0  4.4 10 310   M    M   3 1      14 310
 9  68  58  63   5   2   0 1.12  0.0    0  7.0 13 330   M    M   7 1      15 350
10  71  56  64   6   1   0 0.05  0.0    0  6.7 14 280   M    M   9 1      17 280
11  73  51  62   4   3   0 0.00  0.0    0  5.6 10 320   M    M   3 1      14 180
12  74  52  63   5   2   0 0.00  0.0    0  8.6 16 290   M    M   0 1      21 330
13  73  49  61   2   4   0 0.00  0.0    0  7.7 15 330   M    M   0 1      21 330
14  69  50  60   1   5   0    T  0.0    0 11.6 25 330   M    M   2        32 330
15  74  42  58  -1   7   0 0.00  0.0    0 11.6 24 330   M    M   0        29 320
16  78  45  62   2   3   0 0.00  0.0    0  3.5  9 280   M    M   0        13 130
17  88  49  69   9   0   4 0.00  0.0    0  5.2 10 150   M    M   0        15 150
18  89  52  71  11   0   6 0.00  0.0    0  4.0  9 360   M    M   0        10 290
19  89  51  70  10   0   5 0.00  0.0    0  4.6 13 300   M    M   0        16 300
20  86  51  69   8   0   4 0.00  0.0    0  5.0 12 310   M    M   0        15 300
21  84  50  67   6   0   2 0.00  0.0    0  6.9 20 300   M    M   0        26 290
22  74  51  63   2   2   0 0.12  0.0    0 10.5 29 300   M    M   5 13     39 300
23  72  45  59  -3   6   0 0.00  0.0    0  7.6 16 310   M    M   1        22 340
24  76  51  64   2   1   0 0.00  0.0    0 10.4 20 290   M    M   2        28 280
25  69  44  57  -5   8   0 0.00  0.0    0 11.8 24 320   M    M   0        31 320
26  74  42  58  -4   7   0 0.00  0.0    0  6.6 15 350   M    M   0        22 340
27  71  46  59  -4   6   0 0.02    M    0  8.0 22 280   M    M   2 1      29 280
28  74  45  60  -3   5   0 0.00  0.0    0  4.5 14 360   M    M   3 8      20  20
================================================================================
SM 2164 1374        72  29  1.59     0.0 184.6          M       37
================================================================================
AV 77.3 49.1                               6.6 FASTST   M    M   1    MAX(MPH)
                                 MISC ---->  # 29 300               # 39  300
================================================================================
NOTES:
# LAST OF SEVERAL OCCURRENCES

COLUMN 17 PEAK WIND IN M.P.H.

PRELIMINARY LOCAL CLIMATOLOGICAL DATA (WS FORM: F-6) , PAGE 2

                                          STATION:  MADERA CA AIRPORT
                                          MONTH:    APRIL
                                          YEAR:     2016
                                          LATITUDE:   36 58 N
                                          LONGITUDE: 120  7 W

[TEMPERATURE DATA]      [PRECIPITATION DATA]       SYMBOLS USED IN COLUMN 16

AVERAGE MONTHLY: 63.2   TOTAL FOR MONTH:   1.59    1 = FOG OR MIST
DPTR FM NORMAL:   3.9   DPTR FM NORMAL:    0.69    2 = FOG REDUCING VISIBILITY
HIGHEST:    89 ON 19,18 GRTST 24HR  1.40 ON  8- 9      TO 1/4 MILE OR LESS
LOWEST:     42 ON 26,15                            3 = THUNDER
                        SNOW, ICE PELLETS, HAIL    4 = ICE PELLETS
                        TOTAL MONTH:   0.0 INCH    5 = HAIL
                        GRTST 24HR     0.0         6 = FREEZING RAIN OR DRIZZLE
                        GRTST DEPTH:   0           7 = DUSTSTORM OR SANDSTORM:
                                                       VSBY 1/2 MILE OR LESS
                                                   8 = SMOKE OR HAZE
[NO. OF DAYS WITH]      [WEATHER - DAYS WITH]      9 = BLOWING SNOW
                                                   X = TORNADO
MAX 32 OR BELOW:   0    0.01 INCH OR MORE:   5
MAX 90 OR ABOVE:   0    0.10 INCH OR MORE:   3
MIN 32 OR BELOW:   0    0.50 INCH OR MORE:   1
MIN  0 OR BELOW:   0    1.00 INCH OR MORE:   1

[HDD (BASE 65) ]
TOTAL THIS MO.    72    CLEAR  (SCALE 0-3)  23
DPTR FM NORMAL  -107    PTCLDY (SCALE 4-7)   4
TOTAL FM JUL 1  2053    CLOUDY (SCALE 8-10)  1
DPTR FM NORMAL  -544

[CDD (BASE 65) ]
TOTAL THIS MO.    29
DPTR FM NORMAL    11    [PRESSURE DATA]
TOTAL FM JAN 1    29    HIGHEST SLP M ON M
DPTR FM NORMAL    10    LOWEST  SLP 29.78 ON 21

[REMARKS]
