000
CXUS53 KDTX 290800
CF6MBS
PRELIMINARY LOCAL CLIMATOLOGICAL DATA (WS FORM: F-6)

                                          STATION:   TRI CITIES MI
                                          MONTH:     MARCH
                                          YEAR:      2017
                                          LATITUDE:   43 31 N
                                          LONGITUDE:  84  5 W

  TEMPERATURE IN F:       :PCPN:    SNOW:  WIND      :SUNSHINE: SKY     :PK WND
================================================================================
1   2   3   4   5  6A  6B    7    8   9   10  11  12  13   14  15   16   17  18
                                     12Z  AVG MX 2MIN
DY MAX MIN AVG DEP HDD CDD  WTR  SNW DPTH SPD SPD DIR MIN PSBL S-S WX    SPD DR
================================================================================

 1  53  23  38  10  27   0 0.47  3.1    0 12.9 29 310   M    M  10 12     36 320
 2  30  19  25  -3  40   0 0.40  1.3    1 11.5 25 320   M    M   7 18     32 330
 3  26  15  21  -8  44   0    T    T    1 12.4 22 270   M    M   5 1      27 260
 4  28  13  21  -8  44   0 0.00  0.0    1  7.4 18 110   M    M   0        21 110
 5  45  21  33   3  32   0    T  0.0    0 12.1 21 150   M    M   4        29 180
 6  60  37  49  19  16   0 0.01  0.0    0 12.1 24 190   M    M  10 1      31 190
 7  59  40  50  20  15   0 0.11  0.0    0 19.2 30 250   M    M   5 13     48 220
 8  44  32  38   7  27   0 0.00  0.0    0 24.3 49 270   M    M   3        68 270
 9  39  30  35   4  30   0 0.00  0.0    0 11.4 26 280   M    M   2        34 270
10  30  13  22  -9  43   0    T    T    0 16.1 28 330   M    M   5 8      36 310
11  27  12  20 -12  45   0 0.00  0.0    0 13.3 21 320   M    M   5        27 290
12  30  14  22 -10  43   0 0.00  0.0    0  7.8 18 340   M    M   7        23 330
13  24  10  17 -15  48   0 0.11  1.5    T  9.8 15 110   M    M   9 18     17  90
14  22  11  17 -16  48   0 0.05  1.3    4 13.5 24  10   M    M   3 1      30  10
15  32  14  23 -10  42   0 0.00  0.0    T 15.4 26 330   M    M   1        32 320
16  40  14  27  -7  38   0 0.00  0.0    T  9.4 16 280   M    M   0        23 270
17  39  21  30  -4  35   0 0.06  0.3    T  7.5 20 170   M    M   5 128     0   0
18  38  32  35   1  30   0 0.02    T    T  5.1 12 320   M    M  10 12     13 320
19  47  29  38   3  27   0 0.00  0.0    0  5.2 13 190   M    M   3 1      16 190
20  54  35  45  10  20   0 0.04  0.0    0  5.7 12 110   M    M   8 1      15 190
21  50  22  36   0  29   0 0.00  0.0    0 15.4 31 340   M    M   1        37 330
22  32  20  26 -10  39   0 0.00  0.0    0  9.6 25 350   M    M   0        31 350
23  43  23  33  -3  32   0    T  0.0    0  9.4 18 170   M    M   4        23 170
24  67  36  52  15  13   0    T  0.0    0 12.3 25  40   M    M   7 1      33 250
25  39  35  37   0  28   0 0.23  0.0    0 15.2 24  60   M    M  10 1      30  60
26  44  36  40   2  25   0 0.30  0.0    0  6.9 15  60   M    M   9 12     18  50
27  51  39  45   7  20   0 0.00  0.0    0  8.7 16 260   M    M  10 12     20 270
28  48  32  40   2  25   0 0.00  0.0    0  9.2 20  50   M    M   6 1      25  40
================================================================================
SM 1141  678       905   0  1.80     7.5 318.8          M      149
================================================================================
AV 40.8 24.2                              11.4 FASTST   M    M   5    MAX(MPH)
                                 MISC ---->  # 49 270               # 68  270
================================================================================
NOTES:
# LAST OF SEVERAL OCCURRENCES

COLUMN 17 PEAK WIND IN M.P.H.

PRELIMINARY LOCAL CLIMATOLOGICAL DATA (WS FORM: F-6) , PAGE 2

                                          STATION:  TRI CITIES MI
                                          MONTH:    MARCH
                                          YEAR:     2017
                                          LATITUDE:   43 31 N
                                          LONGITUDE:  84  5 W

[TEMPERATURE DATA]      [PRECIPITATION DATA]       SYMBOLS USED IN COLUMN 16

AVERAGE MONTHLY: 32.5   TOTAL FOR MONTH:   1.80    1 = FOG OR MIST
DPTR FM NORMAL:  -0.6   DPTR FM NORMAL:   -0.04    2 = FOG REDUCING VISIBILITY
HIGHEST:    67 ON 24    GRTST 24HR  0.47 ON  1- 1      TO 1/4 MILE OR LESS
LOWEST:     10 ON 13                               3 = THUNDER
                        SNOW, ICE PELLETS, HAIL    4 = ICE PELLETS
                        TOTAL MONTH:   7.5 INCHES  5 = HAIL
                        GRTST 24HR   3.1 ON   M    6 = FREEZING RAIN OR DRIZZLE
                        GRTST DEPTH:   4 ON 14     7 = DUSTSTORM OR SANDSTORM:
                                                       VSBY 1/2 MILE OR LESS
                                                   8 = SMOKE OR HAZE
[NO. OF DAYS WITH]      [WEATHER - DAYS WITH]      9 = BLOWING SNOW
                                                   X = TORNADO
MAX 32 OR BELOW:  10    0.01 INCH OR MORE:  11
MAX 90 OR ABOVE:   0    0.10 INCH OR MORE:   6
MIN 32 OR BELOW:  21    0.50 INCH OR MORE:   0
MIN  0 OR BELOW:   0    1.00 INCH OR MORE:   0

[HDD (BASE 65) ]
TOTAL THIS MO.   905    CLEAR  (SCALE 0-3)   8
DPTR FM NORMAL    13    PTCLDY (SCALE 4-7)  13
TOTAL FM JUL 1  5074    CLOUDY (SCALE 8-10)  7
DPTR FM NORMAL  -917

[CDD (BASE 65) ]
TOTAL THIS MO.     0
DPTR FM NORMAL     0    [PRESSURE DATA]
TOTAL FM JAN 1     0    HIGHEST SLP M ON M
DPTR FM NORMAL     0    LOWEST  SLP 29.29 ON  1

[REMARKS]
