000
CXUS53 KDTX 280800
CF6MBS
PRELIMINARY LOCAL CLIMATOLOGICAL DATA (WS FORM: F-6)

                                          STATION:   TRI CITIES MI
                                          MONTH:     FEBRUARY
                                          YEAR:      2015
                                          LATITUDE:   43 31 N
                                          LONGITUDE:  84  5 W

  TEMPERATURE IN F:       :PCPN:    SNOW:  WIND      :SUNSHINE: SKY     :PK WND
================================================================================
1   2   3   4   5  6A  6B    7    8   9   10  11  12  13   14  15   16   17  18
                                     12Z  AVG MX 2MIN
DY MAX MIN AVG DEP HDD CDD  WTR  SNW DPTH SPD SPD DIR MIN PSBL S-S WX    SPD DR
================================================================================

 1  28  15  22   0  43   0 0.51  5.9    3 21.5 35  40   M    M  10 128    43  50
 2  16   5  11 -11  54   0 0.07  1.2   10 12.6 26 360   M    M   3 189    34 360
 3  23   6  15  -7  50   0 0.14  2.7   11 10.0 20 220   M    M   5 18     23 220
 4  25   5  15  -7  50   0 0.04  0.8   15  8.7 21 330   M    M   8 18     24 330
 5  16  -5   6 -17  59   0 0.00  0.0   15 11.4 31 220   M    M   1        38 230
 6  29  13  21  -2  44   0 0.00  0.0   15 10.9 30 230   M    M   6        37 220
 7  33  26  30   7  35   0 0.00  0.0   15  4.9 12  90   M    M   6 8      13  70
 8  32  20  26   3  39   0 0.10  1.5   14 18.7 31  40   M    M  10 168    37  40
 9  22   8  15  -8  50   0 0.01  0.4   16 10.9 25  40   M    M   6 8      30  30
10  28   4  16  -7  49   0 0.00  0.0   16  4.8 14 120   M    M   0 18     16 110
11  33  20  27   3  38   0 0.03  0.8   16 11.5 25 340   M    M   9 18     32 330
12  21   3  12 -12  53   0 0.00  0.0   14 13.8 25 340   M    M   3        31 340
13  20  -3   9 -15  56   0    T  0.1   14 11.9 28 220   M    M   7        34 230
14  20  -3   9 -15  56   0 0.04  0.6   12 19.1 36 320   M    M   7 189    47 310
15   2 -13  -5 -29  70   0 0.00  0.0   12  8.9 22 350   M    M   0        27 340
16  10 -11   0 -24  65   0 0.00  0.0   11  3.6  9 170   M    M   6        11 160
17  22   7  15 -10  50   0 0.10  0.3   11  9.9 18 260   M    M   9 8      23 250
18  15   1   8 -17  57   0 0.01  0.3   11  8.9 21 310   M    M   5 18     28 320
19   4  -9  -2 -27  67   0 0.00  0.0   11 10.4 20 330   M    M   3        24 330
20  13 -15  -1 -27  66   0    T  0.1   11 10.2 18 180   M    M   3        24 190
21  26  13  20  -6  45   0    T    T   11  7.6 14 180   M    M   9 8      18 190
22  24  -2  11 -15  54   0 0.04  1.3   10 10.0 22 320   M    M   6 18     26 310
23  11 -14  -1 -27  66   0 0.00  0.0   11 10.2 20 220   M    M   0        24 240
24  23   6  15 -12  50   0    T  0.2   11 19.7 33 230   M    M   6 18     38 220
25  18   2  10 -17  55   0    T    T   11  7.1 23 340   M    M   5        26 350
26  14   2   8 -19  57   0    T    T   11  8.8 18  20   M    M   6 8      21  10
27  18  -9   5 -23  60   0 0.00  0.0   11  8.6 18 220   M    M   0        22 220
================================================================================
SM  546   72      1438   0  1.09    16.2 294.6          M      139
================================================================================
AV 20.2  2.7                              10.9 FASTST   M    M   5    MAX(MPH)
                                 MISC ---->  # 36 320               # 47  310
================================================================================
NOTES:
# LAST OF SEVERAL OCCURRENCES

COLUMN 17 PEAK WIND IN M.P.H.

PRELIMINARY LOCAL CLIMATOLOGICAL DATA (WS FORM: F-6) , PAGE 2

                                          STATION:  TRI CITIES MI
                                          MONTH:    FEBRUARY
                                          YEAR:     2015
                                          LATITUDE:   43 31 N
                                          LONGITUDE:  84  5 W

[TEMPERATURE DATA]      [PRECIPITATION DATA]       SYMBOLS USED IN COLUMN 16

AVERAGE MONTHLY: 11.4   TOTAL FOR MONTH:   1.09    1 = FOG OR MIST
DPTR FM NORMAL: -12.9   DPTR FM NORMAL:   -0.45    2 = FOG REDUCING VISIBILITY
HIGHEST:    33 ON 11, 7 GRTST 24HR  0.51 ON  1- 1      TO 1/4 MILE OR LESS
LOWEST:    -15 ON 20                               3 = THUNDER
                        SNOW, ICE PELLETS, HAIL    4 = ICE PELLETS
                        TOTAL MONTH:  16.2 INCHES  5 = HAIL
                        GRTST 24HR   5.9 ON   M    6 = FREEZING RAIN OR DRIZZLE
                        GRTST DEPTH:  16 ON 11,10  7 = DUSTSTORM OR SANDSTORM:
                                                       VSBY 1/2 MILE OR LESS
                                                   8 = SMOKE OR HAZE
[NO. OF DAYS WITH]      [WEATHER - DAYS WITH]      9 = BLOWING SNOW
                                                   X = TORNADO
MAX 32 OR BELOW:  25    0.01 INCH OR MORE:  11
MAX 90 OR ABOVE:   0    0.10 INCH OR MORE:   4
MIN 32 OR BELOW:  27    0.50 INCH OR MORE:   1
MIN  0 OR BELOW:  10    1.00 INCH OR MORE:   0

[HDD (BASE 65) ]
TOTAL THIS MO.  1438    CLEAR  (SCALE 0-3)   8
DPTR FM NORMAL   342    PTCLDY (SCALE 4-7)  13
TOTAL FM JUL 1  5309    CLOUDY (SCALE 8-10)  6
DPTR FM NORMAL   248

[CDD (BASE 65) ]
TOTAL THIS MO.     0
DPTR FM NORMAL     0    [PRESSURE DATA]
TOTAL FM JAN 1     0    HIGHEST SLP M ON M
DPTR FM NORMAL     0    LOWEST  SLP 29.62 ON  8

[REMARKS]
