000
CXAK56 PAFG 191158
CF6MCG
PRELIMINARY LOCAL CLIMATOLOGICAL DATA (WS FORM: F-6)

                                          STATION:   MCGRATH AK
                                          MONTH:     FEBRUARY
                                          YEAR:      2018
                                          LATITUDE:   62 57 N
                                          LONGITUDE: 155 36 W

  TEMPERATURE IN F:       :PCPN:    SNOW:  WIND      :SUNSHINE: SKY     :PK WND
================================================================================
1   2   3   4   5  6A  6B    7    8   9   10  11  12  13   14  15   16   17  18
                                     12Z  AVG MX 2MIN
DY MAX MIN AVG DEP HDD CDD  WTR  SNW DPTH SPD SPD DIR MIN PSBL S-S WX    SPD DR
================================================================================

 1   5 -21  -8  -5  73   0 0.00  0.0   14  4.3 17  20   M    M   0        24  20
 2   3 -27 -12  -9  77   0 0.00  0.0   14  0.6  7 350   M    M   0         8 330
 3   0 -29 -14 -11  79   0 0.00  0.0   14  0.3  4  30   M    M   0         M  M
 4  -4 -30 -17 -15  82   0 0.00  0.0   14  1.1  7 260   M    M   0         9 340
 5  -2 -24 -13 -11  78   0 0.00  0.0   14  1.8  8 340   M    M   0        13 230
 6  12  -3   5   7  60   0 0.08  2.0   14  0.0  0   0   M    M   9         M  M
 7  12   4   8   9  57   0 0.00  0.0   16  2.2  8 110   M    M   9        10 120
 8   9 -18  -4  -3  69   0    T    T   16  1.5  5 260   M    M   4         M  M
 9  -5 -25 -15 -15  80   0 0.00  0.0   15  1.3  6 320   M    M   0         7 320
10  19  -8   6   6  59   0 0.00  0.0   15  1.6  7 130   M    M   8         9 130
11  25  15  20  20  45   0 0.24  3.3   18  2.3  7 110   M    M  10 18      M  M
12  33  24  29  28  36   0 0.33  3.4   21  4.3 13 280   M    M  10 1      16 280
13  32  25  29  28  36   0 0.04  1.0   21  6.8 13 170   M    M   9 18     17 290
14  35  22  29  28  36   0 0.14  2.4   22  5.5 16 270   M    M  10 1      19 270
15  27   7  17  15  48   0 0.00  0.0   22  1.7  7 260   M    M   7 128     8 260
16  22   5  14  12  51   0 0.00  0.0   22  0.6  6  80   M    M   5 1       6  80
17  22   8  15  12  50   0 0.00  0.0   22  0.9  6  50   M    M   9 128     7  50
18  30   7  19  16  46   0 0.05  0.8   22  2.3 10 130   M    M   7 1      16 140
================================================================================
SM  275  -68      1062   0  0.88    12.9  39.1          M       97
================================================================================
AV 15.3 -3.8                               2.2 FASTST   M    M   5    MAX(MPH)
                                 MISC ---->  # 17  20               # 24   20
================================================================================
NOTES:
# LAST OF SEVERAL OCCURRENCES

COLUMN 17 PEAK WIND IN M.P.H.

PRELIMINARY LOCAL CLIMATOLOGICAL DATA (WS FORM: F-6) , PAGE 2

                                          STATION:  MCGRATH AK
                                          MONTH:    FEBRUARY
                                          YEAR:     2018
                                          LATITUDE:   62 57 N
                                          LONGITUDE: 155 36 W

[TEMPERATURE DATA]      [PRECIPITATION DATA]       SYMBOLS USED IN COLUMN 16

AVERAGE MONTHLY:  5.8   TOTAL FOR MONTH:   0.88    1 = FOG OR MIST
DPTR FM NORMAL:     M   DPTR FM NORMAL:    0.28    2 = FOG REDUCING VISIBILITY
HIGHEST:    35 ON 14    GRTST 24HR  0.33 ON 12-12      TO 1/4 MILE OR LESS
LOWEST:    -30 ON  4                               3 = THUNDER
                        SNOW, ICE PELLETS, HAIL    4 = ICE PELLETS
                        TOTAL MONTH:  12.9 INCHES  5 = HAIL
                        GRTST 24HR   3.4 ON 12-12  6 = FREEZING RAIN OR DRIZZLE
                        GRTST DEPTH:  22 ON 18,17  7 = DUSTSTORM OR SANDSTORM:
                                                       VSBY 1/2 MILE OR LESS
                                                   8 = SMOKE OR HAZE
[NO. OF DAYS WITH]      [WEATHER - DAYS WITH]      9 = BLOWING SNOW
                                                   X = TORNADO
MAX 32 OR BELOW:  16    0.01 INCH OR MORE:   6
MAX 90 OR ABOVE:   0    0.10 INCH OR MORE:   3
MIN 32 OR BELOW:  18    0.50 INCH OR MORE:   0
MIN  0 OR BELOW:   9    1.00 INCH OR MORE:   0

[HDD (BASE 65) ]
TOTAL THIS MO.  1062    CLEAR  (SCALE 0-3)   6
DPTR FM NORMAL  -114    PTCLDY (SCALE 4-7)   4
TOTAL FM JUL 1  8029    CLOUDY (SCALE 8-10)  8
DPTR FM NORMAL -1600

[CDD (BASE 65) ]
TOTAL THIS MO.     0
DPTR FM NORMAL     0    [PRESSURE DATA]
TOTAL FM JAN 1     0    HIGHEST SLP M ON M
DPTR FM NORMAL     0    LOWEST  SLP 29.51 ON 12

[REMARKS]
