000
CXUS55 KEAX 280736
CF6MCI
PRELIMINARY LOCAL CLIMATOLOGICAL DATA (WS FORM: F-6)

                                          STATION:   Kansas City International MO
                                          MONTH:     MAY
                                          YEAR:      2015
                                          LATITUDE:   39 19 N
                                          LONGITUDE:  94 43 W

  TEMPERATURE IN F:       :PCPN:    SNOW:  WIND      :SUNSHINE: SKY     :PK WND
================================================================================
1   2   3   4   5  6A  6B    7    8   9   10  11  12  13   14  15   16   17  18
                                     12Z  AVG MX 2MIN
DY MAX MIN AVG DEP HDD CDD  WTR  SNW DPTH SPD SPD DIR MIN PSBL S-S WX    SPD DR
================================================================================

 1  74  45  60   0   5   0    T  0.0    0  7.9 15 120   M    M   5 8      20 150
 2  75  54  65   5   0   0 0.03  0.0    0 11.5 23 190   M    M   7        27 180
 3  83  61  72  11   0   7    T  0.0    0 18.1 29 190   M    M   8        40 190
 4  83  60  72  11   0   7 0.33  0.0    0  7.2 26 300   M    M  10 13     34 300
 5  80  58  69   8   0   4 0.35  0.0    0 10.2 20 150   M    M   8 13     24 130
 6  74  63  69   7   0   4 0.01  0.0    0 18.0 31 170   M    M   8 3      38 180
 7  76  62  69   7   0   4 0.74  0.0    0 13.6 31 170   M    M   8 13     37 160
 8  69  59  64   2   1   0 0.17  0.0    0  7.3 13  10   M    M   9 1      15 140
 9  73  58  66   4   0   1 0.12  0.0    0 12.2 22 100   M    M  10 13     26 110
10  74  55  65   2   0   0 0.46  0.0    0 10.8 23 180   M    M   9 13     29 190
11  61  44  53 -10  12   0 0.00  0.0    0 12.5 24 280   M    M   3        32 280
12  69  41  55  -8  10   0 0.00  0.0    0  6.5 12 100   M    M   2        17 340
13  71  49  60  -4   5   0 0.01  0.0    0 12.8 26 160   M    M   7        32 150
14  74  56  65   1   0   0 0.76  0.0    0 12.7 25 150   M    M   8 1      31 150
15  77  60  69   5   0   4 0.35  0.0    0  7.7 18 190   M    M   8 13     23 190
16  81  63  72   8   0   7 1.74  0.0    0 12.5 22 200   M    M   6 13     28 190
17  79  62  71   6   0   6 0.22  0.0    0 17.2 33 200   M    M   6 13     44 190
18  68  49  59  -6   6   0 0.00  0.0    0 11.2 20 350   M    M   1        25 340
19  58  42  50 -15  15   0    T  0.0    0 11.7 18  70   M    M   7        24  70
20  54  47  51 -15  14   0 1.05  0.0    0 10.8 23  70   M    M  10 1      28  70
21  68  44  56 -10   9   0    T  0.0    0  5.7 12  10   M    M   5 1      17 350
22  66  46  56 -10   9   0    T  0.0    0  6.8 13 100   M    M   9        18 280
23  67  56  62  -5   3   0 1.52  0.0    0 10.6 20 110   M    M  10 1      24 120
24  70  61  66  -1   0   1 0.69  0.0    0  8.8 21 110   M    M  10 1      25 110
25  80  58  69   2   0   4 0.75  0.0    0 11.0 31 210   M    M   7 13     39 210
26  77  59  68   0   0   3 0.41  0.0    0 11.2 25 230   M    M   5 18     32 250
27  81  56  69   1   0   4 0.00  0.0    0  5.4 10 110   M    M   5        16 110
================================================================================
SM 1962 1468        89  56  9.71     0.0 291.9          M      191
================================================================================
AV 72.7 54.4                              10.8 FASTST   M    M   7    MAX(MPH)
                                 MISC ---->  # 33 200               # 44  190
================================================================================
NOTES:
# LAST OF SEVERAL OCCURRENCES

COLUMN 17 PEAK WIND IN M.P.H.

PRELIMINARY LOCAL CLIMATOLOGICAL DATA (WS FORM: F-6) , PAGE 2

                                          STATION:  Kansas City International MO
                                          MONTH:    MAY
                                          YEAR:     2015
                                          LATITUDE:   39 19 N
                                          LONGITUDE:  94 43 W

[TEMPERATURE DATA]      [PRECIPITATION DATA]       SYMBOLS USED IN COLUMN 16

AVERAGE MONTHLY: 63.5   TOTAL FOR MONTH:   9.71    1 = FOG OR MIST
DPTR FM NORMAL:  -0.4   DPTR FM NORMAL:    5.15    2 = FOG REDUCING VISIBILITY
HIGHEST:    83 ON  4, 3 GRTST 24HR  2.21 ON 23-24      TO 1/4 MILE OR LESS
LOWEST:     41 ON 12                               3 = THUNDER
                        SNOW, ICE PELLETS, HAIL    4 = ICE PELLETS
                        TOTAL MONTH:   0.0 INCH    5 = HAIL
                        GRTST 24HR     0.0         6 = FREEZING RAIN OR DRIZZLE
                        GRTST DEPTH:   0           7 = DUSTSTORM OR SANDSTORM:
                                                       VSBY 1/2 MILE OR LESS
                                                   8 = SMOKE OR HAZE
[NO. OF DAYS WITH]      [WEATHER - DAYS WITH]      9 = BLOWING SNOW
                                                   X = TORNADO
MAX 32 OR BELOW:   0    0.01 INCH OR MORE:  18
MAX 90 OR ABOVE:   0    0.10 INCH OR MORE:  15
MIN 32 OR BELOW:   0    0.50 INCH OR MORE:   7
MIN  0 OR BELOW:   0    1.00 INCH OR MORE:   3

[HDD (BASE 65) ]
TOTAL THIS MO.    89    CLEAR  (SCALE 0-3)   2
DPTR FM NORMAL   -10    PTCLDY (SCALE 4-7)  16
TOTAL FM JUL 1  5109    CLOUDY (SCALE 8-10)  9
DPTR FM NORMAL   -10

[CDD (BASE 65) ]
TOTAL THIS MO.    56
DPTR FM NORMAL   -11    [PRESSURE DATA]
TOTAL FM JAN 1    65    HIGHEST SLP  0.00 ON M
DPTR FM NORMAL   -30    LOWEST  SLP  0.00 ON M

[REMARKS]
