000
CXUS55 KEAX 250736
CF6MCI
PRELIMINARY LOCAL CLIMATOLOGICAL DATA (WS FORM: F-6)

                                          STATION:   Kansas City International MO
                                          MONTH:     JANUARY
                                          YEAR:      2015
                                          LATITUDE:   39 19 N
                                          LONGITUDE:  94 43 W

  TEMPERATURE IN F:       :PCPN:    SNOW:  WIND      :SUNSHINE: SKY     :PK WND
================================================================================
1   2   3   4   5  6A  6B    7    8   9   10  11  12  13   14  15   16   17  18
                                     12Z  AVG MX 2MIN
DY MAX MIN AVG DEP HDD CDD  WTR  SNW DPTH SPD SPD DIR MIN PSBL S-S WX    SPD DR
================================================================================

 1  36  15  26  -3  39   0 0.00  0.0    0 10.3 18 230   M    M   8 8      22 230
 2  38  28  33   4  32   0 0.00  0.0    0  4.9 12 190   M    M  10 18     13 180
 3  42  19  31   2  34   0 0.05  0.4    0  5.2 23 320   M    M  10 1      29 320
 4  19   5  12 -17  53   0 0.03  0.4    1 12.7 25 340   M    M   4 18     33 340
 5  24   5  15 -14  50   0 0.00  0.0    1  8.2 21 150   M    M   8        25 140
 6  29  14  22  -7  43   0 0.02  0.3    1 11.3 21 310   M    M   8 1      29 280
 7  18  -3   8 -21  57   0    T  0.1    1 14.0 25 360   M    M   5 1      34 350
 8  32  -3  15 -14  50   0 0.00  0.0    1 16.5 30 230   M    M   7 8      39 340
 9  21   8  15 -13  50   0 0.00  0.0    0 11.2 26 320   M    M   1 8      36 320
10  38   6  22  -6  43   0 0.00  0.0    0 14.4 25 210   M    M   2        30 210
11  39  26  33   5  32   0 0.02  0.2    0  8.7 18 200   M    M   7 1      22 200
12  32   9  21  -7  44   0    T  0.2    T 12.7 18  30   M    M   4 1      23  30
13  26   1  14 -14  51   0 0.00  0.0    0  6.1 13  40   M    M   4        15  40
14  39  19  29   1  36   0 0.00  0.0    0  6.9 13 240   M    M   6 8      17 200
15  49  15  32   4  33   0 0.00  0.0    0  7.8 15 310   M    M   1        22 310
16  61  24  43  15  22   0 0.00  0.0    0 11.7 23 200   M    M   2 8      28 210
17  54  36  45  16  20   0 0.00  0.0    0 14.6 28 310   M    M   4        39 330
18  59  30  45  16  20   0 0.00  0.0    0  7.0 14 280   M    M   3        19 280
19  64  26  45  16  20   0 0.00  0.0    0  7.8 21 300   M    M   2 8      28 300
20  52  33  43  14  22   0 0.00  0.0    0  7.6 16 280   M    M   3 8      20 270
21  51  28  40  11  25   0 0.00  0.0    0  8.8 21 320   M    M   3        26 330
22  36  27  32   3  33   0 0.00  0.0    0  4.4 10 310   M    M   8 8      13 330
23  47  18  33   4  32   0 0.00  0.0    0  8.1 16 230   M    M   3 18     20 220
24  59  27  43  14  22   0 0.06  0.0    0 10.3 22 270   M    M   4        27 290
================================================================================
SM  965  413       863   0  0.18     1.6 231.2          M      117
================================================================================
AV 40.2 17.2                               9.6 FASTST   M    M   5    MAX(MPH)
                                 MISC ---->  # 30 230               # 39  340
================================================================================
NOTES:
# LAST OF SEVERAL OCCURRENCES

COLUMN 17 PEAK WIND IN M.P.H.

PRELIMINARY LOCAL CLIMATOLOGICAL DATA (WS FORM: F-6) , PAGE 2

                                          STATION:  Kansas City International MO
                                          MONTH:    JANUARY
                                          YEAR:     2015
                                          LATITUDE:   39 19 N
                                          LONGITUDE:  94 43 W

[TEMPERATURE DATA]      [PRECIPITATION DATA]       SYMBOLS USED IN COLUMN 16

AVERAGE MONTHLY: 28.7   TOTAL FOR MONTH:   0.18    1 = FOG OR MIST
DPTR FM NORMAL:   0.0   DPTR FM NORMAL:   -0.60    2 = FOG REDUCING VISIBILITY
HIGHEST:    64 ON 19    GRTST 24HR  0.08 ON  3- 4      TO 1/4 MILE OR LESS
LOWEST:     -3 ON  8, 7                            3 = THUNDER
                        SNOW, ICE PELLETS, HAIL    4 = ICE PELLETS
                        TOTAL MONTH:   1.6 INCHES  5 = HAIL
                        GRTST 24HR   0.4 ON   M    6 = FREEZING RAIN OR DRIZZLE
                        GRTST DEPTH:   1 ON  8, 7  7 = DUSTSTORM OR SANDSTORM:
                                                       VSBY 1/2 MILE OR LESS
                                                   8 = SMOKE OR HAZE
[NO. OF DAYS WITH]      [WEATHER - DAYS WITH]      9 = BLOWING SNOW
                                                   X = TORNADO
MAX 32 OR BELOW:   8    0.01 INCH OR MORE:   5
MAX 90 OR ABOVE:   0    0.10 INCH OR MORE:   0
MIN 32 OR BELOW:  22    0.50 INCH OR MORE:   0
MIN  0 OR BELOW:   2    1.00 INCH OR MORE:   0

[HDD (BASE 65) ]
TOTAL THIS MO.   863    CLEAR  (SCALE 0-3)   7
DPTR FM NORMAL    -1    PTCLDY (SCALE 4-7)  15
TOTAL FM JUL 1  2927    CLOUDY (SCALE 8-10)  2
DPTR FM NORMAL    21

[CDD (BASE 65) ]
TOTAL THIS MO.     0
DPTR FM NORMAL     0    [PRESSURE DATA]
TOTAL FM JAN 1     0    HIGHEST SLP  0.00 ON M
DPTR FM NORMAL     0    LOWEST  SLP  0.00 ON M

[REMARKS]
