000
CXUS55 KEAX 260736
CF6MCI
PRELIMINARY LOCAL CLIMATOLOGICAL DATA (WS FORM: F-6)

                                          STATION:   Kansas City International MO
                                          MONTH:     SEPTEMBER
                                          YEAR:      2017
                                          LATITUDE:   39 19 N
                                          LONGITUDE:  94 43 W

  TEMPERATURE IN F:       :PCPN:    SNOW:  WIND      :SUNSHINE: SKY     :PK WND
================================================================================
1   2   3   4   5  6A  6B    7    8   9   10  11  12  13   14  15   16   17  18
                                     12Z  AVG MX 2MIN
DY MAX MIN AVG DEP HDD CDD  WTR  SNW DPTH SPD SPD DIR MIN PSBL S-S WX    SPD DR
================================================================================

 1  79  61  70  -4   0   5 0.00  0.0    0  6.2 12  80   M    M   3 18     15  90
 2  82  61  72  -2   0   7 0.00  0.0    0  7.6 14 240   M    M   4 18     18 210
 3  85  64  75   2   0  10 0.00  0.0    0  5.5 12 180   M    M   2 18     13 170
 4  84  62  73   0   0   8    T  0.0    0 10.4 15 350   M    M   5        20 330
 5  74  51  63 -10   2   0 0.00  0.0    0  9.7 21 340   M    M   7        29 340
 6  72  48  60 -12   5   0 0.00  0.0    0  6.5 15 340   M    M   4 8      21 350
 7  77  46  62 -10   3   0 0.00  0.0    0  4.3  9 150   M    M   4 18     13 130
 8  84  56  70  -1   0   5 0.00  0.0    0  8.2 13 230   M    M   1 18     16 210
 9  84  58  71   0   0   6 0.00  0.0    0  6.5 13 170   M    M   3 18     15 170
10  83  61  72   1   0   7 0.00  0.0    0  7.1 15 130   M    M   4        19 170
11  81  57  69  -1   0   4 0.00  0.0    0  5.3 13  70   M    M   2 18     18 180
12  81  55  68  -2   0   3 0.00  0.0    0  5.8 14  50   M    M   8 18     17  40
13  85  59  72   3   0   7 0.00  0.0    0  4.8 10 180   M    M   3 18     14 170
14  87  60  74   5   0   9 0.00  0.0    0 10.7 20 170   M    M   3 8      29 180
15  88  65  77   9   0  12 0.00  0.0    0 13.5 24 130   M    M   5 8      28 130
16  88  69  79  11   0  14 0.35  0.0    0 11.7 26 170   M    M   6 138    39 190
17  76  62  69   1   0   4 0.43  0.0    0  7.0 20 310   M    M  10 123    26 310
18  76  65  71   4   0   6 0.34  0.0    0  8.3 14 200   M    M   7 13     17 140
19  86  66  76   9   0  11 1.17  0.0    0 14.0 26 160   M    M   4 13     33 140
20  87  72  80  14   0  15 0.00  0.0    0 11.8 23 190   M    M   4        28 190
21  90  76  83  17   0  18 0.00  0.0    0 14.9 25 160   M    M   3        34 150
22  88  71  80  15   0  15 0.00  0.0    0 12.7 21 190   M    M   2 8      27 170
23  88  68  78  13   0  13 0.00  0.0    0  8.8 16 180   M    M   2 8      20 160
24  87  67  77  13   0  12 0.00  0.0    0  9.3 16 210   M    M   2        20 230
25  86  65  76  12   0  11 0.01  0.0    0 10.2 18 150   M    M   5 8      24 160
================================================================================
SM 2078 1545        10 202  2.30     0.0 220.8          M      103
================================================================================
AV 83.1 61.8                               8.8 FASTST   M    M   4    MAX(MPH)
                                 MISC ---->  # 26 170               # 39  190
================================================================================
NOTES:
# LAST OF SEVERAL OCCURRENCES

COLUMN 17 PEAK WIND IN M.P.H.

PRELIMINARY LOCAL CLIMATOLOGICAL DATA (WS FORM: F-6) , PAGE 2

                                          STATION:  Kansas City International MO
                                          MONTH:    SEPTEMBER
                                          YEAR:     2017
                                          LATITUDE:   39 19 N
                                          LONGITUDE:  94 43 W

[TEMPERATURE DATA]      [PRECIPITATION DATA]       SYMBOLS USED IN COLUMN 16

AVERAGE MONTHLY: 72.5   TOTAL FOR MONTH:   2.30    1 = FOG OR MIST
DPTR FM NORMAL:   3.3   DPTR FM NORMAL:   -1.60    2 = FOG REDUCING VISIBILITY
HIGHEST:    90 ON 21    GRTST 24HR  1.17 ON 19-19      TO 1/4 MILE OR LESS
LOWEST:     46 ON  7                               3 = THUNDER
                        SNOW, ICE PELLETS, HAIL    4 = ICE PELLETS
                        TOTAL MONTH:   0.0 INCH    5 = HAIL
                        GRTST 24HR     0.0         6 = FREEZING RAIN OR DRIZZLE
                        GRTST DEPTH:   0           7 = DUSTSTORM OR SANDSTORM:
                                                       VSBY 1/2 MILE OR LESS
                                                   8 = SMOKE OR HAZE
[NO. OF DAYS WITH]      [WEATHER - DAYS WITH]      9 = BLOWING SNOW
                                                   X = TORNADO
MAX 32 OR BELOW:   0    0.01 INCH OR MORE:   5
MAX 90 OR ABOVE:   1    0.10 INCH OR MORE:   4
MIN 32 OR BELOW:   0    0.50 INCH OR MORE:   1
MIN  0 OR BELOW:   0    1.00 INCH OR MORE:   1

[HDD (BASE 65) ]
TOTAL THIS MO.    10    CLEAR  (SCALE 0-3)  10
DPTR FM NORMAL   -31    PTCLDY (SCALE 4-7)  14
TOTAL FM JUL 1    14    CLOUDY (SCALE 8-10)  1
DPTR FM NORMAL   -29

[CDD (BASE 65) ]
TOTAL THIS MO.   202
DPTR FM NORMAL    56    [PRESSURE DATA]
TOTAL FM JAN 1  1280    HIGHEST SLP  0.00 ON M
DPTR FM NORMAL   -39    LOWEST  SLP  0.00 ON M

[REMARKS]
