000
CXUS53 KPAH 310659
CF6MDH
PRELIMINARY LOCAL CLIMATOLOGICAL DATA (WS FORM: F-6)

                                          STATION:   CARBONDALE IL
                                          MONTH:     MAY
                                          YEAR:      2016
                                          LATITUDE:   37 46 N
                                          LONGITUDE:  89 15 W

  TEMPERATURE IN F:       :PCPN:    SNOW:  WIND      :SUNSHINE: SKY     :PK WND
================================================================================
1   2   3   4   5  6A  6B    7    8   9   10  11  12  13   14  15   16   17  18
                                     12Z  AVG MX 2MIN
DY MAX MIN AVG DEP HDD CDD  WTR  SNW DPTH SPD SPD DIR MIN PSBL S-S WX    SPD DR
================================================================================

 1  79  56  68   6   0   3 0.10  0.0    0  5.9 18 330   M    M   4 138    28 320
 2  61  52  57  -5   8   0 0.00  0.0    0  6.7 15 330   M    M   6        23 330
 3  65  46  56  -6   9   0 0.00  0.0    0  5.6 14 330   M    M   8 1      18 350
 4  69  45  57  -5   8   0 0.03  0.0    0 10.2 24 350   M    M   4        35 340
 5  63  44  54  -9  11   0 0.00  0.0    0  8.3 20 350   M    M   3 1      33 340
 6  75  43  59  -4   6   0 0.00  0.0    0  4.2 13 340   M    M   0 1      17 320
 7  86  51  69   5   0   4 0.00  0.0    0  6.5 28 350   M    M   1        34 360
 8  83  55  69   5   0   4    T  0.0    0  3.6 17 200   M    M   1 18     21 190
 9  75  62  69   5   0   4 0.24  0.0    0  9.8 18 160   M    M   9 13     23 160
10  78  57  68   4   0   3 1.10  0.0    0  5.6 16 320   M    M   4 123    24 320
11  83  61  72   7   0   7 0.91  0.0    0  5.9 36 330   M    M   6 1238   47 330
12  71  55  63  -2   2   0 0.67  0.0    0  7.1 21 150   M    M   6 13     34 320
13  74  48  61  -4   4   0 0.00  0.0    0  6.0 15 220   M    M   0        20 210
14  67  42  55 -11  10   0 0.00  0.0    0 12.4 33 340   M    M   5        44 330
15  65  39  52 -14  13   0 0.00  0.0    0  6.2 18 350   M    M   0        25 350
16  55  48  52 -14  13   0 0.48  0.0    0  6.6 15 100   M    M  10 1      21 100
17  53  48  51 -15  14   0 0.79  0.0    0  9.2 15  30   M    M  10 1      22  20
18  69  51  60  -7   5   0 0.00  0.0    0  6.0 13  20   M    M   7 18     19  40
19  72  46  59  -8   6   0 0.00  0.0    0  4.3 15  60   M    M   1 12     20  50
20  69  54  62  -5   3   0 0.10  0.0    0  4.3  9 100   M    M   8 1      13  50
21  76  53  65  -3   0   0 0.00  0.0    0  6.2 16 340   M    M   5        23 350
22  81  49  65  -3   0   0 0.00  0.0    0  3.9 14 330   M    M   0 1      21 340
23  83  50  67  -1   0   2 0.00  0.0    0  2.8 12 240   M    M   0 18     17 230
24  83  58  71   2   0   6    T  0.0    0  6.3 22 220   M    M   5 1      27 210
25  77  63  70   1   0   5 0.22  0.0    0  7.9 21 190   M    M   5 13     28 200
26  75  65  70   1   0   5 1.07  0.0    0 10.3 25 100   M    M   5 13     32 210
27  80  65  73   3   0   8 0.83  0.0    0  6.9 24 210   M    M   7 13     32 180
28  82  66  74   4   0   9    T  0.0    0  9.2 18 190   M    M   4        23 190
29  86  63  75   5   0  10 0.00  0.0    0  3.5 12 320   M    M   2 12     15 330
30  87  61  74   4   0   9 0.00  0.0    0  2.3 14 120   M    M   0 1      16 120
================================================================================
SM 2222 1596       112  79  6.54     0.0 193.7          M      126
================================================================================
AV 74.1 53.2                               6.5 FASTST   M    M   4    MAX(MPH)
                                 MISC ---->  # 36 330               # 47  330
================================================================================
NOTES:
# LAST OF SEVERAL OCCURRENCES

COLUMN 17 PEAK WIND IN M.P.H.

PRELIMINARY LOCAL CLIMATOLOGICAL DATA (WS FORM: F-6) , PAGE 2

                                          STATION:  CARBONDALE IL
                                          MONTH:    MAY
                                          YEAR:     2016
                                          LATITUDE:   37 46 N
                                          LONGITUDE:  89 15 W

[TEMPERATURE DATA]      [PRECIPITATION DATA]       SYMBOLS USED IN COLUMN 16

AVERAGE MONTHLY: 63.6   TOTAL FOR MONTH:   6.54    1 = FOG OR MIST
DPTR FM NORMAL:  -2.4   DPTR FM NORMAL:    1.51    2 = FOG REDUCING VISIBILITY
HIGHEST:    87 ON 30    GRTST 24HR  1.58 ON 11-12      TO 1/4 MILE OR LESS
LOWEST:     39 ON 15                               3 = THUNDER
                        SNOW, ICE PELLETS, HAIL    4 = ICE PELLETS
                        TOTAL MONTH:   0.0 INCH    5 = HAIL
                        GRTST 24HR     0.0         6 = FREEZING RAIN OR DRIZZLE
                        GRTST DEPTH:   0           7 = DUSTSTORM OR SANDSTORM:
                                                       VSBY 1/2 MILE OR LESS
                                                   8 = SMOKE OR HAZE
[NO. OF DAYS WITH]      [WEATHER - DAYS WITH]      9 = BLOWING SNOW
                                                   X = TORNADO
MAX 32 OR BELOW:   0    0.01 INCH OR MORE:  12
MAX 90 OR ABOVE:   0    0.10 INCH OR MORE:  11
MIN 32 OR BELOW:   0    0.50 INCH OR MORE:   6
MIN  0 OR BELOW:   0    1.00 INCH OR MORE:   2

[HDD (BASE 65) ]
TOTAL THIS MO.   112    CLEAR  (SCALE 0-3)  11
DPTR FM NORMAL    40    PTCLDY (SCALE 4-7)  15
TOTAL FM JUL 1  3755    CLOUDY (SCALE 8-10)  4
DPTR FM NORMAL  -717

[CDD (BASE 65) ]
TOTAL THIS MO.    79
DPTR FM NORMAL   -24    [PRESSURE DATA]
TOTAL FM JAN 1    90    HIGHEST SLP M ON M
DPTR FM NORMAL   -39    LOWEST  SLP 29.71 ON  4

[REMARKS]
