000
CXUS56 KPDT 230532
CF6MEH
PRELIMINARY LOCAL CLIMATOLOGICAL DATA (WS FORM: F-6)

                                          STATION:   MEACHAM OR
                                          MONTH:     MAY
                                          YEAR:      2015
                                          LATITUDE:   45 30 N
                                          LONGITUDE: 118 24 W

  TEMPERATURE IN F:       :PCPN:    SNOW:  WIND      :SUNSHINE: SKY     :PK WND
================================================================================
1   2   3   4   5  6A  6B    7    8   9   10  11  12  13   14  15   16   17  18
                                     12Z  AVG MX 2MIN
DY MAX MIN AVG DEP HDD CDD  WTR  SNW DPTH SPD SPD DIR MIN PSBL S-S WX    SPD DR
================================================================================

 1  73  29  51   7  14   0 0.00  0.0    0  1.1  8 280   M    M   0        14 260
 2  62  29  46   2  19   0 0.00  0.0    0  1.9  9 360   M    M   0        13  40
 3  64  25  45   1  20   0 0.00  0.0    0  1.2  8  20   M    M   0        13  40
 4  72  28  50   6  15   0 0.00  0.0    0  2.0  9 300   M    M   0        14 300
 5  55  29  42  -3  23   0 0.00  0.0    0  2.7  9 300   M    M   3        18 280
 6  51  27  39  -6  26   0 0.09  0.0    0  2.0  9 280   M    M   7 1      16 290
 7  57  32  45   0  20   0    T    M    0  2.0 10  30   M    M   4 12     17 360
 8  62  28  45   0  20   0 0.00  0.0    0  2.2  9  30   M    M   1        18  20
 9  64  27  46   0  19   0 0.00  0.0    0  2.5 13  20   M    M   0        20  30
10  69  27  48   2  17   0 0.00  0.0    0  1.8  9  20   M    M   0 18     14 310
11  64  40  52   6  13   0 0.13    M    0  1.3 10  60   M    M   5 1      16  60
12  49  37  43  -3  22   0 0.94    M    0  1.4  8 260   M    M  10 12     15 280
13  55  33  44  -3  21   0 0.91    M    0  1.2  7 270   M    M  10 1      13 160
14  57  31  44  -3  21   0    T    M    0  1.8 10  20   M    M   5 12     17  30
15  54  41  48   1  17   0 0.02  0.0    0  1.8  7 310   M    M  10 1      14 310
16  62  39  51   4  14   0    T  0.0    0  2.7  9 260   M    M   8        17 300
17  61  36  49   1  16   0 0.12  0.0    0  1.2  7  30   M    M   8 1      12  20
18  64  36  50   2  15   0 0.25  0.0    0  1.1  9  80   M    M   7 1      15  50
19  62  47  55   7  10   0 0.01  0.0    0  1.3  7 260   M    M   7        12 250
20  64  45  55   7  10   0 0.51  0.0    0  0.7  7  20   M    M   8 1      12 320
21  69  49  59  11   6   0 0.01  0.0    0  1.1  8 260   M    M   7 1      13  30
================================================================================
SM 1290  715       358   0  2.99     0.0  35.0          M      100
================================================================================
AV 61.4 34.0                               1.7 FASTST   M    M   5    MAX(MPH)
                                 MISC ---->  # 13  20               # 20   30
================================================================================
NOTES:
# LAST OF SEVERAL OCCURRENCES

COLUMN 17 PEAK WIND IN M.P.H.

PRELIMINARY LOCAL CLIMATOLOGICAL DATA (WS FORM: F-6) , PAGE 2

                                          STATION:  MEACHAM OR
                                          MONTH:    MAY
                                          YEAR:     2015
                                          LATITUDE:   45 30 N
                                          LONGITUDE: 118 24 W

[TEMPERATURE DATA]      [PRECIPITATION DATA]       SYMBOLS USED IN COLUMN 16

AVERAGE MONTHLY: 47.7   TOTAL FOR MONTH:   2.99    1 = FOG OR MIST
DPTR FM NORMAL:   1.6   DPTR FM NORMAL:    0.81    2 = FOG REDUCING VISIBILITY
HIGHEST:    73 ON  1    GRTST 24HR  1.84 ON 12-13      TO 1/4 MILE OR LESS
LOWEST:     25 ON  3                               3 = THUNDER
                        SNOW, ICE PELLETS, HAIL    4 = ICE PELLETS
                        TOTAL MONTH:   0.0 INCH    5 = HAIL
                        GRTST 24HR     0.0         6 = FREEZING RAIN OR DRIZZLE
                        GRTST DEPTH:   0           7 = DUSTSTORM OR SANDSTORM:
                                                       VSBY 1/2 MILE OR LESS
                                                   8 = SMOKE OR HAZE
[NO. OF DAYS WITH]      [WEATHER - DAYS WITH]      9 = BLOWING SNOW
                                                   X = TORNADO
MAX 32 OR BELOW:   0    0.01 INCH OR MORE:  10
MAX 90 OR ABOVE:   0    0.10 INCH OR MORE:   6
MIN 32 OR BELOW:  11    0.50 INCH OR MORE:   3
MIN  0 OR BELOW:   0    1.00 INCH OR MORE:   0

[HDD (BASE 65) ]
TOTAL THIS MO.   358    CLEAR  (SCALE 0-3)   7
DPTR FM NORMAL   -40    PTCLDY (SCALE 4-7)  11
TOTAL FM JUL 1  6483    CLOUDY (SCALE 8-10)  3
DPTR FM NORMAL -1317

[CDD (BASE 65) ]
TOTAL THIS MO.     0
DPTR FM NORMAL     0    [PRESSURE DATA]
TOTAL FM JAN 1     0    HIGHEST SLP M ON M
DPTR FM NORMAL     0    LOWEST  SLP 29.67 ON 15

[REMARKS]
