000
CXUS56 KPDT 291032
CF6MEH
PRELIMINARY LOCAL CLIMATOLOGICAL DATA (WS FORM: F-6)

                                          STATION:   MEACHAM OR
                                          MONTH:     AUGUST
                                          YEAR:      2016
                                          LATITUDE:   45 30 N
                                          LONGITUDE: 118 24 W

  TEMPERATURE IN F:       :PCPN:    SNOW:  WIND      :SUNSHINE: SKY     :PK WND
================================================================================
1   2   3   4   5  6A  6B    7    8   9   10  11  12  13   14  15   16   17  18
                                     12Z  AVG MX 2MIN
DY MAX MIN AVG DEP HDD CDD  WTR  SNW DPTH SPD SPD DIR MIN PSBL S-S WX    SPD DR
================================================================================

 1  82  34  58  -2   7   0 0.00  0.0    0  1.9  8  10   M    M   0        14  40
 2  71  39  55  -5  10   0 0.00  0.0    0  2.9 12 270   M    M   0        21 330
 3  74  37  56  -4   9   0 0.00  0.0    0  1.4  7 260   M    M   1        11  10
 4  82  37  60   0   5   0 0.00  0.0    0  1.3  9  40   M    M   0        14  40
 5  86  41  64   4   1   0 0.00  0.0    0  1.8  9  10   M    M   0        15 360
 6  79  45  62   2   3   0 0.00  0.0    0  1.4  8 300   M    M   0        14 310
 7  73  40  57  -3   8   0 0.01  0.0    0  1.8  9 270   M    M   0        16 300
 8  70  34  52  -8  13   0 0.07  0.0    0  1.9  8 270   M    M   5 1      15 320
 9  64  43  54  -5  11   0 0.10  0.0    0  1.3  7 250   M    M   8 1      12 250
10  74  36  55  -4  10   0 0.00  0.0    0  0.9  7  30   M    M   1        12  30
11  80  38  59   0   6   0 0.00  0.0    0  1.8  9  20   M    M   0        15  40
12  85  40  63   4   2   0 0.00  0.0    0  1.2  9  30   M    M   0 8      14  30
13  87  42  65   6   0   0 0.00  0.0    0  1.1  7 290   M    M   0        13 320
14  87  45  66   7   0   1 0.00  0.0    0  1.5  8 300   M    M   0        14 350
15  87  40  64   6   1   0 0.00  0.0    0  1.7  9  20   M    M   0        15  50
16  87  39  63   5   2   0 0.00  0.0    0  1.8  8  20   M    M   0        13  30
17  85  40  63   5   2   0 0.00  0.0    0  1.9  9  10   M    M   0        14  30
18  87  43  65   7   0   0 0.00  0.0    0  2.1 10  20   M    M   0        15 340
19  79  41  60   2   5   0 0.00  0.0    0  1.9  9 290   M    M   0        19 300
20  86  37  62   4   3   0 0.00  0.0    0  0.8  8  80   M    M   0 8      14  30
21  87  39  63   5   2   0 0.00  0.0    0  3.0 12 280   M    M   0        20 260
22  69  36  53  -4  12   0 0.00  0.0    0  2.2 10 280   M    M   0        17 280
23  71  29  50  -7  15   0 0.00  0.0    0  2.2  9  40   M    M   0        16  30
24  74  34  54  -3  11   0 0.00  0.0    0  1.8  9  30   M    M   1        16  40
25  77  36  57   0   8   0 0.00  0.0    0  1.9 10  30   M    M   0        16  10
26  81  34  58   2   7   0 0.00  0.0    0  1.6  8  10   M    M   0        15  40
27  84  39  62   6   3   0 0.00  0.0    0  2.5 12 280   M    M   0        20 350
28  82  46  64   8   1   0 0.00  0.0    0  1.8  7 350   M    M   0        13 350
================================================================================
SM 2230 1084       157   1  0.18     0.0  49.4          M       16
================================================================================
AV 79.6 38.7                               1.8 FASTST   M    M   1    MAX(MPH)
                                 MISC ---->  # 12 270               # 21  330
================================================================================
NOTES:
# LAST OF SEVERAL OCCURRENCES

COLUMN 17 PEAK WIND IN M.P.H.

PRELIMINARY LOCAL CLIMATOLOGICAL DATA (WS FORM: F-6) , PAGE 2

                                          STATION:  MEACHAM OR
                                          MONTH:    AUGUST
                                          YEAR:     2016
                                          LATITUDE:   45 30 N
                                          LONGITUDE: 118 24 W

[TEMPERATURE DATA]      [PRECIPITATION DATA]       SYMBOLS USED IN COLUMN 16

AVERAGE MONTHLY: 59.2   TOTAL FOR MONTH:   0.18    1 = FOG OR MIST
DPTR FM NORMAL:   0.8   DPTR FM NORMAL:   -0.56    2 = FOG REDUCING VISIBILITY
HIGHEST:    87 ON 21,18 GRTST 24HR  0.17 ON  8- 9      TO 1/4 MILE OR LESS
LOWEST:     29 ON 23                               3 = THUNDER
                        SNOW, ICE PELLETS, HAIL    4 = ICE PELLETS
                        TOTAL MONTH:   0.0 INCH    5 = HAIL
                        GRTST 24HR     0.0         6 = FREEZING RAIN OR DRIZZLE
                        GRTST DEPTH:   0           7 = DUSTSTORM OR SANDSTORM:
                                                       VSBY 1/2 MILE OR LESS
                                                   8 = SMOKE OR HAZE
[NO. OF DAYS WITH]      [WEATHER - DAYS WITH]      9 = BLOWING SNOW
                                                   X = TORNADO
MAX 32 OR BELOW:   0    0.01 INCH OR MORE:   3
MAX 90 OR ABOVE:   0    0.10 INCH OR MORE:   1
MIN 32 OR BELOW:   1    0.50 INCH OR MORE:   0
MIN  0 OR BELOW:   0    1.00 INCH OR MORE:   0

[HDD (BASE 65) ]
TOTAL THIS MO.   157    CLEAR  (SCALE 0-3)  26
DPTR FM NORMAL   -36    PTCLDY (SCALE 4-7)   2
TOTAL FM JUL 1   335    CLOUDY (SCALE 8-10)  0
DPTR FM NORMAL   -50

[CDD (BASE 65) ]
TOTAL THIS MO.     1
DPTR FM NORMAL     1    [PRESSURE DATA]
TOTAL FM JAN 1    21    HIGHEST SLP 30.03 ON  1
DPTR FM NORMAL     7    LOWEST  SLP 29.67 ON M

[REMARKS]
