000
CXUS56 KPDT 251832
CF6MEH
PRELIMINARY LOCAL CLIMATOLOGICAL DATA (WS FORM: F-6)

                                          STATION:   MEACHAM OR
                                          MONTH:     MAY
                                          YEAR:      2016
                                          LATITUDE:   45 30 N
                                          LONGITUDE: 118 24 W

  TEMPERATURE IN F:       :PCPN:    SNOW:  WIND      :SUNSHINE: SKY     :PK WND
================================================================================
1   2   3   4   5  6A  6B    7    8   9   10  11  12  13   14  15   16   17  18
                                     12Z  AVG MX 2MIN
DY MAX MIN AVG DEP HDD CDD  WTR  SNW DPTH SPD SPD DIR MIN PSBL S-S WX    SPD DR
================================================================================

 1  65  29  47   3  18   0 0.00  0.0    M  2.0 10  30   M    M   0        15  40
 2  75  32  54  10  11   0 0.00  0.0    0  0.5  5  99   M    M   0         M  M
 3  78  33  56  12   9   0 0.00  0.0    0  1.5  9 100   M    M   2 8      19 100
 4  69  44  57  13   8   0 0.06  0.0    0  1.3  6  99   M    M   3         M  M
 5  61  51  56  11   9   0 0.36  0.0    0  3.3 17  30   M    M   9 1      25  30
 6  59  44  52   7  13   0 0.00  0.0    0  0.6  6 270   M    M   8 1      10 260
 7  69  40  55  10  10   0 0.00  0.0    0  1.2  8 300   M    M   2 1      14 280
 8  65  38  52   7  13   0 0.00  0.0    M  3.6 10 300   M    M   1        25 310
 9  53  32  43  -3  22   0 0.01    T    0  3.3 12 310   M    M   7 1      22 320
10  59  28  44  -2  21   0 0.00  0.0    0  1.1  9  30   M    M   1        16  40
11  72  29  51   5  14   0 0.00  0.0    0  1.1  8  90   M    M   0        14  70
12  75  38  57  11   8   0 0.00  0.0    0  1.6  8 270   M    M   0        16 260
13  71  34  53   6  12   0 0.00  0.0    0  1.1  7  20   M    M   0        13  30
14  61  43  52   5  13   0 0.95  0.0    0  1.4 10  40   M    M   7 13     22 260
15  47  43  45  -2  20   0 0.64  0.0    0  1.6  8 270   M    M   9 1      17 280
16  58  37  48   1  17   0 0.23  0.0    0  0.8  7  30   M    M   7 12     13  30
17  66  46  56   8   9   0 0.00  0.0    0  1.0  5  99   M    M   1         M  M
18  73  40  57   9   8   0 0.14    M    0  2.0  9 290   M    M   2 1      17 260
19  54  31  43  -5  22   0 0.01    M    0  3.2 12 270   M    M   7        19 250
20  48  28  38 -10  27   0 0.11    M    0  1.1  9  20   M    M   5 1      14  40
21  54  34  44  -4  21   0 0.33  0.0    0  1.0 10 290   M    M   9 12     17 280
22  54  41  48   0  17   0 0.08    M    0  1.3  8 270   M    M  10 1      15 280
23  57  36  47  -2  18   0 0.01    M    0  1.4  8 290   M    M   5        15 330
24  61  34  48  -1  17   0 0.00  0.0    0  1.7  9 250   M    M   3        15 270
================================================================================
SM 1504  885       357   0  2.93    T     38.7          M       98
================================================================================
AV 62.7 36.9                               1.6 FASTST   M    M   4    MAX(MPH)
                                 MISC ---->  # 17  30               # 25   30
================================================================================
NOTES:
# LAST OF SEVERAL OCCURRENCES

COLUMN 17 PEAK WIND IN M.P.H.

PRELIMINARY LOCAL CLIMATOLOGICAL DATA (WS FORM: F-6) , PAGE 2

                                          STATION:  MEACHAM OR
                                          MONTH:    MAY
                                          YEAR:     2016
                                          LATITUDE:   45 30 N
                                          LONGITUDE: 118 24 W

[TEMPERATURE DATA]      [PRECIPITATION DATA]       SYMBOLS USED IN COLUMN 16

AVERAGE MONTHLY: 49.8   TOTAL FOR MONTH:   2.93    1 = FOG OR MIST
DPTR FM NORMAL:   3.4   DPTR FM NORMAL:    0.43    2 = FOG REDUCING VISIBILITY
HIGHEST:    78 ON  3    GRTST 24HR  1.04 ON 14-15      TO 1/4 MILE OR LESS
LOWEST:     28 ON 20,10                            3 = THUNDER
                        SNOW, ICE PELLETS, HAIL    4 = ICE PELLETS
                        TOTAL MONTH:    T          5 = HAIL
                        GRTST 24HR    T  ON  9- 9  6 = FREEZING RAIN OR DRIZZLE
                        GRTST DEPTH:   0           7 = DUSTSTORM OR SANDSTORM:
                                                       VSBY 1/2 MILE OR LESS
                                                   8 = SMOKE OR HAZE
[NO. OF DAYS WITH]      [WEATHER - DAYS WITH]      9 = BLOWING SNOW
                                                   X = TORNADO
MAX 32 OR BELOW:   0    0.01 INCH OR MORE:  12
MAX 90 OR ABOVE:   0    0.10 INCH OR MORE:   7
MIN 32 OR BELOW:   7    0.50 INCH OR MORE:   2
MIN  0 OR BELOW:   0    1.00 INCH OR MORE:   0

[HDD (BASE 65) ]
TOTAL THIS MO.   357    CLEAR  (SCALE 0-3)  12
DPTR FM NORMAL   -89    PTCLDY (SCALE 4-7)   8
TOTAL FM JUL 1  6864    CLOUDY (SCALE 8-10)  4
DPTR FM NORMAL  -984

[CDD (BASE 65) ]
TOTAL THIS MO.     0
DPTR FM NORMAL     0    [PRESSURE DATA]
TOTAL FM JAN 1     0    HIGHEST SLP 29.86 ON M
DPTR FM NORMAL     0    LOWEST  SLP 29.65 ON 20

[REMARKS]
