000
CXUS54 KJAN 271200
CF6MEI
PRELIMINARY LOCAL CLIMATOLOGICAL DATA (WS FORM: F-6)

                                          STATION:   MERIDIAN
                                          MONTH:     JUNE
                                          YEAR:      2017
                                          LATITUDE:   32 19 N
                                          LONGITUDE:  88 45 W

  TEMPERATURE IN F:       :PCPN:    SNOW:  WIND      :SUNSHINE: SKY     :PK WND
================================================================================
1   2   3   4   5  6A  6B    7    8   9   10  11  12  13   14  15   16   17  18
                                     12Z  AVG MX 2MIN
DY MAX MIN AVG DEP HDD CDD  WTR  SNW DPTH SPD SPD DIR MIN PSBL S-S WX    SPD DR
================================================================================

 1  84  69  77   2   0  12 0.38  0.0    0  3.3 18 140   M    M   8 13     21 140
 2  87  71  79   4   0  14 0.00  0.0    0  4.6 17  60   M    M   6        22  20
 3  80  69  75   0   0  10 0.27  0.0    0  4.8 16 190   M    M   6 13     22 180
 4  85  71  78   2   0  13 0.06  0.0    0  5.5 16 190   M    M   8 1      21 200
 5  87  73  80   4   0  15 0.44  0.0    0  5.5 16 270   M    M   8 13     23 260
 6  85  71  78   2   0  13 0.30  0.0    0  6.7 18  70   M    M   5 1      24  40
 7  85  64  75  -1   0  10 0.00  0.0    0  9.5 20  20   M    M   3        25  30
 8  84  59  72  -4   0   7 0.00  0.0    0  5.9 15 360   M    M   0        24 330
 9  85  58  72  -5   0   7 0.00  0.0    0  1.8  9 290   M    M   1        12 300
10  89  62  76  -1   0  11 0.00  0.0    0  2.8 13 140   M    M   1        17 150
11  92  64  78   1   0  13 0.14  0.0    0  4.9 25 190   M    M   2 3      33 190
12  92  71  82   5   0  17 0.23  0.0    0  4.2 16 140   M    M   3 13     20 140
13  91  71  81   4   0  16    T  0.0    0  3.5 12  10   M    M   5 1      14  20
14  91  72  82   4   0  17 0.07  0.0    0  2.7 15 230   M    M   5 123    21 220
15  89  69  79   1   0  14 1.51  0.0    0  5.6 25  60   M    M   2 13     31  60
16  91  67  79   1   0  14 1.12  0.0    0  5.5 24 310   M    M   3 13     32 310
17  88  68  78   0   0  13 0.00  0.0    0  5.1 13 180   M    M   4 18     15 180
18  89  72  81   3   0  16 0.38  0.0    0  6.3 16 340   M    M   7 13     21 340
19  92  73  83   5   0  18 1.09  0.0    0  3.9 18 300   M    M   3 13     22 300
20  85  73  79   0   0  14 0.06  0.0    0  6.3 15 140   M    M   6 1      19 100
21  79  72  76  -3   0  11 2.60  0.0    0  9.9 20  70   M    M   9 1      27 100
22  88  77  83   4   0  18 0.20  0.0    0 12.9 22 140   M    M   8 1      29 160
23  90  74  82   3   0  17 0.74  0.0    0 10.3 26 290   M    M   9 13     38 300
24  89  74  82   3   0  17 0.37  0.0    0  5.6 16 140   M    M   5 1      20 160
25  82  65  74  -5   0   9    T  0.0    0  7.3 16  10   M    M   2        19  10
26  87  62  75  -4   0  10 0.00  0.0    0  4.6 14  30   M    M   0        19  40
================================================================================
SM 2266 1791         0 346  9.96     0.0 149.0          M      119
================================================================================
AV 87.2 68.9                               5.7 FASTST   M    M   5    MAX(MPH)
                                 MISC ---->  # 26 290               # 38  300
================================================================================
NOTES:
# LAST OF SEVERAL OCCURRENCES

COLUMN 17 PEAK WIND IN M.P.H.

PRELIMINARY LOCAL CLIMATOLOGICAL DATA (WS FORM: F-6) , PAGE 2

                                          STATION:  MERIDIAN
                                          MONTH:    JUNE
                                          YEAR:     2017
                                          LATITUDE:   32 19 N
                                          LONGITUDE:  88 45 W

[TEMPERATURE DATA]      [PRECIPITATION DATA]       SYMBOLS USED IN COLUMN 16

AVERAGE MONTHLY: 78.0   TOTAL FOR MONTH:   9.96    1 = FOG OR MIST
DPTR FM NORMAL:   0.7   DPTR FM NORMAL:    6.20    2 = FOG REDUCING VISIBILITY
HIGHEST:    92 ON 19,12 GRTST 24HR  2.60 ON 21-21      TO 1/4 MILE OR LESS
LOWEST:     58 ON  9                               3 = THUNDER
                        SNOW, ICE PELLETS, HAIL    4 = ICE PELLETS
                        TOTAL MONTH:   0.0 INCH    5 = HAIL
                        GRTST 24HR     0.0         6 = FREEZING RAIN OR DRIZZLE
                        GRTST DEPTH:   0           7 = DUSTSTORM OR SANDSTORM:
                                                       VSBY 1/2 MILE OR LESS
                                                   8 = SMOKE OR HAZE
[NO. OF DAYS WITH]      [WEATHER - DAYS WITH]      9 = BLOWING SNOW
                                                   X = TORNADO
MAX 32 OR BELOW:   0    0.01 INCH OR MORE:  17
MAX 90 OR ABOVE:   7    0.10 INCH OR MORE:  14
MIN 32 OR BELOW:   0    0.50 INCH OR MORE:   5
MIN  0 OR BELOW:   0    1.00 INCH OR MORE:   4

[HDD (BASE 65) ]
TOTAL THIS MO.     0    CLEAR  (SCALE 0-3)   9
DPTR FM NORMAL     0    PTCLDY (SCALE 4-7)  13
TOTAL FM JUL 1  1362    CLOUDY (SCALE 8-10)  4
DPTR FM NORMAL -1191

[CDD (BASE 65) ]
TOTAL THIS MO.   346
DPTR FM NORMAL    25    [PRESSURE DATA]
TOTAL FM JAN 1   839    HIGHEST SLP M ON M
DPTR FM NORMAL   235    LOWEST  SLP 29.69 ON  5

[REMARKS]
