000
CXUS54 KJAN 301414
CF6MEI
PRELIMINARY LOCAL CLIMATOLOGICAL DATA (WS FORM: F-6)

                                          STATION:   MERIDIAN
                                          MONTH:     JUNE
                                          YEAR:      2015
                                          LATITUDE:   32 19 N
                                          LONGITUDE:  88 45 W

  TEMPERATURE IN F:       :PCPN:    SNOW:  WIND      :SUNSHINE: SKY     :PK WND
================================================================================
1   2   3   4   5  6A  6B    7    8   9   10  11  12  13   14  15   16   17  18
                                     12Z  AVG MX 2MIN
DY MAX MIN AVG DEP HDD CDD  WTR  SNW DPTH SPD SPD DIR MIN PSBL S-S WX    SPD DR
================================================================================

 1  84  62  73  -2   0   8 0.00  0.0    0  3.9 14 350   M    M   5 1      16 350
 2  84  63  74  -1   0   9 0.00  0.0    0  6.0 13 330   M    M   3 1      14 320
 3  84  60  72  -3   0   7 0.00  0.0    0  4.3 12  20   M    M   1        15  30
 4  86  59  73  -3   0   8 0.00  0.0    0  2.9 12 340   M    M   1        14 350
 5  90  60  75  -1   0  10 0.00  0.0    0  2.7 13 340   M    M   1        16 350
 6  88  65  77   1   0  12 0.28  0.0    0  1.7 24  20   M    M   3 1      29  10
 7  92  65  79   3   0  14 0.00  0.0    0  2.3 12 200   M    M   0        13 200
 8  91  70  81   5   0  16 0.00  0.0    0  5.9 13 160   M    M   2 1      18 160
 9  87  69  78   1   0  13 0.02  0.0    0  5.8 17 320   M    M   1 3      22 290
10  89  66  78   1   0  13 1.42  0.0    0  4.3 62  10   M    M   2 138    73  10
11  88  65  77   0   0  12    T  0.0    0  4.3 17 140   M    M   1 3      23 130
12  86  69  78   1   0  13 0.14  0.0    0  6.6 35 190   M    M   3 13     43 200
13  89  68  79   2   0  14 0.04  0.0    0  5.1 26 200   M    M   4 13     32 200
14  89  69  79   1   0  14 0.27  0.0    0  4.2 33 210   M    M   4 13     50 210
15  91  65  78   0   0  13 0.01  0.0    0  3.2 28 180   M    M   2 13     36 180
16  91  68  80   2   0  15 0.00  0.0    0  3.7 12 200   M    M   2 12     15 160
17  92  69  81   3   0  16 0.00  0.0    0  5.0 21 160   M    M   1 3      26 160
18  91  70  81   3   0  16 0.00  0.0    0  5.3 14 200   M    M   1        18 220
19  90  73  82   4   0  17 0.23  0.0    0  8.5 20 170   M    M   2 13     26 200
20  91  73  82   3   0  17 0.00  0.0    0  7.0 15 250   M    M   4        20 220
21  91  72  82   3   0  17 0.01  0.0    0  3.8 16 270   M    M   1 13     21 260
22  95  71  83   4   0  18 0.00  0.0    0  2.4 10 250   M    M   1        13 260
23  96  77  87   8   0  22 0.00  0.0    0  3.3 12 280   M    M   0        17 280
24  91  73  82   3   0  17 0.03  0.0    0  4.9 31  10   M    M   2 13     38  10
25  93  70  82   3   0  17 0.00  0.0    0  4.5 13 140   M    M   1 3      16 130
26  92  73  83   4   0  18 0.08  0.0    0  4.0 16 250   M    M   1 38     24 250
27  88  72  80   0   0  15 0.04  0.0    0  5.8 15 310   M    M   6 1      21 250
28  88  67  78  -2   0  13 0.00  0.0    0  4.0 12 330   M    M   3        14 320
29  92  62  77  -3   0  12 0.00  0.0    0  5.8 14 270   M    M   1        18 250
================================================================================
SM 2599 1965         0 406  2.57     0.0 131.2          M       59
================================================================================
AV 89.6 67.8                               4.5 FASTST   M    M   2    MAX(MPH)
                                 MISC ---->  # 62  10               # 73   10
================================================================================
NOTES:
# LAST OF SEVERAL OCCURRENCES

COLUMN 17 PEAK WIND IN M.P.H.

PRELIMINARY LOCAL CLIMATOLOGICAL DATA (WS FORM: F-6) , PAGE 2

                                          STATION:  MERIDIAN
                                          MONTH:    JUNE
                                          YEAR:     2015
                                          LATITUDE:   32 19 N
                                          LONGITUDE:  88 45 W

[TEMPERATURE DATA]      [PRECIPITATION DATA]       SYMBOLS USED IN COLUMN 16

AVERAGE MONTHLY: 78.7   TOTAL FOR MONTH:   2.57    1 = FOG OR MIST
DPTR FM NORMAL:   1.1   DPTR FM NORMAL:   -1.67    2 = FOG REDUCING VISIBILITY
HIGHEST:    96 ON 23    GRTST 24HR  1.42 ON  9-10      TO 1/4 MILE OR LESS
LOWEST:     59 ON  4                               3 = THUNDER
                        SNOW, ICE PELLETS, HAIL    4 = ICE PELLETS
                        TOTAL MONTH:   0.0 INCH    5 = HAIL
                        GRTST 24HR     0.0         6 = FREEZING RAIN OR DRIZZLE
                        GRTST DEPTH:   0           7 = DUSTSTORM OR SANDSTORM:
                                                       VSBY 1/2 MILE OR LESS
                                                   8 = SMOKE OR HAZE
[NO. OF DAYS WITH]      [WEATHER - DAYS WITH]      9 = BLOWING SNOW
                                                   X = TORNADO
MAX 32 OR BELOW:   0    0.01 INCH OR MORE:  12
MAX 90 OR ABOVE:  16    0.10 INCH OR MORE:   5
MIN 32 OR BELOW:   0    0.50 INCH OR MORE:   1
MIN  0 OR BELOW:   0    1.00 INCH OR MORE:   1

[HDD (BASE 65) ]
TOTAL THIS MO.     0    CLEAR  (SCALE 0-3)  24
DPTR FM NORMAL     0    PTCLDY (SCALE 4-7)   5
TOTAL FM JUL 1  2504    CLOUDY (SCALE 8-10)  0
DPTR FM NORMAL   -49

[CDD (BASE 65) ]
TOTAL THIS MO.   406
DPTR FM NORMAL    40    [PRESSURE DATA]
TOTAL FM JAN 1   771    HIGHEST SLP M ON M
DPTR FM NORMAL   122    LOWEST  SLP 29.79 ON 10

[REMARKS]
