000
CXUS54 KMEG 200649
CF6MEM
PRELIMINARY LOCAL CLIMATOLOGICAL DATA (WS FORM: F-6)

                                          STATION:   MEMPHIS
                                          MONTH:     OCTOBER
                                          YEAR:      2014
                                          LATITUDE:   35  3 N
                                          LONGITUDE:  89 59 W

  TEMPERATURE IN F:       :PCPN:    SNOW:  WIND      :SUNSHINE: SKY     :PK WND
================================================================================
1   2   3   4   5  6A  6B    7    8   9   10  11  12  13   14  15   16   17  18
                                     12Z  AVG MX 2MIN
DY MAX MIN AVG DEP HDD CDD  WTR  SNW DPTH SPD SPD DIR MIN PSBL S-S WX    SPD DR
================================================================================

 1  89  68  79  10   0  14 0.00  0.0    0  7.6 15 180   M    M   4        25 230
 2  90  66  78   9   0  13 0.87  0.0    0 10.4 43 190   M    M   6 138    61 180
 3  77  51  64  -5   1   0 0.04  0.0    0 11.3 25 310   M    M   6        33 320
 4  69  45  57 -11   8   0 0.00  0.0    0  8.5 26 300   M    M   3        37 310
 5  79  48  64  -4   1   0 0.00  0.0    0 10.4 21 220   M    M   5        31 230
 6  77  61  69   1   0   4 0.33  0.0    0  9.9 24 280   M    M   8 138    33 270
 7  84  67  76   9   0  11    T  0.0    0  8.8 17 210   M    M   6 3      35 220
 8  81  68  75   8   0  10 0.00  0.0    0  2.0  9 170   M    M   7 1      13 120
 9  86  66  76  10   0  11 0.00  0.0    0  6.7 15 170   M    M   7        29 100
10  85  64  75   9   0  10 0.11  0.0    0  8.5 21 280   M    M   7 13     28 250
11  66  59  63  -3   2   0 0.11  0.0    0  7.0 18  20   M    M  10 1      21  10
12  77  61  69   4   0   4 0.18  0.0    0  5.4 21 230   M    M  10 123    31 210
13  80  61  71   6   0   6 1.58  0.0    0 12.6 28 290   M    M   9 123    36 300
14  64  58  61  -4   4   0 0.13  0.0    0  8.2 16 300   M    M   8 1      24 330
15  70  55  63  -1   2   0 0.00  0.0    0  8.2 20 290   M    M   7        24 300
16  74  48  61  -3   4   0 0.00  0.0    0  4.3 13 190   M    M   1        20 260
17  81  58  70   6   0   5 0.00  0.0    0  5.8 13 190   M    M   1        20 250
18  71  55  63   0   2   0 0.00  0.0    0  7.9 20  20   M    M   4        24  20
19  69  48  59  -4   6   0 0.00  0.0    0  3.5 12  60   M    M   4        23  60
================================================================================
SM 1469 1107        30  88  3.35     0.0 147.0          M      113
================================================================================
AV 77.3 58.3                               7.7 FASTST   M    M   6    MAX(MPH)
                                 MISC ---->  # 43 190               # 61  180
================================================================================
NOTES:
# LAST OF SEVERAL OCCURRENCES

COLUMN 17 PEAK WIND IN M.P.H.

PRELIMINARY LOCAL CLIMATOLOGICAL DATA (WS FORM: F-6) , PAGE 2

                                          STATION:  MEMPHIS
                                          MONTH:    OCTOBER
                                          YEAR:     2014
                                          LATITUDE:   35  3 N
                                          LONGITUDE:  89 59 W

[TEMPERATURE DATA]      [PRECIPITATION DATA]       SYMBOLS USED IN COLUMN 16

AVERAGE MONTHLY: 67.8   TOTAL FOR MONTH:   3.35    1 = FOG OR MIST
DPTR FM NORMAL:   1.7   DPTR FM NORMAL:    1.02    2 = FOG REDUCING VISIBILITY
HIGHEST:    90 ON  2    GRTST 24HR  1.71 ON 12-13      TO 1/4 MILE OR LESS
LOWEST:     45 ON  4                               3 = THUNDER
                        SNOW, ICE PELLETS, HAIL    4 = ICE PELLETS
                        TOTAL MONTH:   0.0 INCH    5 = HAIL
                        GRTST 24HR     0.0         6 = FREEZING RAIN OR DRIZZLE
                        GRTST DEPTH:   0           7 = DUSTSTORM OR SANDSTORM:
                                                       VSBY 1/2 MILE OR LESS
                                                   8 = SMOKE OR HAZE
[NO. OF DAYS WITH]      [WEATHER - DAYS WITH]      9 = BLOWING SNOW
                                                   X = TORNADO
MAX 32 OR BELOW:   0    0.01 INCH OR MORE:   8
MAX 90 OR ABOVE:   1    0.10 INCH OR MORE:   7
MIN 32 OR BELOW:   0    0.50 INCH OR MORE:   2
MIN  0 OR BELOW:   0    1.00 INCH OR MORE:   1

[HDD (BASE 65) ]
TOTAL THIS MO.    30    CLEAR  (SCALE 0-3)   3
DPTR FM NORMAL   -20    PTCLDY (SCALE 4-7)  12
TOTAL FM JUL 1    31    CLOUDY (SCALE 8-10)  4
DPTR FM NORMAL   -30

[CDD (BASE 65) ]
TOTAL THIS MO.    88
DPTR FM NORMAL    17    [PRESSURE DATA]
TOTAL FM JAN 1  2139    HIGHEST SLP M ON M
DPTR FM NORMAL   -83    LOWEST  SLP 29.62 ON M

[REMARKS]
