000
CXUS54 KBRO 220900
CF6MFE
PRELIMINARY LOCAL CLIMATOLOGICAL DATA (WS FORM: F-6)

                                          STATION:   MCALLEN
                                          MONTH:     OCTOBER
                                          YEAR:      2014
                                          LATITUDE:   26 10 N
                                          LONGITUDE:  98 14 W

  TEMPERATURE IN F:       :PCPN:    SNOW:  WIND      :SUNSHINE: SKY     :PK WND
================================================================================
1   2   3   4   5  6A  6B    7    8   9   10  11  12  13   14  15   16   17  18
                                     12Z  AVG MX 2MIN
DY MAX MIN AVG DEP HDD CDD  WTR  SNW DPTH SPD SPD DIR MIN PSBL S-S WX    SPD DR
================================================================================

 1  92  74  83   3   0  18 0.00  0.0    0  9.2 18 140   M    M   1 1      24 140
 2  92  78  85   5   0  20 0.00  0.0    0 10.8 20 140   M    M   3 18     28 150
 3  92  75  84   4   0  19    T  0.0    0  7.4 20  50   M    M   3 18     25  40
 4  88  67  78  -2   0  13 0.00  0.0    0  7.7 15  50   M    M   0        20  50
 5  89  68  79   0   0  14 0.00  0.0    0  5.5 14 140   M    M   2        20 150
 6  91  73  82   3   0  17 0.00  0.0    0  7.8 16 170   M    M   0 1      22 140
 7  94  74  84   5   0  19 0.00  0.0    0  5.6 17 130   M    M   3 12     23 130
 8  92  75  84   5   0  19 0.00  0.0    0  8.1 20 130   M    M   2 1      23 140
 9  93  74  84   5   0  19 0.00  0.0    0 10.8 22 130   M    M   2        26 130
10  93  75  84   6   0  19 0.00  0.0    0 13.3 28 150   M    M   1        35 170
11  93  72  83   5   0  18 0.07  0.0    0  6.7 23 130   M    M   2 1      28 120
12  92  74  83   5   0  18    T  0.0    0  8.7 23 130   M    M   3 1      28 130
13  93  70  82   4   0  17 0.00  0.0    0 12.3 25 340   M    M   1        32 350
14  87  57  72  -6   0   7 0.00  0.0    0  6.0 15  20   M    M   0 8      22  20
15  86  55  71  -7   0   6 0.00  0.0    0  3.2  9 110   M    M   0        20 140
16  87  57  72  -5   0   7 0.00  0.0    0  7.7 16 140   M    M   0 8      21 140
17  92  60  76  -1   0  11 0.00  0.0    0  8.9 18 140   M    M   1        24 140
18  91  73  82   5   0  17    T  0.0    0  8.6 17  90   M    M   5 1      23  80
19  89  75  82   5   0  17 0.00  0.0    0  8.6 17 110   M    M   4        23 110
20  88  69  79   3   0  14 0.04  0.0    0  6.6 17  20   M    M   3        23  40
21  83  71  77   1   0  12 0.51  0.0    0  6.1 16  60   M    M   4 1      22  30
================================================================================
SM 1897 1466         0 321  0.62     0.0 169.6          M       40
================================================================================
AV 90.3 69.8                               8.1 FASTST   M    M   2    MAX(MPH)
                                 MISC ---->  # 28 150               # 35  170
================================================================================
NOTES:
# LAST OF SEVERAL OCCURRENCES

COLUMN 17 PEAK WIND IN M.P.H.

PRELIMINARY LOCAL CLIMATOLOGICAL DATA (WS FORM: F-6) , PAGE 2

                                          STATION:  MCALLEN
                                          MONTH:    OCTOBER
                                          YEAR:     2014
                                          LATITUDE:   26 10 N
                                          LONGITUDE:  98 14 W

[TEMPERATURE DATA]      [PRECIPITATION DATA]       SYMBOLS USED IN COLUMN 16

AVERAGE MONTHLY: 80.1   TOTAL FOR MONTH:   0.62    1 = FOG OR MIST
DPTR FM NORMAL:   1.8   DPTR FM NORMAL:   -0.88    2 = FOG REDUCING VISIBILITY
HIGHEST:    94 ON  7    GRTST 24HR  0.55 ON 20-21      TO 1/4 MILE OR LESS
LOWEST:     55 ON 15                               3 = THUNDER
                        SNOW, ICE PELLETS, HAIL    4 = ICE PELLETS
                        TOTAL MONTH:   0.0 INCH    5 = HAIL
                        GRTST 24HR     0.0         6 = FREEZING RAIN OR DRIZZLE
                        GRTST DEPTH:   0           7 = DUSTSTORM OR SANDSTORM:
                                                       VSBY 1/2 MILE OR LESS
                                                   8 = SMOKE OR HAZE
[NO. OF DAYS WITH]      [WEATHER - DAYS WITH]      9 = BLOWING SNOW
                                                   X = TORNADO
MAX 32 OR BELOW:   0    0.01 INCH OR MORE:   3
MAX 90 OR ABOVE:  13    0.10 INCH OR MORE:   1
MIN 32 OR BELOW:   0    0.50 INCH OR MORE:   1
MIN  0 OR BELOW:   0    1.00 INCH OR MORE:   0

[HDD (BASE 65) ]
TOTAL THIS MO.     0    CLEAR  (SCALE 0-3)  17
DPTR FM NORMAL     0    PTCLDY (SCALE 4-7)   4
TOTAL FM JUL 1     0    CLOUDY (SCALE 8-10)  0
DPTR FM NORMAL     0

[CDD (BASE 65) ]
TOTAL THIS MO.   321
DPTR FM NORMAL    41    [PRESSURE DATA]
TOTAL FM JAN 1  4043    HIGHEST SLP M ON M
DPTR FM NORMAL   -36    LOWEST  SLP 29.72 ON 13

[REMARKS]
