000
CXUS56 KMFR 201000
CF6MHS
PRELIMINARY LOCAL CLIMATOLOGICAL DATA (WS FORM: F-6)

                                          STATION:   MT SHASTA CITY CA
                                          MONTH:     APRIL
                                          YEAR:      2014
                                          LATITUDE:   41 19 N
                                          LONGITUDE: 122 19 W

  TEMPERATURE IN F:       :PCPN:    SNOW:  WIND      :SUNSHINE: SKY     :PK WND
================================================================================
1   2   3   4   5  6A  6B    7    8   9   10  11  12  13   14  15   16   17  18
                                     12Z  AVG MX 2MIN
DY MAX MIN AVG DEP HDD CDD  WTR  SNW DPTH SPD SPD DIR MIN PSBL S-S WX    SPD DR
================================================================================

 1  45  31  38  -7  27   0 0.03    M    M  1.3  8 140   M    M   7 1      14 150
 2  59  31  45   0  20   0 0.01    M    M  2.5  9 290   M    M   3 1      17 320
 3  46  33  40  -5  25   0 0.30    M    M  1.7  7 100   M    M  10 1      13 130
 4  52  33  43  -2  22   0 0.20    M    M  0.3  7 350   M    M   9 1      11  10
 5  61  29  45   0  20   0 0.00    M    M  3.1 10 300   M    M   6 12     17 290
 6  67  42  55  10  10   0 0.00    M    M  6.0 14 330   M    M   4        24 290
 7  77  32  55   9  10   0 0.00    M    M  1.2  8 300   M    M   0        11 280
 8  75  36  56  10   9   0 0.00    M    M  0.6  7 130   M    M   0        14 150
 9  74  40  57  11   8   0 0.00    M    M  1.5  7 210   M    M   1        14 140
10  76  37  57  11   8   0 0.00    M    M  1.2  6 220   M    M   1        13 140
11  79  39  59  13   6   0 0.00    M    M  2.9  9 310   M    M   0        15 350
12  77  43  60  14   5   0 0.00    M    M  5.1 13 300   M    M   0        22 300
13  72  35  54   8  11   0 0.00    M    M  3.0  8  50   M    M   0        13  30
14  76  33  55   8  10   0 0.00    M    M  1.5  8 280   M    M   0        13 280
15  68  39  54   7  11   0 0.00    M    M  6.9 16 300   M    M   1        27 330
16  68  41  55   8  10   0 0.00    M    M  6.7 15  10   M    M   0        25  10
17  68  38  53   6  12   0 0.02    M    M  5.4 15 350   M    M   4        27 350
18  69  38  54   6  11   0 0.00    M    M  2.8 10 300   M    M   3        16 300
19  71  32  52   4  13   0 0.00    M    M  3.2 15  10   M    M   0        26  10
================================================================================
SM 1280  682       248   0  0.56    M     56.9          M       49
================================================================================
AV 67.4 35.9                               3.0 FASTST   M    M   3    MAX(MPH)
                                 MISC ---->  # 16 300               # 27  330
================================================================================
NOTES:
# LAST OF SEVERAL OCCURRENCES

COLUMN 17 PEAK WIND IN M.P.H.

PRELIMINARY LOCAL CLIMATOLOGICAL DATA (WS FORM: F-6) , PAGE 2

                                          STATION:  MT SHASTA CITY CA
                                          MONTH:    APRIL
                                          YEAR:     2014
                                          LATITUDE:   41 19 N
                                          LONGITUDE: 122 19 W

[TEMPERATURE DATA]      [PRECIPITATION DATA]       SYMBOLS USED IN COLUMN 16

AVERAGE MONTHLY: 51.6   TOTAL FOR MONTH:   0.56    1 = FOG OR MIST
DPTR FM NORMAL:   5.5   DPTR FM NORMAL:   -1.43    2 = FOG REDUCING VISIBILITY
HIGHEST:    79 ON 11    GRTST 24HR  0.70 ON 31- 1      TO 1/4 MILE OR LESS
LOWEST:     29 ON  5                               3 = THUNDER
                        SNOW, ICE PELLETS, HAIL    4 = ICE PELLETS
                        TOTAL MONTH:    M          5 = HAIL
                        GRTST 24HR    M  ON   M    6 = FREEZING RAIN OR DRIZZLE
                        GRTST DEPTH:  M  ON   M    7 = DUSTSTORM OR SANDSTORM:
                                                       VSBY 1/2 MILE OR LESS
                                                   8 = SMOKE OR HAZE
[NO. OF DAYS WITH]      [WEATHER - DAYS WITH]      9 = BLOWING SNOW
                                                   X = TORNADO
MAX 32 OR BELOW:   0    0.01 INCH OR MORE:   5
MAX 90 OR ABOVE:   0    0.10 INCH OR MORE:   2
MIN 32 OR BELOW:   5    0.50 INCH OR MORE:   0
MIN  0 OR BELOW:   0    1.00 INCH OR MORE:   0

[HDD (BASE 65) ]
TOTAL THIS MO.   248    CLEAR  (SCALE 0-3)  13
DPTR FM NORMAL  -113    PTCLDY (SCALE 4-7)   4
TOTAL FM JUL 1  4468    CLOUDY (SCALE 8-10)  2
DPTR FM NORMAL  -572

[CDD (BASE 65) ]
TOTAL THIS MO.     0
DPTR FM NORMAL     0    [PRESSURE DATA]
TOTAL FM JAN 1     0    HIGHEST SLP  0.00 ON M
DPTR FM NORMAL     0    LOWEST  SLP  0.00 ON  1

[REMARKS]
