000
CXUS53 KMPX 211000
CF6MIC
PRELIMINARY LOCAL CLIMATOLOGICAL DATA (WS FORM: F-6)

                                          STATION:   MINNEAPOLIS CRYSTAL MN
                                          MONTH:     AUGUST
                                          YEAR:      2017
                                          LATITUDE:   45  4 N
                                          LONGITUDE:  93 21 W

  TEMPERATURE IN F:       :PCPN:    SNOW:  WIND      :SUNSHINE: SKY     :PK WND
================================================================================
1   2   3   4   5  6A  6B    7    8   9   10  11  12  13   14  15   16   17  18
                                     12Z  AVG MX 2MIN
DY MAX MIN AVG DEP HDD CDD  WTR  SNW DPTH SPD SPD DIR MIN PSBL S-S WX    SPD DR
================================================================================

 1  90  61  76   3   0  11    T    M    M  6.9 23 320   M    M   3        31 310
 2  83  64  74   1   0   9    T    M    M  7.7 15  30   M    M   2        21  40
 3  66  53  60 -13   5   0 0.51    M    M 13.2 24 350   M    M   9 138    32  10
 4  78  54  66  -7   0   1    T    M    M  8.9 17 290   M    M   4        23 280
 5  79  51  65  -8   0   0 0.20    M    M  2.7 15 240   M    M   3 3      19 240
 6  76  57  67  -6   0   2 0.01    M    M  2.7 14 150   M    M   4 3      17 160
 7  81  51  66  -7   0   1 0.00    M    M  2.0 13 330   M    M   2 12     16 340
 8  82  55  69  -4   0   4 0.00    M    M  4.6 16 260   M    M   1        21 250
 9  69  61  65  -8   0   0 1.21    M    M  7.2 18 170   M    M   6 13     27 290
10  74  57  66  -6   0   1 0.06    M    M  6.8 17 350   M    M   5 12     23 360
11  79  53  66  -6   0   1 0.00    M    M  4.9 14 350   M    M   3 12     19  10
12  78  52  65  -7   0   0 0.00    M    M  2.3  9 190   M    M   1 18     12 200
13  70  56  63  -9   2   0 0.73    M    M  6.5 23 160   M    M   8 13     30 130
14  76  58  67  -5   0   2 0.10    M    M  3.8 22 160   M    M   6 1      26 160
15  78  53  66  -6   0   1 0.00    M    M  5.5 14  90   M    M   1 12     18 160
16  77  64  71  -1   0   6 1.91    M    M  7.7 21 100   M    M   8 13     27 100
17  73  58  66  -6   0   1 0.12    M    M 11.1 24 320   M    M   9 18     33 320
18  74  56  65  -7   0   0 0.02    M    M  3.2 12 260   M    M   2 1      15 240
19  80  54  67  -4   0   2 0.00    M    M  4.5 13 200   M    M   0 128    16 160
20  85  64  75   4   0  10 0.00    M    M  5.8 12 330   M    M   2        19 280
================================================================================
SM 1548 1132         7  52  4.87    M    118.0          M       79
================================================================================
AV 77.4 56.6                               5.9 FASTST   M    M   4    MAX(MPH)
                                 MISC ---->  # 24 350               # 33  320
================================================================================
NOTES:
# LAST OF SEVERAL OCCURRENCES

COLUMN 17 PEAK WIND IN M.P.H.

PRELIMINARY LOCAL CLIMATOLOGICAL DATA (WS FORM: F-6) , PAGE 2

                                          STATION:  MINNEAPOLIS CRYSTAL MN
                                          MONTH:    AUGUST
                                          YEAR:     2017
                                          LATITUDE:   45  4 N
                                          LONGITUDE:  93 21 W

[TEMPERATURE DATA]      [PRECIPITATION DATA]       SYMBOLS USED IN COLUMN 16

AVERAGE MONTHLY: 67.0   TOTAL FOR MONTH:   4.87    1 = FOG OR MIST
DPTR FM NORMAL:  -5.3   DPTR FM NORMAL:    2.47    2 = FOG REDUCING VISIBILITY
HIGHEST:    90 ON  1    GRTST 24HR  1.91 ON 16-16      TO 1/4 MILE OR LESS
LOWEST:     51 ON  7, 5                            3 = THUNDER
                        SNOW, ICE PELLETS, HAIL    4 = ICE PELLETS
                        TOTAL MONTH:    M          5 = HAIL
                        GRTST 24HR    M  ON   M    6 = FREEZING RAIN OR DRIZZLE
                        GRTST DEPTH:  M  ON   M    7 = DUSTSTORM OR SANDSTORM:
                                                       VSBY 1/2 MILE OR LESS
                                                   8 = SMOKE OR HAZE
[NO. OF DAYS WITH]      [WEATHER - DAYS WITH]      9 = BLOWING SNOW
                                                   X = TORNADO
MAX 32 OR BELOW:   0    0.01 INCH OR MORE:  10
MAX 90 OR ABOVE:   1    0.10 INCH OR MORE:   7
MIN 32 OR BELOW:   0    0.50 INCH OR MORE:   4
MIN  0 OR BELOW:   0    1.00 INCH OR MORE:   2

[HDD (BASE 65) ]
TOTAL THIS MO.     7    CLEAR  (SCALE 0-3)   9
DPTR FM NORMAL     7    PTCLDY (SCALE 4-7)   8
TOTAL FM JUL 1     9    CLOUDY (SCALE 8-10)  3
DPTR FM NORMAL     3

[CDD (BASE 65) ]
TOTAL THIS MO.    52
DPTR FM NORMAL   -99    [PRESSURE DATA]
TOTAL FM JAN 1   466    HIGHEST SLP M ON M
DPTR FM NORMAL  -108    LOWEST  SLP 29.46 ON 16

[REMARKS]
