000
CXUS53 KIND 290730
CF6MIE
PRELIMINARY LOCAL CLIMATOLOGICAL DATA (WS FORM: F-6)

                                          STATION:   MUNCIE IN
                                          MONTH:     MAY
                                          YEAR:      2016
                                          LATITUDE:   40 13 N
                                          LONGITUDE:  85 23 W

  TEMPERATURE IN F:       :PCPN:    SNOW:  WIND      :SUNSHINE: SKY     :PK WND
================================================================================
1   2   3   4   5  6A  6B    7    8   9   10  11  12  13   14  15   16   17  18
                                     12Z  AVG MX 2MIN
DY MAX MIN AVG DEP HDD CDD  WTR  SNW DPTH SPD SPD DIR MIN PSBL S-S WX    SPD DR
================================================================================

 1  76  56  66   9   0   1 0.38    M    M  8.0 21  70   M    M   7 138    25  80
 2  57  52  55  -2  10   0 0.00    M    M  6.5 12  40   M    M  10 18     15  60
 3  62  51  57  -1   8   0    T    M    M  5.9 12 330   M    M   8 18     14 330
 4  56  41  49  -9  16   0 0.16    M    M 14.3 26 310   M    M   9 1      35 320
 5  65  41  53  -5  12   0 0.02    M    M 10.1 15  10   M    M   8 1      20  20
 6  71  42  57  -2   8   0 0.00    M    M  6.5 16 300   M    M   0        22 310
 7  76  48  62   3   3   0    T    M    M 11.3 25 300   M    M   1        32 310
 8  64  40  52  -7  13   0 0.00    M    M  4.4 15 250   M    M   2        18 260
 9  59  47  53  -7  12   0 0.39    M    M 10.1 20 110   M    M   9 1      26 110
10  75  56  66   6   0   1 0.02    M    M 10.3 18 180   M    M   7 18     25 190
11  79  59  69   9   0   4 0.00    M    M  3.6 12 120   M    M   6 18     14 120
12  79  59  69   9   0   4 0.71    M    M  8.6 18 280   M    M   5 13     24 280
13  67  52  60  -1   5   0    T    M    M  9.7 18 280   M    M   3        23 280
14  61  43  52  -9  13   0 0.29    M    M 13.8 26 310   M    M  10 1      36 310
15  56  39  48 -13  17   0 0.00    M    M  9.7 24 340   M    M   5        30 330
16  65  39  52 -10  13   0 0.00    M    M  7.5 18 200   M    M   2        22 190
17  59  51  55  -7  10   0 0.11    M    M  3.4  9 360   M    M  10 1      12 210
18  68  49  59  -3   6   0 0.02    M    M  8.5 20  20   M    M   3 18     24  40
19  71  40  56  -7   9   0 0.00    M    M  5.2 15  60   M    M   0        20  60
20  71  48  60  -3   5   0 0.14    M    M  9.5 16 120   M    M   3 1      20  80
21  72  52  62  -1   3   0 0.40    M    M  8.4 22  20   M    M   6 1      27  20
22  78  50  64   0   1   0 0.00    M    M  8.2 22  20   M    M   0        29  10
23  79  46  63  -1   2   0 0.00    M    M  3.2 12  80   M    M   0 18     16 120
24  84  56  70   6   0   5 0.00    M    M  6.2 12 250   M    M   0 8      17 240
25  87  64  76  11   0  11    T    M    M  8.6 18 250   M    M   3 8      24 190
26  81  68  75  10   0  10    T    M    M  8.2 15 190   M    M   3        31 110
27  89  65  77  12   0  12 0.00    M    M  9.4 18 190   M    M   1 1      26 210
28  86  72  79  13   0  14 0.01    M    M  9.5 21 170   M    M   4 3      28 180
================================================================================
SM 1993 1426       166  62  2.65    M    228.6          M      125
================================================================================
AV 71.2 50.9                               8.2 FASTST   M    M   4    MAX(MPH)
                                 MISC ---->  # 26 310               # 36  310
================================================================================
NOTES:
# LAST OF SEVERAL OCCURRENCES

COLUMN 17 PEAK WIND IN M.P.H.

PRELIMINARY LOCAL CLIMATOLOGICAL DATA (WS FORM: F-6) , PAGE 2

                                          STATION:  MUNCIE IN
                                          MONTH:    MAY
                                          YEAR:     2016
                                          LATITUDE:   40 13 N
                                          LONGITUDE:  85 23 W

[TEMPERATURE DATA]      [PRECIPITATION DATA]       SYMBOLS USED IN COLUMN 16

AVERAGE MONTHLY: 61.1   TOTAL FOR MONTH:   2.65    1 = FOG OR MIST
DPTR FM NORMAL:  -0.2   DPTR FM NORMAL:   -1.28    2 = FOG REDUCING VISIBILITY
HIGHEST:    89 ON 27    GRTST 24HR  0.71 ON 12-12      TO 1/4 MILE OR LESS
LOWEST:     39 ON 16,15                            3 = THUNDER
                        SNOW, ICE PELLETS, HAIL    4 = ICE PELLETS
                        TOTAL MONTH:    M          5 = HAIL
                        GRTST 24HR    M  ON   M    6 = FREEZING RAIN OR DRIZZLE
                        GRTST DEPTH:  M  ON   M    7 = DUSTSTORM OR SANDSTORM:
                                                       VSBY 1/2 MILE OR LESS
                                                   8 = SMOKE OR HAZE
[NO. OF DAYS WITH]      [WEATHER - DAYS WITH]      9 = BLOWING SNOW
                                                   X = TORNADO
MAX 32 OR BELOW:   0    0.01 INCH OR MORE:  12
MAX 90 OR ABOVE:   0    0.10 INCH OR MORE:   8
MIN 32 OR BELOW:   0    0.50 INCH OR MORE:   1
MIN  0 OR BELOW:   0    1.00 INCH OR MORE:   0

[HDD (BASE 65) ]
TOTAL THIS MO.   166    CLEAR  (SCALE 0-3)  12
DPTR FM NORMAL     7    PTCLDY (SCALE 4-7)  11
TOTAL FM JUL 1  4637    CLOUDY (SCALE 8-10)  5
DPTR FM NORMAL -1114

[CDD (BASE 65) ]
TOTAL THIS MO.    62
DPTR FM NORMAL     6    [PRESSURE DATA]
TOTAL FM JAN 1    72    HIGHEST SLP  0.00 ON M
DPTR FM NORMAL     1    LOWEST  SLP 29.64 ON  4

[REMARKS]
